321
CDUS41 KRNK 160930
CLIBLF


CLIMATE REPORT
NATIONAL WEATHER SERVICE BLACKSBURG VA
429 AM EST MON JAN 16 2017


...................................

...THE BLUEFIELD WV CLIMATE SUMMARY FOR JANUARY 15 2017...

CLIMATE NORMAL PERIOD 1981 TO 2010
CLIMATE RECORD PERIOD 1959 TO 2017


WEATHER ITEM   OBSERVED TIME   RECORD YEAR NORMAL DEPARTURE LAST
                VALUE   (LST)  VALUE       VALUE  FROM      YEAR
                                                  NORMAL
..................................................................
TEMPERATURE (F)
 YESTERDAY
  MAXIMUM         48    559 PM  65    2007  42      6       48
  MINIMUM         41    933 AM  -9    1994  26     15       33
  AVERAGE         45                        34     11       41

PRECIPITATION (IN)
  YESTERDAY        0.10          1.46 1995   0.10   0.00     0.28
  MONTH TO DATE    1.77                      1.42   0.35     0.60
  SINCE DEC 1      4.97                      4.33   0.64     4.43
  SINCE JAN 1      1.77                      1.42   0.35     0.60

SNOWFALL (IN)
  YESTERDAY        0.0                                       0.0
  MONTH TO DATE    3.8                                       1.7
  SINCE DEC 1      9.7                                       1.8
  SINCE JUL 1      9.7                                       1.8
  SNOW DEPTH       0

DEGREE DAYS
 HEATING
  YESTERDAY       20                        31    -11       24
  MONTH TO DATE  441                       465    -24      470
  SINCE DEC 1   1365                      1327     38      867
  SINCE JUL 1   2141                      2230    -89     1589

 COOLING
  YESTERDAY        0                         0      0        0
  MONTH TO DATE    0                         0      0        0
  SINCE DEC 1      0                         0      0        3
  SINCE JAN 1      0                         0      0        0
..................................................................


WIND (MPH)
  HIGHEST WIND SPEED    13   HIGHEST WIND DIRECTION     W (290)
  HIGHEST GUST SPEED    17   HIGHEST GUST DIRECTION     W (290)
  AVERAGE WIND SPEED     4.0


SKY COVER
  AVERAGE SKY COVER 1.0


WEATHER CONDITIONS
 THE FOLLOWING WEATHER WAS RECORDED YESTERDAY.
  LIGHT RAIN
  FOG
  FOG W/VISIBILITY <= 1/4 MILE


RELATIVE HUMIDITY (PERCENT)
 HIGHEST   100           700 AM
 LOWEST     92           300 AM
 AVERAGE    96

..........................................................


THE BLUEFIELD WV CLIMATE NORMALS FOR TODAY
                         NORMAL    RECORD    YEAR
 MAXIMUM TEMPERATURE (F)   42        60      1990
 MINIMUM TEMPERATURE (F)   26       -13      1972


SUNRISE AND SUNSET
JANUARY 16 2017.......SUNRISE   737 AM EST   SUNSET   532 PM EST
JANUARY 17 2017.......SUNRISE   737 AM EST   SUNSET   533 PM EST


-  INDICATES NEGATIVE NUMBERS.
R  INDICATES RECORD WAS SET OR TIED.
MM INDICATES DATA IS MISSING.
T  INDICATES TRACE AMOUNT.




$$
