000
CDUS41 KRNK 212130
CLIBLF


CLIMATE REPORT
NATIONAL WEATHER SERVICE BLACKSBURG VA
527 PM EDT THU AUG 21 2014


...................................

...THE BLUEFIELD WV CLIMATE SUMMARY FOR AUGUST 21 2014...
VALID TODAY AS OF 0500 PM LOCAL TIME.

CLIMATE NORMAL PERIOD 1981 TO 2010
CLIMATE RECORD PERIOD 1959 TO 2014


WEATHER ITEM   OBSERVED TIME   RECORD YEAR NORMAL DEPARTURE LAST
                VALUE   (LST)  VALUE       VALUE  FROM      YEAR
                                                  NORMAL
..................................................................
TEMPERATURE (F)
 TODAY
  MAXIMUM         83    323 PM  93    1983  81      2       79
  MINIMUM         63    559 AM  52    2001  64     -1       62
  AVERAGE         73                        72      1

PRECIPITATION (IN)
  TODAY            0.07          1.14 1980   0.09  -0.02     0.60
  MONTH TO DATE    5.92                      2.29   3.63     2.38
  SINCE JUN 1     12.47                     10.60   1.87    11.33
  SINCE JAN 1     24.13                     27.42  -3.29    29.86

SNOWFALL (IN)
  TODAY            0.0
  MONTH TO DATE    0.0
  SINCE JUN 1      0.0
  SINCE JUL 1      0.0
  SNOW DEPTH       0

DEGREE DAYS
 HEATING
  TODAY            0                         0      0
  MONTH TO DATE    2                         0      2
  SINCE JUN 1     12                        24    -12
  SINCE JUL 1     10                         2      8

 COOLING
  TODAY            8                         7      1
  MONTH TO DATE   93                       164    -71
  SINCE JUN 1    508                       578    -70
  SINCE JAN 1    637                       669    -32
..................................................................


WIND (MPH)
  HIGHEST WIND SPEED    24   HIGHEST WIND DIRECTION     W (250)
  HIGHEST GUST SPEED    32   HIGHEST GUST DIRECTION     W (270)
  AVERAGE WIND SPEED     7.6


SKY COVER
  POSSIBLE SUNSHINE  MM
  AVERAGE SKY COVER 0.1


WEATHER CONDITIONS
 THE FOLLOWING WEATHER WAS RECORDED TODAY.
  THUNDERSTORM
  LIGHT RAIN


RELATIVE HUMIDITY (PERCENT)
 HIGHEST    87           300 AM
 LOWEST     51           100 PM
 AVERAGE    69

..........................................................


THE BLUEFIELD WV CLIMATE NORMALS FOR TOMORROW
                         NORMAL    RECORD    YEAR
 MAXIMUM TEMPERATURE (F)   81        92      1983
 MINIMUM TEMPERATURE (F)   63        48      1985


SUNRISE AND SUNSET
AUGUST 21 2014........SUNRISE   646 AM EDT   SUNSET   809 PM EDT
AUGUST 22 2014........SUNRISE   647 AM EDT   SUNSET   808 PM EDT


-  INDICATES NEGATIVE NUMBERS.
R  INDICATES RECORD WAS SET OR TIED.
MM INDICATES DATA IS MISSING.
T  INDICATES TRACE AMOUNT.

REMARKS

DUE TO A POWER FAILURE CAUSING A MISSING LOW TEMPERATURE ON
MAY 30...THE SEASONAL TOTAL AND DEPARTURE FROM NORMAL FOR CDD
WILL BE CALCULATED WITHOUT DATA FROM THAT DATE.

$$

MBS
