000
CDUS41 KRNK 202207
CLIBLF


CLIMATE REPORT
NATIONAL WEATHER SERVICE BLACKSBURG VA
506 PM EST MON FEB 20 2017


...................................

...THE BLUEFIELD WV CLIMATE SUMMARY FOR FEBRUARY 20 2017...
VALID TODAY AS OF 0500 PM LOCAL TIME.

CLIMATE NORMAL PERIOD 1981 TO 2010
CLIMATE RECORD PERIOD 1959 TO 2017


WEATHER ITEM   OBSERVED TIME   RECORD YEAR NORMAL DEPARTURE LAST
                VALUE   (LST)  VALUE       VALUE  FROM      YEAR
                                                  NORMAL
..................................................................
TEMPERATURE (F)
 TODAY
  MAXIMUM         67R   248 PM  67    1986  47     20       58
  MINIMUM         38    236 AM  -7    2015  30      8       45
  AVERAGE         53                        38     15       52

PRECIPITATION (IN)
  TODAY            0.00          0.52 1967   0.10  -0.10      T
  MONTH TO DATE    0.70                      1.94  -1.24     1.67
  SINCE DEC 1      8.15                      7.75   0.40     7.35
  SINCE JAN 1      4.95                      4.84   0.11     3.52

SNOWFALL (IN)
  TODAY            0.0                                       0.0
  MONTH TO DATE    0.9                                      12.4
  SINCE DEC 1     17.2                                      31.1
  SINCE JUL 1     17.2                                      31.1
  SNOW DEPTH       0

DEGREE DAYS
 HEATING
  TODAY           12                        27    -15       13
  MONTH TO DATE  489                       569    -80      684
  SINCE DEC 1   2230                      2386   -156     1873
  SINCE JUL 1   3006                      3289   -283     2595

 COOLING
  TODAY            0                         0      0        0
  MONTH TO DATE    0                         0      0        0
  SINCE DEC 1      0                         0      0        3
  SINCE JAN 1      0                         0      0        0
..................................................................


WIND (MPH)
  HIGHEST WIND SPEED     9   HIGHEST WIND DIRECTION     E (70)
  HIGHEST GUST SPEED    13   HIGHEST GUST DIRECTION    NE (40)
  AVERAGE WIND SPEED     5.0


SKY COVER
  AVERAGE SKY COVER 0.0


WEATHER CONDITIONS
 THE FOLLOWING WEATHER WAS RECORDED TODAY.
  FOG


RELATIVE HUMIDITY (PERCENT)
 HIGHEST    93           500 AM
 LOWEST     20           300 PM
 AVERAGE    57

..........................................................


THE BLUEFIELD WV CLIMATE NORMALS FOR TOMORROW
                         NORMAL    RECORD    YEAR
 MAXIMUM TEMPERATURE (F)   47        65      1996
 MINIMUM TEMPERATURE (F)   30         1      1963


SUNRISE AND SUNSET
FEBRUARY 20 2017......SUNRISE   707 AM EST   SUNSET   610 PM EST
FEBRUARY 21 2017......SUNRISE   706 AM EST   SUNSET   611 PM EST


-  INDICATES NEGATIVE NUMBERS.
R  INDICATES RECORD WAS SET OR TIED.
MM INDICATES DATA IS MISSING.
T  INDICATES TRACE AMOUNT.


REMARKS:
DUE TO A POWER OUTAGE CAUSING A MISSING HIGH TEMPERATURE ON NOVEMBER
10...THE SEASONAL HEATING DEGREE DAY TOTAL AND DEPARTURE FROM
NORMAL WILL BE CALCULATED WITHOUT DATA FROM THIS DATE.


$$

PW
