000
CDUS41 KRNK 220913
CLIBLF


CLIMATE REPORT
NATIONAL WEATHER SERVICE BLACKSBURG VA
509 AM EDT MON SEP 22 2014


...................................

...THE BLUEFIELD WV CLIMATE SUMMARY FOR SEPTEMBER 21 2014...

CLIMATE NORMAL PERIOD 1981 TO 2010
CLIMATE RECORD PERIOD 1959 TO 2014


WEATHER ITEM   OBSERVED TIME   RECORD YEAR NORMAL DEPARTURE LAST
                VALUE   (LST)  VALUE       VALUE  FROM      YEAR
                                                  NORMAL
..................................................................
TEMPERATURE (F)
 YESTERDAY
  MAXIMUM         75   1154 AM  86    2010  73      2       68
  MINIMUM         58    328 AM  36    1962  55      3       56
  AVERAGE         67                        64      3

PRECIPITATION (IN)
  YESTERDAY        0.11          1.36 1979   0.11   0.00     0.43
  MONTH TO DATE    2.30                      2.19   0.11     1.46
  SINCE SEP 1      2.30                      2.19   0.11     1.46
  SINCE JAN 1     26.92                     30.58  -3.66    31.68

SNOWFALL (IN)
  YESTERDAY        0.0
  MONTH TO DATE    0.0
  SINCE SEP 1      0.0
  SINCE JUL 1      0.0
  SNOW DEPTH       0

DEGREE DAYS
 HEATING
  YESTERDAY        0                         3     -3
  MONTH TO DATE   20                        32    -12
  SINCE SEP 1     20                        32    -12
  SINCE JUL 1     30                        38     -8

 COOLING
  YESTERDAY        2                         2      0
  MONTH TO DATE   98                        83     15
  SINCE SEP 1     98                        83     15
  SINCE JAN 1    811                       817     -6
..................................................................


WIND (MPH)
  HIGHEST WIND SPEED    21   HIGHEST WIND DIRECTION     W (270)
  HIGHEST GUST SPEED    29   HIGHEST GUST DIRECTION     W (280)
  AVERAGE WIND SPEED     9.3


SKY COVER
  POSSIBLE SUNSHINE  MM
  AVERAGE SKY COVER 0.5


WEATHER CONDITIONS
 THE FOLLOWING WEATHER WAS RECORDED YESTERDAY.
  HEAVY RAIN
  RAIN
  LIGHT RAIN
  FOG


RELATIVE HUMIDITY (PERCENT)
 HIGHEST    84           500 PM
 LOWEST     64          1100 AM
 AVERAGE    74

..........................................................


THE BLUEFIELD WV CLIMATE NORMALS FOR TODAY
                         NORMAL    RECORD    YEAR
 MAXIMUM TEMPERATURE (F)   72        85      2010
                                             2005
 MINIMUM TEMPERATURE (F)   55        36      1983


SUNRISE AND SUNSET
SEPTEMBER 22 2014.....SUNRISE   713 AM EDT   SUNSET   722 PM EDT
SEPTEMBER 23 2014.....SUNRISE   713 AM EDT   SUNSET   720 PM EDT


-  INDICATES NEGATIVE NUMBERS.
R  INDICATES RECORD WAS SET OR TIED.
MM INDICATES DATA IS MISSING.
T  INDICATES TRACE AMOUNT.

REMARKS:
DUE TO A POWER FAILURE CAUSING A MISSING LOW TEMPERATURE ON
MAY 30...THE SEASONAL TOTAL AND DEPARTURE FROM NORMAL FOR CDD
WILL BE CALCULATED WITHOUT DATA FROM THAT DATE.


$$
