000
CDUS41 KRNK 232109
CLIBLF


CLIMATE REPORT
NATIONAL WEATHER SERVICE BLACKSBURG VA
507 PM EDT SAT SEP 23 2017


...................................

...THE BLUEFIELD WV CLIMATE SUMMARY FOR SEPTEMBER 23 2017...
VALID TODAY AS OF 0500 PM LOCAL TIME.

CLIMATE NORMAL PERIOD 1981 TO 2010
CLIMATE RECORD PERIOD 1959 TO 2017


WEATHER ITEM   OBSERVED TIME   RECORD YEAR NORMAL DEPARTURE LAST
                VALUE   (LST)  VALUE       VALUE  FROM      YEAR
                                                  NORMAL
..................................................................
TEMPERATURE (F)
 TODAY
  MAXIMUM         80    349 PM  89    2010  72      8       81
  MINIMUM         59    638 AM  33    1989  55      4       58
  AVERAGE         70                        63      7       70

PRECIPITATION (IN)
  TODAY            0.00          1.71 1975   0.10  -0.10     0.00
  MONTH TO DATE    0.84                      2.39  -1.55     0.69
  SINCE SEP 1      0.84                      2.39  -1.55     0.69
  SINCE JAN 1     32.90                     30.78   2.12    27.58

SNOWFALL (IN)
  TODAY            0.0                                       0.0
  MONTH TO DATE    0.0                                       0.0
  SINCE SEP 1      0.0                                       0.0
  SINCE JUL 1      0.0                                       0.0
  SNOW DEPTH       0

DEGREE DAYS
 HEATING
  TODAY            0                         4     -4        0
  MONTH TO DATE  102                        40     62        8
  SINCE SEP 1    102                        40     62        8
  SINCE JUL 1    128                        46     82        8

 COOLING
  TODAY            5                         2      3        5
  MONTH TO DATE   25                        87    -62      100
  SINCE SEP 1     25                        87    -62      100
  SINCE JAN 1    449                       821   -372      708
..................................................................


WIND (MPH)
  HIGHEST WIND SPEED    13   HIGHEST WIND DIRECTION     E (90)
  HIGHEST GUST SPEED    20   HIGHEST GUST DIRECTION     E (100)
  AVERAGE WIND SPEED     2.5


SKY COVER
  AVERAGE SKY COVER 0.0


WEATHER CONDITIONS
 THE FOLLOWING WEATHER WAS RECORDED TODAY.
  FOG


RELATIVE HUMIDITY (PERCENT)
 HIGHEST    97           400 AM
 LOWEST     30           200 PM
 AVERAGE    64

..........................................................


THE BLUEFIELD WV CLIMATE NORMALS FOR TOMORROW
                         NORMAL    RECORD    YEAR
 MAXIMUM TEMPERATURE (F)   72        88      2007
 MINIMUM TEMPERATURE (F)   54        30      1989


SUNRISE AND SUNSET
SEPTEMBER 23 2017.....SUNRISE   714 AM EDT   SUNSET   720 PM EDT
SEPTEMBER 24 2017.....SUNRISE   714 AM EDT   SUNSET   718 PM EDT


-  INDICATES NEGATIVE NUMBERS.
R  INDICATES RECORD WAS SET OR TIED.
MM INDICATES DATA IS MISSING.
T  INDICATES TRACE AMOUNT.


$$

PW
