000
CDUS41 KRNK 280151
CLIBLF

CLIMATE REPORT
NATIONAL WEATHER SERVICE BLACKSBURG VA
515 PM EDT WED JUL 27 2016


...................................

...THE BLUEFIELD WV CLIMATE SUMMARY FOR JULY 27 2016...
VALID TODAY AS OF 0500 PM LOCAL TIME.

CLIMATE NORMAL PERIOD 1981 TO 2010
CLIMATE RECORD PERIOD 1959 TO 2016


WEATHER ITEM   OBSERVED TIME   RECORD YEAR NORMAL DEPARTURE LAST
                VALUE   (LST)  VALUE       VALUE  FROM      YEAR
                                                  NORMAL
..................................................................
TEMPERATURE (F)
 TODAY
  MAXIMUM         85   1258 PM  89    1966  81      4       83
  MINIMUM         69    358 AM  47    1962  65      4       69
  AVERAGE         77                        73      4       76

PRECIPITATION (IN)
  TODAY            0.08          0.87 1992   0.13  -0.05     0.31
  MONTH TO DATE    4.09                      3.68   0.41     5.12
  SINCE JUN 1      7.49                      7.82  -0.33     8.35
  SINCE JAN 1     22.25                     24.64  -2.39    24.14

SNOWFALL (IN)
  TODAY            0.0                                       0.0
  MONTH TO DATE    0.0                                       0.0
  SINCE JUN 1      0.0                                       0.0
  SINCE JUL 1      0.0                                       0.0
  SNOW DEPTH       0

DEGREE DAYS
 HEATING
  TODAY            0                         0      0        0
  MONTH TO DATE    0                         0      0        0
  SINCE JUN 1     16                        22     -6        3
  SINCE JUL 1      0                         0      0        0

 COOLING
  TODAY           12                         8      4       11
  MONTH TO DATE  206                       216    -10      236
  SINCE JUN 1    329                       382    -53      476
  SINCE JAN 1    356                       473   -117      633
..................................................................


WIND (MPH)
  HIGHEST WIND SPEED    16   HIGHEST WIND DIRECTION     W (260)
  HIGHEST GUST SPEED    20   HIGHEST GUST DIRECTION     W (260)
  AVERAGE WIND SPEED     4.6


SKY COVER
  AVERAGE SKY COVER 0.2


WEATHER CONDITIONS
 THE FOLLOWING WEATHER WAS RECORDED TODAY.
  THUNDERSTORM
  LIGHT RAIN
  FOG


RELATIVE HUMIDITY (PERCENT)
 HIGHEST    97           300 AM
 LOWEST     55          1200 PM
 AVERAGE    76

..........................................................


THE BLUEFIELD WV CLIMATE NORMALS FOR TOMORROW
                         NORMAL    RECORD    YEAR
 MAXIMUM TEMPERATURE (F)   81        90      2011
                                             1993
 MINIMUM TEMPERATURE (F)   65        54      1962


SUNRISE AND SUNSET
JULY 27 2016..........SUNRISE   626 AM EDT   SUNSET   836 PM EDT
JULY 28 2016..........SUNRISE   627 AM EDT   SUNSET   836 PM EDT


-  INDICATES NEGATIVE NUMBERS.
R  INDICATES RECORD WAS SET OR TIED.
MM INDICATES DATA IS MISSING.
T  INDICATES TRACE AMOUNT.


$$

PW
