000
CDUS41 KRNK 300921
CLIBLF


CLIMATE REPORT
NATIONAL WEATHER SERVICE BLACKSBURG VA
517 AM EDT TUE SEP 30 2014


...................................

...THE BLUEFIELD WV CLIMATE SUMMARY FOR SEPTEMBER 29 2014...

CLIMATE NORMAL PERIOD 1981 TO 2010
CLIMATE RECORD PERIOD 1959 TO 2014


WEATHER ITEM   OBSERVED TIME   RECORD YEAR NORMAL DEPARTURE LAST
                VALUE   (LST)  VALUE       VALUE  FROM      YEAR
                                                  NORMAL
..................................................................
TEMPERATURE (F)
 YESTERDAY
  MAXIMUM         74    332 PM  82    1986  70      4       70
  MINIMUM         59   1159 PM  33    1967  52      7       51
  AVERAGE         67                        61      6

PRECIPITATION (IN)
  YESTERDAY        0.11          1.93 1972   0.11   0.00     0.00
  MONTH TO DATE    2.41                      3.03  -0.62     1.49
  SINCE SEP 1      2.41                      3.03  -0.62     1.49
  SINCE JAN 1     27.03                     31.42  -4.39    31.71

SNOWFALL (IN)
  YESTERDAY        0.0
  MONTH TO DATE    0.0
  SINCE SEP 1      0.0
  SINCE JUL 1      0.0
  SNOW DEPTH       0

DEGREE DAYS
 HEATING
  YESTERDAY        0                         5     -5
  MONTH TO DATE   48                        68    -20
  SINCE SEP 1     48                        68    -20
  SINCE JUL 1     58                        74    -16

 COOLING
  YESTERDAY        2                         2      0
  MONTH TO DATE  105                        99      6
  SINCE SEP 1    105                        99      6
  SINCE JAN 1    818                       833    -15
..................................................................


WIND (MPH)
  HIGHEST WIND SPEED    10   HIGHEST WIND DIRECTION     W (250)
  HIGHEST GUST SPEED    13   HIGHEST GUST DIRECTION     W (250)
  AVERAGE WIND SPEED     4.5


SKY COVER
  POSSIBLE SUNSHINE  MM
  AVERAGE SKY COVER 0.4


WEATHER CONDITIONS
 THE FOLLOWING WEATHER WAS RECORDED YESTERDAY.
  LIGHT RAIN


RELATIVE HUMIDITY (PERCENT)
 HIGHEST    90           700 AM
 LOWEST     53           200 PM
 AVERAGE    72

..........................................................


THE BLUEFIELD WV CLIMATE NORMALS FOR TODAY
                         NORMAL    RECORD    YEAR
 MAXIMUM TEMPERATURE (F)   70        80      1986
 MINIMUM TEMPERATURE (F)   52        31      1967


SUNRISE AND SUNSET
SEPTEMBER 30 2014.....SUNRISE   719 AM EDT   SUNSET   710 PM EDT
OCTOBER  1 2014.......SUNRISE   720 AM EDT   SUNSET   708 PM EDT


-  INDICATES NEGATIVE NUMBERS.
R  INDICATES RECORD WAS SET OR TIED.
MM INDICATES DATA IS MISSING.
T  INDICATES TRACE AMOUNT.


REMARKS:
DUE TO A POWER FAILURE CAUSING A MISSING LOW TEMPERATURE ON
MAY 30...THE SEASONAL TOTAL AND DEPARTURE FROM NORMAL FOR CDD
WILL BE CALCULATED WITHOUT DATA FROM THAT DATE.


$$
