000
CDUS41 KRNK 040948
CLIBLF


CLIMATE REPORT
NATIONAL WEATHER SERVICE BLACKSBURG VA
443 AM EST WED MAR 4 2015


...................................

...THE BLUEFIELD WV CLIMATE SUMMARY FOR MARCH 3 2015...

CLIMATE NORMAL PERIOD 1981 TO 2010
CLIMATE RECORD PERIOD 1959 TO 2015


WEATHER ITEM   OBSERVED TIME   RECORD YEAR NORMAL DEPARTURE LAST
                VALUE   (LST)  VALUE       VALUE  FROM      YEAR
                                                  NORMAL
..................................................................
TEMPERATURE (F)
 YESTERDAY
  MAXIMUM         56   1147 PM  74    1974  50      6       49
  MINIMUM         31    116 AM  -2    1980  33     -2       12
  AVERAGE         44                        41      3

PRECIPITATION (IN)
  YESTERDAY        0.05          1.39 1997   0.11  -0.06     0.63
  MONTH TO DATE    0.25                      0.33  -0.08     0.91
  SINCE MAR 1      0.25                      0.33  -0.08     0.91
  SINCE JAN 1      3.81                      5.99  -2.18     5.04

SNOWFALL (IN)
  YESTERDAY        0
  MONTH TO DATE    T
  SINCE MAR 1      T
  SINCE JUL 1     36.6
  SNOW DEPTH       T

DEGREE DAYS
 HEATING
  YESTERDAY       21                        24     -3
  MONTH TO DATE   69                        72     -3
  SINCE MAR 1     69                        72     -3
  SINCE JUL 1   3989                      3565    424

 COOLING
  YESTERDAY        0                         0      0
  MONTH TO DATE    0                         0      0
  SINCE MAR 1      0                         0      0
  SINCE JAN 1      0                         0      0
..................................................................


WIND (MPH)
  HIGHEST WIND SPEED    21   HIGHEST WIND DIRECTION    SE (150)
  HIGHEST GUST SPEED    34   HIGHEST GUST DIRECTION     S (160)
  AVERAGE WIND SPEED     9.0


SKY COVER
  POSSIBLE SUNSHINE  MM
  AVERAGE SKY COVER 0.8


WEATHER CONDITIONS
 THE FOLLOWING WEATHER WAS RECORDED YESTERDAY.
  LIGHT RAIN
  FOG


RELATIVE HUMIDITY (PERCENT)
 HIGHEST    83           900 PM
 LOWEST     44           300 AM
 AVERAGE    64

..........................................................


THE BLUEFIELD WV CLIMATE NORMALS FOR TODAY
                         NORMAL    RECORD    YEAR
 MAXIMUM TEMPERATURE (F)   50        77      1976
 MINIMUM TEMPERATURE (F)   33         5      1960


SUNRISE AND SUNSET
MARCH  4 2015.........SUNRISE   652 AM EST   SUNSET   621 PM EST
MARCH  5 2015.........SUNRISE   651 AM EST   SUNSET   622 PM EST


-  INDICATES NEGATIVE NUMBERS.
R  INDICATES RECORD WAS SET OR TIED.
MM INDICATES DATA IS MISSING.
T  INDICATES TRACE AMOUNT.




$$
