000
CDUS41 KRNK 260927
CLIBLF


CLIMATE REPORT
NATIONAL WEATHER SERVICE BLACKSBURG VA
524 AM EDT FRI MAY 26 2017


...................................

...THE BLUEFIELD WV CLIMATE SUMMARY FOR MAY 25 2017...

CLIMATE NORMAL PERIOD 1981 TO 2010
CLIMATE RECORD PERIOD 1959 TO 2017


WEATHER ITEM   OBSERVED TIME   RECORD YEAR NORMAL DEPARTURE LAST
                VALUE   (LST)  VALUE       VALUE  FROM      YEAR
                                                  NORMAL
..................................................................
TEMPERATURE (F)
 YESTERDAY
  MAXIMUM         56   1030 AM  85    2012  74    -18       76
                                      1991
  MINIMUM         48    603 AM  35    1979  55     -7       55
  AVERAGE         52                        65    -13       66

PRECIPITATION (IN)
  YESTERDAY        0.41          0.72 2009   0.15   0.26     0.00
  MONTH TO DATE    6.43                      3.40   3.03     6.22
  SINCE MAR 1     14.64                     10.25   4.39     9.90
  SINCE JAN 1     20.45                     15.91   4.54    14.72

SNOWFALL (IN)
  YESTERDAY       MM                                         0.0
  MONTH TO DATE    0.0                                       0.0
  SINCE MAR 1      3.3                                       2.6
  SINCE JUL 1     20.5                                      34.8
  SNOW DEPTH       0

DEGREE DAYS
 HEATING
  YESTERDAY       13                         3     10        0
  MONTH TO DATE  181                       121     60      231
  SINCE MAR 1   1123                      1058     65     1053
  SINCE JUL 1   4255                      4551   -296     3866

 COOLING
  YESTERDAY        0                         3     -3        1
  MONTH TO DATE   28                        44    -16        5
  SINCE MAR 1     50                        72    -22       10
  SINCE JAN 1     50                        72    -22       10
..................................................................


WIND (MPH)
  HIGHEST WIND SPEED    24   HIGHEST WIND DIRECTION     W (280)
  HIGHEST GUST SPEED    38   HIGHEST GUST DIRECTION     W (270)
  AVERAGE WIND SPEED    13.1


SKY COVER
  AVERAGE SKY COVER 0.9


WEATHER CONDITIONS
 THE FOLLOWING WEATHER WAS RECORDED YESTERDAY.
  RAIN
  LIGHT RAIN
  FOG


RELATIVE HUMIDITY (PERCENT)
 HIGHEST   100           900 PM
 LOWEST     66           900 AM
 AVERAGE    83

..........................................................


THE BLUEFIELD WV CLIMATE NORMALS FOR TODAY
                         NORMAL    RECORD    YEAR
 MAXIMUM TEMPERATURE (F)   74        86      2012
                                             1991
 MINIMUM TEMPERATURE (F)   56        35      1988


SUNRISE AND SUNSET
MAY 26 2017...........SUNRISE   608 AM EDT   SUNSET   836 PM EDT
MAY 27 2017...........SUNRISE   608 AM EDT   SUNSET   836 PM EDT


-  INDICATES NEGATIVE NUMBERS.
R  INDICATES RECORD WAS SET OR TIED.
MM INDICATES DATA IS MISSING.
T  INDICATES TRACE AMOUNT.

REMARKS:
DUE TO A POWER OUTAGE CAUSING A MISSING HIGH TEMPERATURE ON NOVEMBER 10...
THE SEASONAL HEATING DEGREE DAY TOTAL AND DEPARTURE FROM NORMAL WILL BE
CALCULATED WITHOUT DATA FROM THIS DATE.

$$

RAB
