000
CDUS46 KSEW 070829
CLIBLI


CLIMATE REPORT
NATIONAL WEATHER SERVICE SEATTLE WA
1229 AM PST WED DEC 7 2016


...................................

...THE BELLINGHAM WA AIRPORT CLIMATE SUMMARY FOR DECEMBER 6 2016...

CLIMATE NORMAL PERIOD 1981 TO 2010
CLIMATE RECORD PERIOD 1949 TO 2016


WEATHER ITEM   OBSERVED TIME   RECORD YEAR NORMAL DEPARTURE LAST
                VALUE   (LST)  VALUE       VALUE  FROM      YEAR
                                                  NORMAL
..................................................................
TEMPERATURE (F)
 YESTERDAY
  MAXIMUM         36    141 PM  58    1987  45     -9       55
                                      1973
  MINIMUM         26   1159 PM  12    1980  33     -7       50
  AVERAGE         31                        39     -8       53

PRECIPITATION (IN)
  YESTERDAY        0.00          1.27 1987   0.16  -0.16     0.05
  MONTH TO DATE    1.00                      0.98   0.02     0.67
  SINCE OCT 1     16.16                     10.46   5.70     8.64
  SINCE JAN 1     35.57                     32.59   2.98    28.22

DEGREE DAYS
 HEATING
  YESTERDAY       34                        26      8       12
  MONTH TO DATE  154                       154      0       88
  SINCE DEC 1    154                       154      0       88

 COOLING
  YESTERDAY        0                         0      0        0
  MONTH TO DATE    0                         0      0        0
  SINCE DEC 1      0                         0      0        0
  SINCE JAN 1    101                        42     59      193
..................................................................


WIND (MPH)
  RESULTANT WIND SPEED  15   RESULTANT WIND DIRECTION   N (20)
  HIGHEST WIND SPEED    25   HIGHEST WIND DIRECTION     N (20)
  HIGHEST GUST SPEED    36   HIGHEST GUST DIRECTION     N (20)
  AVERAGE WIND SPEED    15.8


SKY COVER
  AVERAGE SKY COVER 0.0


WEATHER CONDITIONS
 THE FOLLOWING WEATHER WAS RECORDED YESTERDAY.
  NO SIGNIFICANT WEATHER WAS OBSERVED.


RELATIVE HUMIDITY (PERCENT)
 HIGHEST    69          1200 AM
 LOWEST     38          1200 PM
 AVERAGE    54

..........................................................


THE BELLINGHAM WA AIRPORT CLIMATE NORMALS FOR TODAY
                         NORMAL    RECORD    YEAR
 MAXIMUM TEMPERATURE (F)   45        57      1990
 MINIMUM TEMPERATURE (F)   33         8      1980


SUNRISE AND SUNSET
DECEMBER  7 2016......SUNRISE   750 AM PST   SUNSET   414 PM PST
DECEMBER  8 2016......SUNRISE   751 AM PST   SUNSET   414 PM PST


-  INDICATES NEGATIVE NUMBERS.
R  INDICATES RECORD WAS SET OR TIED.
MM INDICATES DATA IS MISSING.
T  INDICATES TRACE AMOUNT.




$$
