585
CDUS46 KSEW 190842
CLIBLI


CLIMATE REPORT
NATIONAL WEATHER SERVICE SEATTLE WA
1242 AM PST SUN FEB 19 2017


...................................

...THE BELLINGHAM WA AIRPORT CLIMATE SUMMARY FOR FEBRUARY 18 2017...

CLIMATE NORMAL PERIOD 1981 TO 2010
CLIMATE RECORD PERIOD 1949 TO 2017


WEATHER ITEM   OBSERVED TIME   RECORD YEAR NORMAL DEPARTURE LAST
                VALUE   (LST)  VALUE       VALUE  FROM      YEAR
                                                  NORMAL
..................................................................
TEMPERATURE (F)
 YESTERDAY
  MAXIMUM         44    340 PM  65    1958  49     -5       52
  MINIMUM         38    638 AM  12    1986  33      5       46
  AVERAGE         41                        41      0       49

PRECIPITATION (IN)
  YESTERDAY        0.13          1.21 1995   0.11   0.02     0.27
  MONTH TO DATE    3.62                      1.99   1.63     5.17
  SINCE OCT 1     24.41                     20.36   4.05    22.35
  SINCE JAN 1      5.29                      6.66  -1.37     8.28

DEGREE DAYS
 HEATING
  YESTERDAY       24                        24      0       16
  MONTH TO DATE  473                       443     30      337
  SINCE DEC 1   2330                      2077    253     1775

 COOLING
  YESTERDAY        0                         0      0        0
  MONTH TO DATE    0                         0      0        0
  SINCE DEC 1      0                         0      0        0
  SINCE JAN 1      0                         0      0        0
..................................................................


WIND (MPH)
  RESULTANT WIND SPEED   1   RESULTANT WIND DIRECTION  NW (310)
  HIGHEST WIND SPEED     8   HIGHEST WIND DIRECTION    NW (320)
  HIGHEST GUST SPEED    10   HIGHEST GUST DIRECTION    NW (320)
  AVERAGE WIND SPEED     1.1


SKY COVER
  AVERAGE SKY COVER 0.9


WEATHER CONDITIONS
 THE FOLLOWING WEATHER WAS RECORDED YESTERDAY.
  LIGHT RAIN
  FOG


RELATIVE HUMIDITY (PERCENT)
 HIGHEST   100           200 PM
 LOWEST     86          1200 AM
 AVERAGE    93

..........................................................


THE BELLINGHAM WA AIRPORT CLIMATE NORMALS FOR TODAY
                         NORMAL    RECORD    YEAR
 MAXIMUM TEMPERATURE (F)   49        60      1981
                                             1978
                                             1977
 MINIMUM TEMPERATURE (F)   33         8      1986


SUNRISE AND SUNSET
FEBRUARY 19 2017......SUNRISE   710 AM PST   SUNSET   538 PM PST
FEBRUARY 20 2017......SUNRISE   708 AM PST   SUNSET   540 PM PST


-  INDICATES NEGATIVE NUMBERS.
R  INDICATES RECORD WAS SET OR TIED.
MM INDICATES DATA IS MISSING.
T  INDICATES TRACE AMOUNT.




$$
