000
CDUS46 KSEW 180833
CLIBLI


CLIMATE REPORT
NATIONAL WEATHER SERVICE SEATTLE WA
133 AM PDT WED OCT 18 2017


...................................

...THE BELLINGHAM WA AIRPORT CLIMATE SUMMARY FOR OCTOBER 17 2017...

CLIMATE NORMAL PERIOD 1981 TO 2010
CLIMATE RECORD PERIOD 1949 TO 2017


WEATHER ITEM   OBSERVED TIME   RECORD YEAR NORMAL DEPARTURE LAST
                VALUE   (LST)  VALUE       VALUE  FROM      YEAR
                                                  NORMAL
..................................................................
TEMPERATURE (F)
 YESTERDAY
  MAXIMUM         58    207 PM  68    2003  58      0       57
                                      1989
  MINIMUM         46   1141 PM  27    1949  41      5       49
  AVERAGE         52                        49      3       53

PRECIPITATION (IN)
  YESTERDAY        0.47          1.18 2005   0.11   0.36     0.21
  MONTH TO DATE    1.98                      1.64   0.34     4.33
  SINCE OCT 1      1.98                      1.64   0.34     4.33
  SINCE JAN 1     20.65                     23.77  -3.12    23.74

DEGREE DAYS
 HEATING
  YESTERDAY       13                        16     -3       12
  MONTH TO DATE  250                       232     18      187
  SINCE SEP 1    394                       466    -72      391

 COOLING
  YESTERDAY        0                         0      0        0
  MONTH TO DATE    0                         0      0        0
  SINCE SEP 1     31                         2     29        0
  SINCE JAN 1     97                        42     55      101
..................................................................


WIND (MPH)
  RESULTANT WIND SPEED   9   RESULTANT WIND DIRECTION   S (160)
  HIGHEST WIND SPEED    28   HIGHEST WIND DIRECTION    SE (150)
  HIGHEST GUST SPEED    42   HIGHEST GUST DIRECTION     S (160)
  AVERAGE WIND SPEED    10.2


SKY COVER
  AVERAGE SKY COVER 0.5


WEATHER CONDITIONS
 THE FOLLOWING WEATHER WAS RECORDED YESTERDAY.
  HEAVY RAIN
  LIGHT RAIN
  FOG


RELATIVE HUMIDITY (PERCENT)
 HIGHEST   100           800 AM
 LOWEST     57           300 PM
 AVERAGE    79

..........................................................


THE BELLINGHAM WA AIRPORT CLIMATE NORMALS FOR TODAY
                         NORMAL    RECORD    YEAR
 MAXIMUM TEMPERATURE (F)   57        69      1960
 MINIMUM TEMPERATURE (F)   41        30      1982


SUNRISE AND SUNSET
OCTOBER 18 2017.......SUNRISE   736 AM PDT   SUNSET   614 PM PDT
OCTOBER 19 2017.......SUNRISE   737 AM PDT   SUNSET   612 PM PDT


-  INDICATES NEGATIVE NUMBERS.
R  INDICATES RECORD WAS SET OR TIED.
MM INDICATES DATA IS MISSING.
T  INDICATES TRACE AMOUNT.




$$
