169
CDUS46 KSEW 290834
CLIBLI


CLIMATE REPORT
NATIONAL WEATHER SERVICE SEATTLE WA
134 AM PDT THU SEP 29 2016


...................................

...THE BELLINGHAM WA AIRPORT CLIMATE SUMMARY FOR SEPTEMBER 28 2016...

CLIMATE NORMAL PERIOD 1981 TO 2010
CLIMATE RECORD PERIOD 1949 TO 2016


WEATHER ITEM   OBSERVED TIME   RECORD YEAR NORMAL DEPARTURE LAST
                VALUE   (LST)  VALUE       VALUE  FROM      YEAR
                                                  NORMAL
..................................................................
TEMPERATURE (F)
 YESTERDAY
  MAXIMUM         66   1123 AM  87    2003  64      2       69
  MINIMUM         42    626 AM  33    1983  45     -3       38
  AVERAGE         54                        54      0       54

PRECIPITATION (IN)
  YESTERDAY        0.00          1.10 1971   0.07  -0.07     0.00
  MONTH TO DATE    1.62                      1.63  -0.01     2.48
  SINCE OCT 1     33.48                     35.68  -2.20    34.31
  SINCE JAN 1     19.41                     21.98  -2.57    19.58

DEGREE DAYS
 HEATING
  YESTERDAY       11                        11      0       11
  MONTH TO DATE  176                       207    -31      218
  SINCE SEP 1    176                       207    -31      218

 COOLING
  YESTERDAY        0                         0      0        0
  MONTH TO DATE    0                         0      0        0
  SINCE SEP 1      0                         0      0        0
  SINCE JAN 1    101                        40     61      193
..................................................................


WIND (MPH)
  RESULTANT WIND SPEED   1   RESULTANT WIND DIRECTION   W (290)
  HIGHEST WIND SPEED    12   HIGHEST WIND DIRECTION     W (270)
  HIGHEST GUST SPEED    15   HIGHEST GUST DIRECTION     W (280)
  AVERAGE WIND SPEED     2.1


SKY COVER
  AVERAGE SKY COVER 0.1


WEATHER CONDITIONS
 THE FOLLOWING WEATHER WAS RECORDED YESTERDAY.
  FOG


RELATIVE HUMIDITY (PERCENT)
 HIGHEST   100           700 AM
 LOWEST     52          1100 AM
 AVERAGE    76

..........................................................


THE BELLINGHAM WA AIRPORT CLIMATE NORMALS FOR TODAY
                         NORMAL    RECORD    YEAR
 MAXIMUM TEMPERATURE (F)   63        77      2008
 MINIMUM TEMPERATURE (F)   45        32      1983
                                             1954


SUNRISE AND SUNSET
SEPTEMBER 29 2016.....SUNRISE   708 AM PDT   SUNSET   652 PM PDT
SEPTEMBER 30 2016.....SUNRISE   709 AM PDT   SUNSET   650 PM PDT


-  INDICATES NEGATIVE NUMBERS.
R  INDICATES RECORD WAS SET OR TIED.
MM INDICATES DATA IS MISSING.
T  INDICATES TRACE AMOUNT.




$$
