000
CDUS46 KSEW 170830
CLIBLI


CLIMATE REPORT
NATIONAL WEATHER SERVICE SEATTLE WA
129 AM PDT THU AUG 17 2017


...................................

...THE BELLINGHAM WA AIRPORT CLIMATE SUMMARY FOR AUGUST 16 2017...

CLIMATE NORMAL PERIOD 1981 TO 2010
CLIMATE RECORD PERIOD 1949 TO 2017


WEATHER ITEM   OBSERVED TIME   RECORD YEAR NORMAL DEPARTURE LAST
                VALUE   (LST)  VALUE       VALUE  FROM      YEAR
                                                  NORMAL
..................................................................
TEMPERATURE (F)
 YESTERDAY
  MAXIMUM         70    444 PM  89    1967  72     -2       76
  MINIMUM         52    341 AM  43    2000  53     -1       57
  AVERAGE         61                        63     -2       67

PRECIPITATION (IN)
  YESTERDAY        0.00          0.82 1961   0.04  -0.04     0.00
  MONTH TO DATE    0.09                      0.53  -0.44     0.02
  SINCE OCT 1     36.03                     33.35   2.68    31.66
  SINCE JAN 1     16.91                     19.65  -2.74    17.59

DEGREE DAYS
 HEATING
  YESTERDAY        4                         2      2        0
  MONTH TO DATE   15                        31    -16       19
  SINCE JUN 1    203                       333   -130      206

 COOLING
  YESTERDAY        0                         0      0        2
  MONTH TO DATE   24                         0     24       20
  SINCE JUN 1     48                        23     25       66
  SINCE JAN 1     50                        23     27       67
..................................................................


WIND (MPH)
  RESULTANT WIND SPEED  10   RESULTANT WIND DIRECTION   S (170)
  HIGHEST WIND SPEED    20   HIGHEST WIND DIRECTION     S (160)
  HIGHEST GUST SPEED    27   HIGHEST GUST DIRECTION     S (160)
  AVERAGE WIND SPEED    10.4


SKY COVER
  AVERAGE SKY COVER 0.4


WEATHER CONDITIONS
 THE FOLLOWING WEATHER WAS RECORDED YESTERDAY.
  NO SIGNIFICANT WEATHER WAS OBSERVED.


RELATIVE HUMIDITY (PERCENT)
 HIGHEST    93           400 AM
 LOWEST     61           300 PM
 AVERAGE    77

..........................................................


THE BELLINGHAM WA AIRPORT CLIMATE NORMALS FOR TODAY
                         NORMAL    RECORD    YEAR
 MAXIMUM TEMPERATURE (F)   72        93      1977
 MINIMUM TEMPERATURE (F)   53        42      1969


SUNRISE AND SUNSET
AUGUST 17 2017........SUNRISE   606 AM PDT   SUNSET   821 PM PDT
AUGUST 18 2017........SUNRISE   608 AM PDT   SUNSET   819 PM PDT


-  INDICATES NEGATIVE NUMBERS.
R  INDICATES RECORD WAS SET OR TIED.
MM INDICATES DATA IS MISSING.
T  INDICATES TRACE AMOUNT.




$$
