868
CDUS46 KSEW 260829
CLIBLI


CLIMATE REPORT
NATIONAL WEATHER SERVICE SEATTLE WA
129 AM PDT MON JUN 26 2017


...................................

...THE BELLINGHAM WA AIRPORT CLIMATE SUMMARY FOR JUNE 25 2017...

CLIMATE NORMAL PERIOD 1981 TO 2010
CLIMATE RECORD PERIOD 1949 TO 2017


WEATHER ITEM   OBSERVED TIME   RECORD YEAR NORMAL DEPARTURE LAST
                VALUE   (LST)  VALUE       VALUE  FROM      YEAR
                                                  NORMAL
..................................................................
TEMPERATURE (F)
 YESTERDAY
  MAXIMUM         84R   501 PM  83    2015  68     16       70
                                      2006
  MINIMUM         55    427 AM  43    2012  51      4       53
                                      1964
                                      1954
  AVERAGE         70                        60     10       62

PRECIPITATION (IN)
  YESTERDAY        0.00          0.96 1980   0.05  -0.05     0.00
  MONTH TO DATE    0.95                      1.62  -0.67     0.92
  SINCE OCT 1     35.86                     31.40   4.46    30.99
  SINCE JAN 1     16.74                     17.70  -0.96    16.92

DEGREE DAYS
 HEATING
  YESTERDAY        0                         5     -5        3
  MONTH TO DATE  132                       170    -38      135
  SINCE JUN 1    132                       170    -38      135

 COOLING
  YESTERDAY        5                         0      5        0
  MONTH TO DATE    9                         0      9       16
  SINCE JUN 1      9                         0      9       16
  SINCE JAN 1     11                         0     11       17
..................................................................


WIND (MPH)
  RESULTANT WIND SPEED   2   RESULTANT WIND DIRECTION  SW (210)
  HIGHEST WIND SPEED    16   HIGHEST WIND DIRECTION     S (170)
  HIGHEST GUST SPEED    22   HIGHEST GUST DIRECTION    SE (150)
  AVERAGE WIND SPEED     4.5


SKY COVER
  AVERAGE SKY COVER 0.0


WEATHER CONDITIONS
 THE FOLLOWING WEATHER WAS RECORDED YESTERDAY.
  FOG


RELATIVE HUMIDITY (PERCENT)
 HIGHEST   100           300 AM
 LOWEST     42           400 PM
 AVERAGE    71

..........................................................


THE BELLINGHAM WA AIRPORT CLIMATE NORMALS FOR TODAY
                         NORMAL    RECORD    YEAR
 MAXIMUM TEMPERATURE (F)   68        83      2015
 MINIMUM TEMPERATURE (F)   52        41      1971


SUNRISE AND SUNSET
JUNE 26 2017..........SUNRISE   509 AM PDT   SUNSET   917 PM PDT
JUNE 27 2017..........SUNRISE   509 AM PDT   SUNSET   917 PM PDT


-  INDICATES NEGATIVE NUMBERS.
R  INDICATES RECORD WAS SET OR TIED.
MM INDICATES DATA IS MISSING.
T  INDICATES TRACE AMOUNT.




$$
