000
CDUS46 KSEW 300847
CLIBLI


CLIMATE REPORT
NATIONAL WEATHER SERVICE SEATTLE WA
146 AM PDT SAT JUL 30 2016


...................................

...THE BELLINGHAM WA AIRPORT CLIMATE SUMMARY FOR JULY 29 2016...

CLIMATE NORMAL PERIOD 1981 TO 2010
CLIMATE RECORD PERIOD 1949 TO 2016


WEATHER ITEM   OBSERVED TIME   RECORD YEAR NORMAL DEPARTURE LAST
                VALUE   (LST)  VALUE       VALUE  FROM      YEAR
                                                  NORMAL
..................................................................
TEMPERATURE (F)
 YESTERDAY
  MAXIMUM         79    139 PM  96    2009  73      6       88
  MINIMUM         58    443 AM  44    1969  54      4       53
  AVERAGE         69                        63      6       71

PRECIPITATION (IN)
  YESTERDAY        0.00          0.40 1955   0.03  -0.03     0.00
  MONTH TO DATE    0.65                      1.12  -0.47     0.67
  SINCE OCT 1     31.64                     32.76  -1.12    30.30
  SINCE JAN 1     17.57                     19.06  -1.49    15.57

DEGREE DAYS
 HEATING
  YESTERDAY        0                         2     -2        0
  MONTH TO DATE   40                        81    -41       13
  SINCE JUN 1    186                       282    -96       82

 COOLING
  YESTERDAY        4                         0      4        6
  MONTH TO DATE   27                         0     27       78
  SINCE JUN 1     44                         4     40      126
  SINCE JAN 1     45                         4     41      126
..................................................................


WIND (MPH)
  RESULTANT WIND SPEED   1   RESULTANT WIND DIRECTION   S (170)
  HIGHEST WIND SPEED    10   HIGHEST WIND DIRECTION     W (290)
  HIGHEST GUST SPEED    18   HIGHEST GUST DIRECTION     W (270)
  AVERAGE WIND SPEED     3.0


SKY COVER
  AVERAGE SKY COVER 0.1


WEATHER CONDITIONS
 THE FOLLOWING WEATHER WAS RECORDED YESTERDAY.
  NO SIGNIFICANT WEATHER WAS OBSERVED.


RELATIVE HUMIDITY (PERCENT)
 HIGHEST    90           300 AM
 LOWEST     45           500 PM
 AVERAGE    68

..........................................................


THE BELLINGHAM WA AIRPORT CLIMATE NORMALS FOR TODAY
                         NORMAL    RECORD    YEAR
 MAXIMUM TEMPERATURE (F)   73        93      1965
 MINIMUM TEMPERATURE (F)   54        46      1986


SUNRISE AND SUNSET
JULY 30 2016..........SUNRISE   542 AM PDT   SUNSET   850 PM PDT
JULY 31 2016..........SUNRISE   543 AM PDT   SUNSET   849 PM PDT


-  INDICATES NEGATIVE NUMBERS.
R  INDICATES RECORD WAS SET OR TIED.
MM INDICATES DATA IS MISSING.
T  INDICATES TRACE AMOUNT.




$$
