000
CDUS46 KSEW 040128
CLIBLI


CLIMATE REPORT
NATIONAL WEATHER SERVICE SEATTLE WA
627 PM PDT TUE MAY 3 2016


...................................

...THE BELLINGHAM WA AIRPORT CLIMATE SUMMARY FOR MAY 3 2016...
VALID TODAY AS OF 0600 PM LOCAL TIME.

CLIMATE NORMAL PERIOD 1981 TO 2010
CLIMATE RECORD PERIOD 1949 TO 2016


WEATHER ITEM   OBSERVED TIME   RECORD YEAR NORMAL DEPARTURE LAST
                VALUE   (LST)  VALUE       VALUE  FROM      YEAR
                                                  NORMAL
..................................................................
TEMPERATURE (F)
 TODAY
  MAXIMUM         69    309 PM  74    1992  60      9       65
  MINIMUM         56    413 AM  32    2006  43     13       36
                                      1956
  AVERAGE         63                        51     12       51

PRECIPITATION (IN)
  TODAY            T             0.67 1986   0.08  -0.08     0.00
  MONTH TO DATE    T                         0.24  -0.24     0.00
  SINCE OCT 1     29.01                     27.54   1.47    28.70
  SINCE JAN 1     14.94                     13.84   1.10    13.97

DEGREE DAYS
 HEATING
  TODAY            2                        14    -12       14
  MONTH TO DATE   11                        42    -31       39
  SINCE MAR 1    831                      1183   -352     1014

 COOLING
  TODAY            0                         0      0        0
  MONTH TO DATE    1                         0      1        0
  SINCE MAR 1      1                         0      1        0
  SINCE JAN 1      1                         0      1        0
..................................................................


WIND (MPH)
  RESULTANT WIND SPEED   6   RESULTANT WIND DIRECTION   S (170)
  HIGHEST WIND SPEED    13   HIGHEST WIND DIRECTION     S (170)
  HIGHEST GUST SPEED    20   HIGHEST GUST DIRECTION     S (160)
  AVERAGE WIND SPEED     7.0


SKY COVER
  AVERAGE SKY COVER 0.1


WEATHER CONDITIONS
 THE FOLLOWING WEATHER WAS RECORDED TODAY.
  LIGHT RAIN


RELATIVE HUMIDITY (PERCENT)
 HIGHEST    83           400 AM
 LOWEST     55           400 PM
 AVERAGE    69

..........................................................


THE BELLINGHAM WA AIRPORT CLIMATE NORMALS FOR TOMORROW
                         NORMAL    RECORD    YEAR
 MAXIMUM TEMPERATURE (F)   60        80      1953
 MINIMUM TEMPERATURE (F)   43        30      1949


SUNRISE AND SUNSET
MAY  3 2016...........SUNRISE   545 AM PDT   SUNSET   829 PM PDT
MAY  4 2016...........SUNRISE   544 AM PDT   SUNSET   831 PM PDT


-  INDICATES NEGATIVE NUMBERS.
R  INDICATES RECORD WAS SET OR TIED.
MM INDICATES DATA IS MISSING.
T  INDICATES TRACE AMOUNT.




$$
