874
CDUS46 KSEW 130842
CLIBLI


CLIMATE REPORT
NATIONAL WEATHER SERVICE SEATTLE WA
1241 AM PST SAT FEB 13 2016


...................................

...THE BELLINGHAM WA AIRPORT CLIMATE SUMMARY FOR FEBRUARY 12 2016...

CLIMATE NORMAL PERIOD 1981 TO 2010
CLIMATE RECORD PERIOD 1949 TO 2016


WEATHER ITEM   OBSERVED TIME   RECORD YEAR NORMAL DEPARTURE LAST
                VALUE   (LST)  VALUE       VALUE  FROM      YEAR
                                                  NORMAL
..................................................................
TEMPERATURE (F)
 YESTERDAY
  MAXIMUM         56    336 PM  60    1963  48      8       53
  MINIMUM         46   1013 PM  10    1949  33     13       46
  AVERAGE         51                        41     10       50

PRECIPITATION (IN)
  YESTERDAY        0.58          0.98 1958   0.11   0.47     0.12
  MONTH TO DATE    1.56                      1.37   0.19     2.10
  SINCE OCT 1     18.74                     19.74  -1.00    22.32
  SINCE JAN 1      4.67                      6.04  -1.37     7.59

DEGREE DAYS
 HEATING
  YESTERDAY       14                        24    -10       15
  MONTH TO DATE  239                       299    -60      180
  SINCE DEC 1   1677                      1933   -256     1567

 COOLING
  YESTERDAY        0                         0      0        0
  MONTH TO DATE    0                         0      0        0
  SINCE DEC 1      0                         0      0        0
  SINCE JAN 1      0                         0      0        0
..................................................................


WIND (MPH)
  RESULTANT WIND SPEED   3   RESULTANT WIND DIRECTION  SE (150)
  HIGHEST WIND SPEED    14   HIGHEST WIND DIRECTION     S (160)
  HIGHEST GUST SPEED    21   HIGHEST GUST DIRECTION     S (170)
  AVERAGE WIND SPEED     5.1


SKY COVER
  AVERAGE SKY COVER 0.8


WEATHER CONDITIONS
 THE FOLLOWING WEATHER WAS RECORDED YESTERDAY.
  HEAVY RAIN
  RAIN
  LIGHT RAIN
  FOG


RELATIVE HUMIDITY (PERCENT)
 HIGHEST    96          1100 AM
 LOWEST     72           200 PM
 AVERAGE    84

..........................................................


THE BELLINGHAM WA AIRPORT CLIMATE NORMALS FOR TODAY
                         NORMAL    RECORD    YEAR
 MAXIMUM TEMPERATURE (F)   48        60      2010
 MINIMUM TEMPERATURE (F)   33         7      1949


SUNRISE AND SUNSET
FEBRUARY 13 2016......SUNRISE   722 AM PST   SUNSET   527 PM PST
FEBRUARY 14 2016......SUNRISE   720 AM PST   SUNSET   529 PM PST


-  INDICATES NEGATIVE NUMBERS.
R  INDICATES RECORD WAS SET OR TIED.
MM INDICATES DATA IS MISSING.
T  INDICATES TRACE AMOUNT.




$$
