000
CDUS46 KSEW 290837
CLIBLI


CLIMATE REPORT
NATIONAL WEATHER SERVICE SEATTLE WA
137 AM PDT MON AUG 29 2016


...................................

...THE BELLINGHAM WA AIRPORT CLIMATE SUMMARY FOR AUGUST 28 2016...

CLIMATE NORMAL PERIOD 1981 TO 2010
CLIMATE RECORD PERIOD 1949 TO 2016


WEATHER ITEM   OBSERVED TIME   RECORD YEAR NORMAL DEPARTURE LAST
                VALUE   (LST)  VALUE       VALUE  FROM      YEAR
                                                  NORMAL
..................................................................
TEMPERATURE (F)
 YESTERDAY
  MAXIMUM         67   1230 PM  86    1967  71     -4       71
  MINIMUM         58   1159 PM  41    2000  52      6       60
  AVERAGE         63                        61      2       66

PRECIPITATION (IN)
  YESTERDAY        0.04          0.67 2005   0.05  -0.01     0.27
  MONTH TO DATE    0.06                      1.08  -1.02     0.49
  SINCE OCT 1     31.70                     33.90  -2.20    30.79
  SINCE JAN 1     17.63                     20.20  -2.57    16.06

DEGREE DAYS
 HEATING
  YESTERDAY        2                         4     -2        0
  MONTH TO DATE   32                        68    -36       21
  SINCE JUN 1    219                       370   -151      103

 COOLING
  YESTERDAY        0                         0      0        1
  MONTH TO DATE   53                         0     53       53
  SINCE JUN 1     99                        23     76      191
  SINCE JAN 1    100                        23     77      191
..................................................................


WIND (MPH)
  RESULTANT WIND SPEED   4   RESULTANT WIND DIRECTION  SE (150)
  HIGHEST WIND SPEED    18   HIGHEST WIND DIRECTION    SE (150)
  HIGHEST GUST SPEED    24   HIGHEST GUST DIRECTION    SE (140)
  AVERAGE WIND SPEED     4.4


SKY COVER
  AVERAGE SKY COVER 0.8


WEATHER CONDITIONS
 THE FOLLOWING WEATHER WAS RECORDED YESTERDAY.
  LIGHT RAIN
  FOG


RELATIVE HUMIDITY (PERCENT)
 HIGHEST    93           900 PM
 LOWEST     63          1200 PM
 AVERAGE    78

..........................................................


THE BELLINGHAM WA AIRPORT CLIMATE NORMALS FOR TODAY
                         NORMAL    RECORD    YEAR
 MAXIMUM TEMPERATURE (F)   71        85      1974
 MINIMUM TEMPERATURE (F)   51        38      1969


SUNRISE AND SUNSET
AUGUST 29 2016........SUNRISE   624 AM PDT   SUNSET   757 PM PDT
AUGUST 30 2016........SUNRISE   625 AM PDT   SUNSET   755 PM PDT


-  INDICATES NEGATIVE NUMBERS.
R  INDICATES RECORD WAS SET OR TIED.
MM INDICATES DATA IS MISSING.
T  INDICATES TRACE AMOUNT.




$$
