000
CDUS46 KSEW 220832
CLIBLI


CLIMATE REPORT
NATIONAL WEATHER SERVICE SEATTLE WA
132 AM PDT FRI MAY 22 2015


...................................

...THE BELLINGHAM WA AIRPORT CLIMATE SUMMARY FOR MAY 21 2015...

CLIMATE NORMAL PERIOD 1981 TO 2010
CLIMATE RECORD PERIOD 1949 TO 2015


WEATHER ITEM   OBSERVED TIME   RECORD YEAR NORMAL DEPARTURE LAST
                VALUE   (LST)  VALUE       VALUE  FROM      YEAR
                                                  NORMAL
..................................................................
TEMPERATURE (F)
 YESTERDAY
  MAXIMUM         75    307 PM  87    1963  63     12       63
  MINIMUM         53    611 AM  35    1971  47      6       51
  AVERAGE         64                        55      9       57

PRECIPITATION (IN)
  YESTERDAY        0.00          0.65 2012   0.08  -0.08     0.00
  MONTH TO DATE    0.63                      1.67  -1.04     2.30
  SINCE OCT 1     29.33                     28.97   0.36    27.00
  SINCE JAN 1     14.60                     15.27  -0.67    16.69

DEGREE DAYS
 HEATING
  YESTERDAY        1                        10     -9        8
  MONTH TO DATE  184                       252    -68      148
  SINCE MAR 1   1159                      1393   -234     1163

 COOLING
  YESTERDAY        0                         0      0        0
  MONTH TO DATE    0                         0      0        1
  SINCE MAR 1      0                         0      0        1
  SINCE JAN 1      0                         0      0        1
..................................................................


WIND (MPH)
  RESULTANT WIND SPEED   5   RESULTANT WIND DIRECTION   S (170)
  HIGHEST WIND SPEED    13   HIGHEST WIND DIRECTION     S (170)
  HIGHEST GUST SPEED    17   HIGHEST GUST DIRECTION     S (180)
  AVERAGE WIND SPEED     5.6


SKY COVER
  AVERAGE SKY COVER 0.0


WEATHER CONDITIONS
 THE FOLLOWING WEATHER WAS RECORDED YESTERDAY.
  NO SIGNIFICANT WEATHER WAS OBSERVED.


RELATIVE HUMIDITY (PERCENT)
 HIGHEST    93           300 AM
 LOWEST     57           300 PM
 AVERAGE    75

..........................................................


THE BELLINGHAM WA AIRPORT CLIMATE NORMALS FOR TODAY
                         NORMAL    RECORD    YEAR
 MAXIMUM TEMPERATURE (F)   63        80      1969
                                             1958
 MINIMUM TEMPERATURE (F)   47        39      2007
                                             1984


SUNRISE AND SUNSET
MAY 22 2015...........SUNRISE   520 AM PDT   SUNSET   854 PM PDT
MAY 23 2015...........SUNRISE   519 AM PDT   SUNSET   855 PM PDT


-  INDICATES NEGATIVE NUMBERS.
R  INDICATES RECORD WAS SET OR TIED.
MM INDICATES DATA IS MISSING.
T  INDICATES TRACE AMOUNT.




$$
