952
CDUS43 KIND 220531
CLIBMG


CLIMATE REPORT
NATIONAL WEATHER SERVICE INDIANAPOLIS IN
131 AM EDT FRI MAY 22 2015


...................................

...THE BLOOMINGTON IN CLIMATE SUMMARY FOR MAY 21 2015...

CLIMATE NORMAL PERIOD 1981 TO 2010
CLIMATE RECORD PERIOD 9999 TO 9999


WEATHER ITEM   OBSERVED TIME   NORMAL DEPARTURE LAST
                VALUE   (LST)  VALUE  FROM      YEAR
                                      NORMAL
......................................................
TEMPERATURE (F)
 YESTERDAY
  MAXIMUM         60    628 PM  75    -15       87
  MINIMUM         48   1006 AM  53     -5       62
  AVERAGE         54            64    -10       75

PRECIPITATION (IN)
  YESTERDAY        T             0.15  -0.15     1.21
  MONTH TO DATE    1.44          3.62  -2.18     4.23
  SINCE MAR 1     10.88         12.20  -1.32    13.79
  SINCE JAN 1     14.45         18.27  -3.82    18.44

DEGREE DAYS
 HEATING
  YESTERDAY       11             4      7        0
  MONTH TO DATE   71           112    -41      121
  SINCE MAR 1   1111          1158    -47     1266
  SINCE JUL 1   5682          5226    456     5828

 COOLING
  YESTERDAY        0             3     -3       10
  MONTH TO DATE   68            32     36       57
  SINCE MAR 1     74            51     23       66
  SINCE JAN 1     74            51     23       66
......................................................


WIND (MPH)
  HIGHEST WIND SPEED    15   HIGHEST WIND DIRECTION     N (10)
  HIGHEST GUST SPEED    19   HIGHEST GUST DIRECTION     N (360)
  AVERAGE WIND SPEED     6.4


SKY COVER
  AVERAGE SKY COVER 0.7


WEATHER CONDITIONS
 THE FOLLOWING WEATHER WAS RECORDED YESTERDAY.
  FOG
  HAZE


RELATIVE HUMIDITY (PERCENT)
 HIGHEST    86          1200 AM
 LOWEST     49           600 PM
 AVERAGE    68

..........................................................


THE BLOOMINGTON IN CLIMATE NORMALS FOR TODAY
                         NORMAL
 MAXIMUM TEMPERATURE (F)   76
 MINIMUM TEMPERATURE (F)   53


SUNRISE AND SUNSET
MAY 22 2015...........SUNRISE   628 AM EDT   SUNSET   859 PM EDT
MAY 23 2015...........SUNRISE   627 AM EDT   SUNSET   900 PM EDT


-  INDICATES NEGATIVE NUMBERS.
R  INDICATES RECORD WAS SET OR TIED.
MM INDICATES DATA IS MISSING.
T  INDICATES TRACE AMOUNT.




$$
