000
CDUS43 KIND 300536
CLIBMG


CLIMATE REPORT
NATIONAL WEATHER SERVICE INDIANAPOLIS IN
135 AM EDT TUE MAY 30 2017


...................................

...THE BLOOMINGTON IN CLIMATE SUMMARY FOR MAY 29 2017...

CLIMATE NORMAL PERIOD 1981 TO 2010
CLIMATE RECORD PERIOD 9999 TO 9999


WEATHER ITEM   OBSERVED TIME   NORMAL DEPARTURE LAST
                VALUE   (LST)  VALUE  FROM      YEAR
                                      NORMAL
......................................................
TEMPERATURE (F)
 YESTERDAY
  MAXIMUM         84    251 PM  78      6       85
  MINIMUM         60    608 AM  55      5       65
  AVERAGE         72            67      5       75

PRECIPITATION (IN)
  YESTERDAY        0.00          0.17  -0.17     0.76
  MONTH TO DATE    6.19          4.87   1.32     3.33
  SINCE MAR 1     16.75         13.45   3.30    13.39
  SINCE JAN 1     21.79         19.52   2.27    18.60

DEGREE DAYS
 HEATING
  YESTERDAY        0             2     -2        0
  MONTH TO DATE  136           133      3      148
  SINCE MAR 1    930          1179   -249      955
  SINCE JUL 1   4117          5247  -1130     4275

 COOLING
  YESTERDAY        7             4      3       10
  MONTH TO DATE   82            58     24       58
  SINCE MAR 1    127            77     50       72
  SINCE JAN 1    127            77     50       72
......................................................


WIND (MPH)
  HIGHEST WIND SPEED    21   HIGHEST WIND DIRECTION    SW (220)
  HIGHEST GUST SPEED    29   HIGHEST GUST DIRECTION    SW (210)
  AVERAGE WIND SPEED     7.6


SKY COVER
  AVERAGE SKY COVER 0.2


WEATHER CONDITIONS
 THE FOLLOWING WEATHER WAS RECORDED YESTERDAY.
  NO SIGNIFICANT WEATHER WAS OBSERVED.


RELATIVE HUMIDITY (PERCENT)
 HIGHEST    90           300 AM
 LOWEST     26           500 PM
 AVERAGE    58

..........................................................


THE BLOOMINGTON IN CLIMATE NORMALS FOR TODAY
                         NORMAL
 MAXIMUM TEMPERATURE (F)   78
 MINIMUM TEMPERATURE (F)   56


SUNRISE AND SUNSET
MAY 30 2017...........SUNRISE   623 AM EDT   SUNSET   905 PM EDT
MAY 31 2017...........SUNRISE   623 AM EDT   SUNSET   906 PM EDT


-  INDICATES NEGATIVE NUMBERS.
R  INDICATES RECORD WAS SET OR TIED.
MM INDICATES DATA IS MISSING.
T  INDICATES TRACE AMOUNT.




$$
