000
CDUS43 KIND 040542
CLIBMG


CLIMATE REPORT
NATIONAL WEATHER SERVICE INDIANAPOLIS IN
141 AM EDT WED MAY 4 2016


...................................

...THE BLOOMINGTON IN CLIMATE SUMMARY FOR MAY 3 2016...

CLIMATE NORMAL PERIOD 1981 TO 2010
CLIMATE RECORD PERIOD 9999 TO 9999


WEATHER ITEM   OBSERVED TIME   NORMAL DEPARTURE LAST
                VALUE   (LST)  VALUE  FROM      YEAR
                                      NORMAL
......................................................
TEMPERATURE (F)
 YESTERDAY
  MAXIMUM         62    619 PM  70     -8       80
  MINIMUM         51    715 AM  48      3       49
  AVERAGE         57            59     -2       65

PRECIPITATION (IN)
  YESTERDAY        T             0.19  -0.19     0.00
  MONTH TO DATE    0.33          0.53  -0.20     0.00
  SINCE MAR 1     10.39          9.11   1.28     9.44
  SINCE JAN 1     15.60         15.18   0.42    13.01

DEGREE DAYS
 HEATING
  YESTERDAY        8             7      1        0
  MONTH TO DATE   16            21     -5       15
  SINCE MAR 1    823          1067   -244     1055
  SINCE JUL 1   4143          5135   -992     5626

 COOLING
  YESTERDAY        0             1     -1        0
  MONTH TO DATE    3             3      0        0
  SINCE MAR 1     17            22     -5        6
  SINCE JAN 1     17            22     -5        6
......................................................


WIND (MPH)
  HIGHEST WIND SPEED    13   HIGHEST WIND DIRECTION     N (360)
  HIGHEST GUST SPEED    15   HIGHEST GUST DIRECTION     N (10)
  AVERAGE WIND SPEED     4.0


SKY COVER
  AVERAGE SKY COVER 0.9


WEATHER CONDITIONS
 THE FOLLOWING WEATHER WAS RECORDED YESTERDAY.
  LIGHT RAIN


RELATIVE HUMIDITY (PERCENT)
 HIGHEST    89          1200 AM
 LOWEST     46           700 PM
 AVERAGE    68

..........................................................


THE BLOOMINGTON IN CLIMATE NORMALS FOR TODAY
                         NORMAL
 MAXIMUM TEMPERATURE (F)   70
 MINIMUM TEMPERATURE (F)   48


SUNRISE AND SUNSET
MAY  4 2016...........SUNRISE   644 AM EDT   SUNSET   843 PM EDT
MAY  5 2016...........SUNRISE   643 AM EDT   SUNSET   844 PM EDT


-  INDICATES NEGATIVE NUMBERS.
R  INDICATES RECORD WAS SET OR TIED.
MM INDICATES DATA IS MISSING.
T  INDICATES TRACE AMOUNT.




$$
