000
CDUS44 KOHX 011333
CLIBNA

CLIMATE REPORT
NATIONAL WEATHER SERVICE NASHVILLE TN
832 AM CDT WED OCT 1 2014


...................................

...THE NASHVILLE CLIMATE SUMMARY FOR SEPTEMBER 29 2014...

CLIMATE NORMAL PERIOD 1981 TO 2010
CLIMATE RECORD PERIOD 1871 TO 2014


WEATHER ITEM   OBSERVED TIME   RECORD YEAR NORMAL DEPARTURE
                VALUE   (LST)  VALUE       VALUE  FROM
                                                  NORMAL
...............................................................
TEMPERATURE (F)
 YESTERDAY
  MAXIMUM         88    251 PM  98    1953  77     11
  MINIMUM         61    559 AM  37    1942  55      6
  AVERAGE         75                        66      9

PRECIPITATION (IN)
  YESTERDAY        0.00          2.60 1885   0.12  -0.12
  MONTH TO DATE    0.21                      3.29  -3.08
  SINCE SEP 1      0.21                      3.29  -3.08
  SINCE JAN 1     35.61                     35.54   0.07

SNOWFALL (IN)
  YESTERDAY        0.0           0.0  2002   0.0    0.0
                                      2001
                                      2000
  MONTH TO DATE    0.0                       0.0    0.0
  SINCE SEP 1      0.0                       0.0    0.0
  SINCE JUL 1      0.0                       0.0    0.0
  SNOW DEPTH       0

DEGREE DAYS
 HEATING
  YESTERDAY        0                               -2
  MONTH TO DATE    3                              -17
  SINCE SEP 1      3                              -17
  SINCE JUL 1      3                              -17

 COOLING
  YESTERDAY       10                                6
  MONTH TO DATE  244                               27
  SINCE SEP 1    244                               27
  SINCE JAN 1   1733                              142
...............................................................


WIND (MPH)
  HIGHEST WIND SPEED    12   HIGHEST WIND DIRECTION    NE (40)
  HIGHEST GUST SPEED    23   HIGHEST GUST DIRECTION    SW (220)
  AVERAGE WIND SPEED     2.0




RELATIVE HUMIDITY (PERCENT)
 HIGHEST    93
 LOWEST     35
 AVERAGE    64

..........................................................


THE NASHVILLE CLIMATE NORMALS FOR TODAY
                         NORMAL    RECORD    YEAR
 MAXIMUM TEMPERATURE (F)   77        93      1953
                                             1941
 MINIMUM TEMPERATURE (F)   55        36      1949


SUNRISE AND SUNSET
SEPTEMBER 30 2014.....SUNRISE   641 AM CDT   SUNSET   632 PM CDT
OCTOBER  1 2014.......SUNRISE   642 AM CDT   SUNSET   630 PM CDT


-  INDICATES NEGATIVE NUMBERS.
R  INDICATES RECORD WAS SET OR TIED.
MM INDICATES DATA IS MISSING.
T  INDICATES TRACE AMOUNT.




$$
