000
CDUS44 KOHX 030019
CLIBNA

CLIMATE REPORT
NATIONAL WEATHER SERVICE NASHVILLE TN
718 PM CDT WED SEP 2 2015


...................................

...THE NASHVILLE CLIMATE SUMMARY FOR SEPTEMBER 2 2015...
VALID TODAY AS OF 0700 PM LOCAL TIME.

CLIMATE NORMAL PERIOD 1981 TO 2010
CLIMATE RECORD PERIOD 1871 TO 2015


WEATHER ITEM   OBSERVED TIME   RECORD YEAR NORMAL DEPARTURE
                VALUE   (LST)  VALUE       VALUE  FROM
                                                  NORMAL
...............................................................
TEMPERATURE (F)
 TODAY
  MAXIMUM         93    328 PM  99    2011  87      6
  MINIMUM         70    541 AM  49    1987  66      4
                                      1967
                                      1949
  AVERAGE         82                        76      6

PRECIPITATION (IN)
  TODAY            0.00          2.28 1974   0.10  -0.10
  MONTH TO DATE    0.00                      0.19  -0.19
  SINCE SEP 1      0.00                      0.19  -0.19
  SINCE JAN 1     34.44                     32.44   2.00

SNOWFALL (IN)
  TODAY            0.0           0.0  2002   0.0    0.0
                                      2001
                                      2000
  MONTH TO DATE    0.0                       0.0    0.0
  SINCE SEP 1      0.0                       0.0    0.0
  SINCE JUL 1      0.0                       0.0    0.0
  SNOW DEPTH       0

DEGREE DAYS
 HEATING
  TODAY            0                                0
  MONTH TO DATE    0                                0
  SINCE SEP 1      0                                0
  SINCE JUL 1      0                                0

 COOLING
  TODAY           17                                6
  MONTH TO DATE   31                                8
  SINCE SEP 1     31                                8
  SINCE JAN 1   1566                              169
...............................................................


WIND (MPH)
  HIGHEST WIND SPEED    12   HIGHEST WIND DIRECTION     N (20)
  HIGHEST GUST SPEED    15   HIGHEST GUST DIRECTION     N (20)
  AVERAGE WIND SPEED     2.5




RELATIVE HUMIDITY (PERCENT)
 HIGHEST    90
 LOWEST     38
 AVERAGE    64

..........................................................


THE NASHVILLE CLIMATE NORMALS FOR TOMORROW
                         NORMAL    RECORD    YEAR
 MAXIMUM TEMPERATURE (F)   87       101      1954
                                             1925
 MINIMUM TEMPERATURE (F)   65        53      1952
                                             1919


SUNRISE AND SUNSET
SEPTEMBER  2 2015.....SUNRISE   619 AM CDT   SUNSET   713 PM CDT
SEPTEMBER  3 2015.....SUNRISE   620 AM CDT   SUNSET   712 PM CDT


-  INDICATES NEGATIVE NUMBERS.
R  INDICATES RECORD WAS SET OR TIED.
MM INDICATES DATA IS MISSING.
T  INDICATES TRACE AMOUNT.




$$
