000
CDUS44 KOHX 281302
CLIBNA

CLIMATE REPORT
NATIONAL WEATHER SERVICE NASHVILLE TN
758 AM CDT SAT MAR 28 2015

...THE NASHVILLE CLIMATE SUMMARY FOR MARCH 27 2015...

CLIMATE NORMAL PERIOD 1981 TO 2010
CLIMATE RECORD PERIOD 1871 TO 2015


WEATHER ITEM   OBSERVED TIME   RECORD YEAR NORMAL DEPARTURE
                VALUE   (LST)  VALUE       VALUE  FROM
                                                  NORMAL
...............................................................
TEMPERATURE (F)
 YESTERDAY
  MAXIMUM         50   1102 AM  86    1910  65    -15
  MINIMUM         33   1148 PM  16    1955  42     -9
  AVERAGE         42                        53    -11

PRECIPITATION (IN)
  YESTERDAY        0.01          2.54 1994   0.13  -0.12
  MONTH TO DATE    4.26                      3.56   0.70
  SINCE MAR 1      4.26                      3.56   0.70
  SINCE JAN 1     11.08                     11.25  -0.17

SNOWFALL (IN)
  YESTERDAY       MM             0.0  2002   0.0   MM
                                      2001
  MONTH TO DATE    2.9                       0.8    2.1
  SINCE MAR 1      2.9                       0.8    2.1
  SINCE JUL 1      6.1                       6.2   -0.1
  SNOW DEPTH       0

DEGREE DAYS
 HEATING
  YESTERDAY       23                               11
  MONTH TO DATE  382                              -45
  SINCE MAR 1    382                              -45
  SINCE JUL 1   3572                              207

 COOLING
  YESTERDAY        0                                0
  MONTH TO DATE    2                                2
  SINCE MAR 1      2                                2
  SINCE JAN 1      2                                2
...............................................................

WIND (MPH)
  HIGHEST WIND SPEED    20   HIGHEST WIND DIRECTION     N (360)
  HIGHEST GUST SPEED    25   HIGHEST GUST DIRECTION    NW (330)
  AVERAGE WIND SPEED   8.7


RELATIVE HUMIDITY (PERCENT)
 HIGHEST    92
 LOWEST     46
 AVERAGE    69

LOW SINCE MIDNIGHT......................................27
PRECIPITATION SINCE MIDNIGHT............................0.00

THE NATIONAL HIGH TEMPERATURE YESTERDAY WAS 97 AT PALM SPRINGS, CA
AND THERMAL, CA. THE NATIONAL LOW TEMPERATURE YESTERDAY WAS -19 AT
DOE LAKE, MI.

..........................................................

THE NASHVILLE CLIMATE NORMALS FOR TODAY
                         NORMAL    RECORD    YEAR
 MAXIMUM TEMPERATURE (F)   65        85      2012
                                             1907
 MINIMUM TEMPERATURE (F)   42        23      1955


SUNRISE AND SUNSET
MARCH 28 2015.........SUNRISE   639 AM CDT   SUNSET   705 PM CDT
MARCH 29 2015.........SUNRISE   638 AM CDT   SUNSET   706 PM CDT


-  INDICATES NEGATIVE NUMBERS.
R  INDICATES RECORD WAS SET OR TIED.
MM INDICATES DATA IS MISSING.
T  INDICATES TRACE AMOUNT.
$$
31
