000
CDUS44 KOHX 250228
CLIBNA


CLIMATE REPORT
NATIONAL WEATHER SERVICE NASHVILLE TN
827 PM CST FRI NOV 24 2017


...................................

...THE NASHVILLE CLIMATE SUMMARY FOR NOVEMBER 24 2017...
VALID TODAY AS OF 0800 PM LOCAL TIME.

CLIMATE NORMAL PERIOD 1981 TO 2010
CLIMATE RECORD PERIOD 1871 TO 2017


WEATHER ITEM   OBSERVED TIME   RECORD YEAR NORMAL DEPARTURE
                VALUE   (LST)  VALUE       VALUE  FROM
                                                  NORMAL
...............................................................
TEMPERATURE (F)
 TODAY
  MAXIMUM         64    258 PM  74    1931  57      7
  MINIMUM         29    552 AM   3    1950  37     -8
  AVERAGE         47                        47      0

PRECIPITATION (IN)
  TODAY            0.00          1.31 1902   0.15  -0.15
  MONTH TO DATE    4.22                      3.31   0.91
  SINCE JAN 1     48.12                     42.01   6.11

SNOWFALL (IN)
  TODAY            0.0           7.2  1950
  MONTH TO DATE    0.0
  SINCE SEP 1      0.0
  SINCE JUL 1      0.0

DEGREE DAYS
 HEATING
  TODAY           18                                0
  MONTH TO DATE  320                              -22
  SINCE SEP 1    495                              -62
  SINCE JUL 1    495                              -62

 COOLING
  TODAY            0                                0
  MONTH TO DATE   23                               23
  SINCE SEP 1    343                               77
  SINCE JAN 1   1923                              283
...............................................................


WIND (MPH)
  HIGHEST WIND SPEED    10   HIGHEST WIND DIRECTION     S (190)
  HIGHEST GUST SPEED    MM   HIGHEST GUST DIRECTION    MM
  AVERAGE WIND SPEED     4.3




RELATIVE HUMIDITY (PERCENT)
 HIGHEST    85
 LOWEST     20
 AVERAGE    53

..........................................................


THE NASHVILLE CLIMATE NORMALS FOR TOMORROW
                         NORMAL    RECORD    YEAR
 MAXIMUM TEMPERATURE (F)   56        74      1990
                                             1958
 MINIMUM TEMPERATURE (F)   36        -1      1950


SUNRISE AND SUNSET
NOVEMBER 24 2017......SUNRISE   633 AM CST   SUNSET   434 PM CST
NOVEMBER 25 2017......SUNRISE   634 AM CST   SUNSET   434 PM CST


-  INDICATES NEGATIVE NUMBERS.
R  INDICATES RECORD WAS SET OR TIED.
MM INDICATES DATA IS MISSING.
T  INDICATES TRACE AMOUNT.




$$
