745
CDUS44 KOHX 260718
CLIBNA

CLIMATE REPORT
NATIONAL WEATHER SERVICE NASHVILLE TN
118 AM CST SUN FEB 26 2017

...THE NASHVILLE CLIMATE SUMMARY FOR FEBRUARY 25 2017...

CLIMATE NORMAL PERIOD 1981 TO 2010
CLIMATE RECORD PERIOD 1871 TO 2017


WEATHER ITEM   OBSERVED TIME   RECORD YEAR NORMAL DEPARTURE
                VALUE   (LST)  VALUE       VALUE  FROM
                                                  NORMAL
...............................................................
TEMPERATURE (F)
 YESTERDAY
  MAXIMUM         62   1213 AM  78    1918  55      7
  MINIMUM         34   1055 PM   5    1967  34      0
  AVERAGE         48                        44      4

PRECIPITATION (IN)
  YESTERDAY        0.00          1.49 1934   0.14  -0.14
  MONTH TO DATE    1.42                      3.52  -2.10
  SINCE JAN 1      4.76                      7.27  -2.51

SNOWFALL (IN)
  YESTERDAY        0.0           9.7  1894
  MONTH TO DATE    0.0
  SINCE DEC 1      0.7
  SINCE JUL 1      0.7

DEGREE DAYS
 HEATING
  YESTERDAY       17                               -4
  MONTH TO DATE  346                             -247
  SINCE DEC 1   1575                             -629
  SINCE JUL 1   1929                             -949

 COOLING
  YESTERDAY        0                                0
  MONTH TO DATE    7                                7
  SINCE DEC 1     11                               10
  SINCE JAN 1      7                                7
...............................................................

WIND (MPH)
  HIGHEST WIND SPEED    21   HIGHEST WIND DIRECTION     W (280)
  HIGHEST GUST SPEED    32   HIGHEST GUST DIRECTION     W (280)
  AVERAGE WIND SPEED    11.1


RELATIVE HUMIDITY (PERCENT)
 HIGHEST    53
 LOWEST     26

..........................................................

THE NASHVILLE CLIMATE NORMALS FOR TODAY
                         NORMAL    RECORD    YEAR
 MAXIMUM TEMPERATURE (F)   55        79      1917
 MINIMUM TEMPERATURE (F)   34         8      1967


SUNRISE AND SUNSET
FEBRUARY 26 2017......SUNRISE   621 AM CST   SUNSET   539 PM CST
FEBRUARY 27 2017......SUNRISE   619 AM CST   SUNSET   540 PM CST


-  INDICATES NEGATIVE NUMBERS.
R  INDICATES RECORD WAS SET OR TIED.
MM INDICATES DATA IS MISSING.
T  INDICATES TRACE AMOUNT.
$$
31
