000
CDUS44 KOHX 280631
CLIBNA


CLIMATE REPORT
NATIONAL WEATHER SERVICE NASHVILLE TN
130 AM CDT FRI JUL 28 2017


...................................

...THE NASHVILLE CLIMATE SUMMARY FOR JULY 27 2017...

CLIMATE NORMAL PERIOD 1981 TO 2010
CLIMATE RECORD PERIOD 1871 TO 2017


WEATHER ITEM   OBSERVED TIME   RECORD YEAR NORMAL DEPARTURE
                VALUE   (LST)  VALUE       VALUE  FROM
                                                  NORMAL
...............................................................
TEMPERATURE (F)
 YESTERDAY
  MAXIMUM         92    313 PM 107    1952  89      3
  MINIMUM         77   1159 PM  57    1962  70      7
                                      1911
                                      1891
  AVERAGE         85                        80      5

PRECIPITATION (IN)
  YESTERDAY        T             2.49 1878   0.11  -0.11
  MONTH TO DATE    4.12                      3.22   0.90
  SINCE JAN 1     28.41                     28.66  -0.25

SNOWFALL (IN)
  YESTERDAY        0.0           0.0  2002
                                      2001
  MONTH TO DATE    0.0
  SINCE JUN 1      0.0
  SINCE JUL 1      0.0

DEGREE DAYS
 HEATING
  YESTERDAY        0                                0
  MONTH TO DATE    0                                0
  SINCE JUN 1      0                               -3
  SINCE JUL 1      0                                0

 COOLING
  YESTERDAY       20                                5
  MONTH TO DATE  463                               70
  SINCE JUN 1    807                               90
  SINCE JAN 1   1126                              230
...............................................................


WIND (MPH)
  HIGHEST WIND SPEED    14   HIGHEST WIND DIRECTION    SW (210)
  HIGHEST GUST SPEED    21   HIGHEST GUST DIRECTION    SW (220)
  AVERAGE WIND SPEED     5.4




RELATIVE HUMIDITY (PERCENT)
 HIGHEST    85
 LOWEST     52

..........................................................


THE NASHVILLE CLIMATE NORMALS FOR TODAY
                         NORMAL    RECORD    YEAR
 MAXIMUM TEMPERATURE (F)   89       107      1952
 MINIMUM TEMPERATURE (F)   70        55      1962


SUNRISE AND SUNSET
JULY 28 2017..........SUNRISE   551 AM CDT   SUNSET   755 PM CDT
JULY 29 2017..........SUNRISE   552 AM CDT   SUNSET   754 PM CDT


-  INDICATES NEGATIVE NUMBERS.
R  INDICATES RECORD WAS SET OR TIED.
MM INDICATES DATA IS MISSING.
T  INDICATES TRACE AMOUNT.




$$
