000
CDUS45 KBOI 100932
CLIBNO


CLIMATE REPORT
NATIONAL WEATHER SERVICE BOISE ID
232 AM MST WED FEB 10 2016


...................................

...THE BURNS OR CLIMATE SUMMARY FOR FEBRUARY 9 2016...

CLIMATE NORMAL PERIOD 1981 TO 2010
CLIMATE RECORD PERIOD 1938 TO 2016


WEATHER ITEM   OBSERVED TIME   RECORD YEAR NORMAL DEPARTURE LAST
                VALUE   (LST)  VALUE       VALUE  FROM      YEAR
                                                  NORMAL
..................................................................
TEMPERATURE (F)
 YESTERDAY
  MAXIMUM         37   1247 PM  56    1963  38     -1       53
  MINIMUM         12    634 AM -12    1939  17     -5       MM
  AVERAGE         25                        27     -2       MM

PRECIPITATION (IN)
  YESTERDAY        0.00          0.43 1962   0.04  -0.04      T
  MONTH TO DATE    0.12                      0.32  -0.20     0.75
  SINCE OCT 1      6.47                      5.01   1.46     5.65
  SINCE JAN 1      1.60                      1.51   0.09     1.15

DEGREE DAYS
 HEATING
  YESTERDAY       40                        38      2       MM
  MONTH TO DATE  269                       346    -77      181
  SINCE DEC 1   2668                      2858   -190     2228
  SINCE JUL 1   4529                      4859   -330     3958

 COOLING
  YESTERDAY        0                         0      0       MM
  MONTH TO DATE    0                         0      0        0
  SINCE DEC 1      0                         0      0        0
  SINCE JAN 1      0                         0      0        0
..................................................................


WIND (MPH)
  HIGHEST WIND SPEED    15   HIGHEST WIND DIRECTION    NE (60)
  HIGHEST GUST SPEED    17   HIGHEST GUST DIRECTION    NE (60)
  AVERAGE WIND SPEED     6.2


SKY COVER
  POSSIBLE SUNSHINE  MM
  AVERAGE SKY COVER 0.2


WEATHER CONDITIONS
 THE FOLLOWING WEATHER WAS RECORDED YESTERDAY.
  FOG
  FOG W/VISIBILITY <= 1/4 MILE
  HAZE


RELATIVE HUMIDITY (PERCENT)
 HIGHEST    96           900 PM
 LOWEST     75          1200 PM
 AVERAGE    86

..........................................................


THE BURNS OR CLIMATE NORMALS FOR TODAY
                         NORMAL    RECORD    YEAR
 MAXIMUM TEMPERATURE (F)   38        61      1971
 MINIMUM TEMPERATURE (F)   17       -11      1999


SUNRISE AND SUNSET
FEBRUARY 10 2016......SUNRISE   702 AM PST   SUNSET   519 PM PST
FEBRUARY 11 2016......SUNRISE   700 AM PST   SUNSET   520 PM PST


-  INDICATES NEGATIVE NUMBERS.
R  INDICATES RECORD WAS SET OR TIED.
MM INDICATES DATA IS MISSING.
T  INDICATES TRACE AMOUNT.




$$
