000
CDUS45 KBOI 020931
CLIBNO


CLIMATE REPORT
NATIONAL WEATHER SERVICE BOISE ID
331 AM MDT THU JUL 2 2015


...................................

...THE BURNS OR CLIMATE SUMMARY FOR JULY 1 2015...

CLIMATE NORMAL PERIOD 1981 TO 2010
CLIMATE RECORD PERIOD 1938 TO 2015


WEATHER ITEM   OBSERVED TIME   RECORD YEAR NORMAL DEPARTURE LAST
                VALUE   (LST)  VALUE       VALUE  FROM      YEAR
                                                  NORMAL
..................................................................
TEMPERATURE (F)
 YESTERDAY
  MAXIMUM         99    552 PM 102    2013  81     18       93
  MINIMUM         54    438 AM  33    1976  45      9       42
  AVERAGE         77                        63     14       68

PRECIPITATION (IN)
  YESTERDAY        0.00          0.81 1983   0.01  -0.01     0.00
  MONTH TO DATE    0.00                      0.01  -0.01     0.00
  SINCE OCT 1      8.56                      9.73  -1.17     6.37
  SINCE JAN 1      4.06                      6.23  -2.17     5.40

DEGREE DAYS
 HEATING
  YESTERDAY        0                         4     -4        0
  MONTH TO DATE    0                         4     -4        0
  SINCE JUN 1     49                       222   -173      185
  SINCE JUL 1      0                         4     -4        0

 COOLING
  YESTERDAY       12                         2     10        3
  MONTH TO DATE   12                         2     10        3
  SINCE JUN 1    122                        22    100       11
  SINCE JAN 1    125                        25    100       11
..................................................................


WIND (MPH)
  HIGHEST WIND SPEED    14   HIGHEST WIND DIRECTION    NW (320)
  HIGHEST GUST SPEED    17   HIGHEST GUST DIRECTION     W (270)
  AVERAGE WIND SPEED     6.0


SKY COVER
  POSSIBLE SUNSHINE  MM
  AVERAGE SKY COVER 0.0


WEATHER CONDITIONS
 THE FOLLOWING WEATHER WAS RECORDED YESTERDAY.
  NO SIGNIFICANT WEATHER WAS OBSERVED.


RELATIVE HUMIDITY (PERCENT)
 HIGHEST    61           400 AM
 LOWEST     12           600 PM
 AVERAGE    37

..........................................................


THE BURNS OR CLIMATE NORMALS FOR TODAY
                         NORMAL    RECORD    YEAR
 MAXIMUM TEMPERATURE (F)   82       102      2013
 MINIMUM TEMPERATURE (F)   45        33      1999


SUNRISE AND SUNSET
JULY  2 2015..........SUNRISE   519 AM PDT   SUNSET   841 PM PDT
JULY  3 2015..........SUNRISE   519 AM PDT   SUNSET   840 PM PDT


-  INDICATES NEGATIVE NUMBERS.
R  INDICATES RECORD WAS SET OR TIED.
MM INDICATES DATA IS MISSING.
T  INDICATES TRACE AMOUNT.




$$
