000
CDUS45 KBOI 180931
CLIBNO


CLIMATE REPORT
NATIONAL WEATHER SERVICE BOISE ID
231 AM MST SAT NOV 18 2017


...................................

...THE BURNS OR CLIMATE SUMMARY FOR NOVEMBER 17 2017...

CLIMATE NORMAL PERIOD 1981 TO 2010
CLIMATE RECORD PERIOD 1938 TO 2017


WEATHER ITEM   OBSERVED TIME   RECORD YEAR NORMAL DEPARTURE LAST
                VALUE   (LST)  VALUE       VALUE  FROM      YEAR
                                                  NORMAL
..................................................................
TEMPERATURE (F)
 YESTERDAY
  MAXIMUM         42    242 PM  65    1976  44     -2       39
  MINIMUM         19   1159 PM   1    2014  21     -2       15
  AVERAGE         31                        33     -2       27

PRECIPITATION (IN)
  YESTERDAY        0.00          0.54 2012   0.04  -0.04     0.00
  MONTH TO DATE    1.21                      0.62   0.59     0.36
  SINCE OCT 1      1.85                      1.40   0.45     1.46
  SINCE JAN 1     10.49                      8.82   1.67     5.98

DEGREE DAYS
 HEATING
  YESTERDAY       34                        32      2       38
  MONTH TO DATE  489                       493     -4      378
  SINCE SEP 1   1529                      1406    123     1290
  SINCE JUL 1   1544                      1543      1     1406

 COOLING
  YESTERDAY        0                         0      0        0
  MONTH TO DATE    0                         0      0        0
  SINCE SEP 1     50                         9     41        0
  SINCE JAN 1    343                       215    128      226
..................................................................


WIND (MPH)
  HIGHEST WIND SPEED    21   HIGHEST WIND DIRECTION     W (270)
  HIGHEST GUST SPEED    25   HIGHEST GUST DIRECTION     W (250)
  AVERAGE WIND SPEED     7.3


SKY COVER
  POSSIBLE SUNSHINE  MM
  AVERAGE SKY COVER 0.4


WEATHER CONDITIONS
 THE FOLLOWING WEATHER WAS RECORDED YESTERDAY.
  NO SIGNIFICANT WEATHER WAS OBSERVED.


RELATIVE HUMIDITY (PERCENT)
 HIGHEST   100           200 AM
 LOWEST     38           200 PM
 AVERAGE    69

..........................................................


THE BURNS OR CLIMATE NORMALS FOR TODAY
                         NORMAL    RECORD    YEAR
 MAXIMUM TEMPERATURE (F)   44        61      2008
 MINIMUM TEMPERATURE (F)   21        -6      1985


SUNRISE AND SUNSET
NOVEMBER 18 2017......SUNRISE   654 AM PST   SUNSET   428 PM PST
NOVEMBER 19 2017......SUNRISE   655 AM PST   SUNSET   427 PM PST


-  INDICATES NEGATIVE NUMBERS.
R  INDICATES RECORD WAS SET OR TIED.
MM INDICATES DATA IS MISSING.
T  INDICATES TRACE AMOUNT.




$$
