000
CDUS45 KBOI 240931
CLIBNO


CLIMATE REPORT
NATIONAL WEATHER SERVICE BOISE ID
331 AM MDT MON JUL 24 2017


...................................

...THE BURNS OR CLIMATE SUMMARY FOR JULY 23 2017...

CLIMATE NORMAL PERIOD 1981 TO 2010
CLIMATE RECORD PERIOD 1938 TO 2017


WEATHER ITEM   OBSERVED TIME   RECORD YEAR NORMAL DEPARTURE LAST
                VALUE   (LST)  VALUE       VALUE  FROM      YEAR
                                                  NORMAL
..................................................................
TEMPERATURE (F)
 YESTERDAY
  MAXIMUM         96    329 PM 103    2003  88      8       85
  MINIMUM         47    438 AM  37    2011  48     -1       41
  AVERAGE         72                        68      4       63

PRECIPITATION (IN)
  YESTERDAY        0.00          0.46 1984   0.01  -0.01     0.00
  MONTH TO DATE    T                         0.30  -0.30     0.14
  SINCE OCT 1     11.85                     10.02   1.83     9.26
  SINCE JAN 1      8.34                      6.52   1.82     4.39

DEGREE DAYS
 HEATING
  YESTERDAY        0                         1     -1        2
  MONTH TO DATE    0                        49    -49       57
  SINCE JUN 1    183                       267    -84      237
  SINCE JUL 1      0                        49    -49       57

 COOLING
  YESTERDAY        7                         4      3        0
  MONTH TO DATE  110                        74     36       17
  SINCE JUN 1    137                        94     43       75
  SINCE JAN 1    138                        97     41       75
..................................................................


WIND (MPH)
  HIGHEST WIND SPEED    16   HIGHEST WIND DIRECTION    NW (320)
  HIGHEST GUST SPEED    21   HIGHEST GUST DIRECTION    NW (330)
  AVERAGE WIND SPEED     6.7


SKY COVER
  POSSIBLE SUNSHINE  MM
  AVERAGE SKY COVER 0.0


WEATHER CONDITIONS
 THE FOLLOWING WEATHER WAS RECORDED YESTERDAY.
  NO SIGNIFICANT WEATHER WAS OBSERVED.


RELATIVE HUMIDITY (PERCENT)
 HIGHEST    66           400 AM
 LOWEST      9           400 PM
 AVERAGE    38

..........................................................


THE BURNS OR CLIMATE NORMALS FOR TODAY
                         NORMAL    RECORD    YEAR
 MAXIMUM TEMPERATURE (F)   88        98      2004
 MINIMUM TEMPERATURE (F)   48        37      2014
                                             2008


SUNRISE AND SUNSET
JULY 24 2017..........SUNRISE   537 AM PDT   SUNSET   827 PM PDT
JULY 25 2017..........SUNRISE   538 AM PDT   SUNSET   826 PM PDT


-  INDICATES NEGATIVE NUMBERS.
R  INDICATES RECORD WAS SET OR TIED.
MM INDICATES DATA IS MISSING.
T  INDICATES TRACE AMOUNT.




$$
