000
CDUS45 KBOI 220137
CLIBNO


CLIMATE REPORT
NATIONAL WEATHER SERVICE BOISE ID
636 PM MST TUE FEB 21 2017


...................................

...THE BURNS OR CLIMATE SUMMARY FOR FEBRUARY 21 2017...
VALID TODAY AS OF 0600 PM LOCAL TIME.

CLIMATE NORMAL PERIOD 1981 TO 2010
CLIMATE RECORD PERIOD 1938 TO 2017


WEATHER ITEM   OBSERVED TIME   RECORD YEAR NORMAL DEPARTURE LAST
                VALUE   (LST)  VALUE       VALUE  FROM      YEAR
                                                  NORMAL
..................................................................
TEMPERATURE (F)
 TODAY
  MAXIMUM         39    236 PM  63    1995  41     -2       42
  MINIMUM         33    751 AM  -4    1952  20     13       17
  AVERAGE         36                        30      6       30

PRECIPITATION (IN)
  TODAY            0.10          0.42 1992   0.04   0.06     0.00
  MONTH TO DATE    1.72                      0.75   0.97     0.19
  SINCE OCT 1      8.47                      5.44   3.03     6.54
  SINCE JAN 1      4.96                      1.94   3.02     1.67

DEGREE DAYS
 HEATING
  TODAY           29                        35     -6       35
  MONTH TO DATE  733                       781    -48      659
  SINCE DEC 1   3747                      3293    454     3058
  SINCE JUL 1   5560                      5294    266     4919

 COOLING
  TODAY            0                         0      0        0
  MONTH TO DATE    0                         0      0        0
  SINCE DEC 1      0                         0      0        0
  SINCE JAN 1      0                         0      0        0
..................................................................


WIND (MPH)
  HIGHEST WIND SPEED    28   HIGHEST WIND DIRECTION     S (160)
  HIGHEST GUST SPEED    33   HIGHEST GUST DIRECTION     S (180)
  AVERAGE WIND SPEED    17.5



WEATHER CONDITIONS
 THE FOLLOWING WEATHER WAS RECORDED TODAY.
  LIGHT RAIN
  FOG


RELATIVE HUMIDITY (PERCENT)
 HIGHEST    89           300 AM
 LOWEST     54           100 PM
 AVERAGE    72

..........................................................


THE BURNS OR CLIMATE NORMALS FOR TOMORROW
                         NORMAL    RECORD    YEAR
 MAXIMUM TEMPERATURE (F)   41        62      1995
 MINIMUM TEMPERATURE (F)   20         1      1952


SUNRISE AND SUNSET
FEBRUARY 21 2017......SUNRISE   645 AM PST   SUNSET   535 PM PST
FEBRUARY 22 2017......SUNRISE   643 AM PST   SUNSET   536 PM PST


-  INDICATES NEGATIVE NUMBERS.
R  INDICATES RECORD WAS SET OR TIED.
MM INDICATES DATA IS MISSING.
T  INDICATES TRACE AMOUNT.




$$
