000
CDUS45 KBOI 290931
CLIBNO


CLIMATE REPORT
NATIONAL WEATHER SERVICE BOISE ID
330 AM MDT WED MAR 29 2017


...................................

...THE BURNS OR CLIMATE SUMMARY FOR MARCH 28 2017...

CLIMATE NORMAL PERIOD 1981 TO 2010
CLIMATE RECORD PERIOD 1938 TO 2017


WEATHER ITEM   OBSERVED TIME   RECORD YEAR NORMAL DEPARTURE LAST
                VALUE   (LST)  VALUE       VALUE  FROM      YEAR
                                                  NORMAL
..................................................................
TEMPERATURE (F)
 YESTERDAY
  MAXIMUM         52    301 PM  73    1978  53     -1       47
                                      1966
  MINIMUM         26    559 AM   8    1975  27     -1       22
  AVERAGE         39                        40     -1       35

PRECIPITATION (IN)
  YESTERDAY        0.00          0.27 1967   0.04  -0.04     0.00
  MONTH TO DATE    1.27                      1.00   0.27     1.33
  SINCE OCT 1      9.78                      6.71   3.07     7.92
  SINCE JAN 1      6.27                      3.21   3.06     3.05

DEGREE DAYS
 HEATING
  YESTERDAY       26                        25      1       30
  MONTH TO DATE  725                       784    -59      682
  SINCE MAR 1    725                       784    -59      682
  SINCE JUL 1   6599                      6312    287     5843

 COOLING
  YESTERDAY        0                         0      0        0
  MONTH TO DATE    0                         0      0        0
  SINCE MAR 1      0                         0      0        0
  SINCE JAN 1      0                         0      0        0
..................................................................


WIND (MPH)
  HIGHEST WIND SPEED    14   HIGHEST WIND DIRECTION     W (250)
  HIGHEST GUST SPEED    17   HIGHEST GUST DIRECTION     W (250)
  AVERAGE WIND SPEED     4.4


SKY COVER
  POSSIBLE SUNSHINE  MM
  AVERAGE SKY COVER 0.4


WEATHER CONDITIONS
 THE FOLLOWING WEATHER WAS RECORDED YESTERDAY.
  NO SIGNIFICANT WEATHER WAS OBSERVED.


RELATIVE HUMIDITY (PERCENT)
 HIGHEST    92           100 AM
 LOWEST     46           300 PM
 AVERAGE    69

..........................................................


THE BURNS OR CLIMATE NORMALS FOR TODAY
                         NORMAL    RECORD    YEAR
 MAXIMUM TEMPERATURE (F)   53        75      1966
 MINIMUM TEMPERATURE (F)   27        13      2008


SUNRISE AND SUNSET
MARCH 29 2017.........SUNRISE   642 AM PDT   SUNSET   719 PM PDT
MARCH 30 2017.........SUNRISE   640 AM PDT   SUNSET   721 PM PDT


-  INDICATES NEGATIVE NUMBERS.
R  INDICATES RECORD WAS SET OR TIED.
MM INDICATES DATA IS MISSING.
T  INDICATES TRACE AMOUNT.




$$
