382
CDUS45 KBOI 220122
CLIBNO


CLIMATE REPORT
NATIONAL WEATHER SERVICE BOISE ID
622 PM MST SUN JAN 21 2018


...................................

...THE BURNS OR CLIMATE SUMMARY FOR JANUARY 21 2018...
VALID TODAY AS OF 0600 PM LOCAL TIME.

CLIMATE NORMAL PERIOD 1981 TO 2010
CLIMATE RECORD PERIOD 1938 TO 2018


WEATHER ITEM   OBSERVED TIME   RECORD YEAR NORMAL DEPARTURE LAST
                VALUE   (LST)  VALUE       VALUE  FROM      YEAR
                                                  NORMAL
..................................................................
TEMPERATURE (F)
 TODAY
  MAXIMUM         34   1222 PM  57    1963  35     -1       31
  MINIMUM         18    431 AM -26    1962  15      3        5
  AVERAGE         26                        25      1       18

PRECIPITATION (IN)
  TODAY            0.16          0.41 1972   0.03   0.13      T
  MONTH TO DATE    0.98                      0.85   0.13     2.95
  SINCE OCT 1      3.64                      4.35  -0.71     6.46
  SINCE JAN 1      0.98                      0.85   0.13     2.95

DEGREE DAYS
 HEATING
  TODAY           39                        40     -1       47
  MONTH TO DATE  701                       851   -150     1133
  SINCE DEC 1   2033                      2117    -84     2482
  SINCE JUL 1   3949                      4118   -169     4295

 COOLING
  TODAY            0                         0      0        0
  MONTH TO DATE    0                         0      0        0
  SINCE DEC 1      0                         0      0        0
  SINCE JAN 1      0                         0      0        0
..................................................................


WIND (MPH)
  HIGHEST WIND SPEED    13   HIGHEST WIND DIRECTION     S (170)
  HIGHEST GUST SPEED    16   HIGHEST GUST DIRECTION     S (170)
  AVERAGE WIND SPEED     5.2



WEATHER CONDITIONS
 THE FOLLOWING WEATHER WAS RECORDED TODAY.
  HEAVY SNOW
  SNOW
  LIGHT SNOW
  FOG
  FOG W/VISIBILITY <= 1/4 MILE


RELATIVE HUMIDITY (PERCENT)
 HIGHEST   100           100 AM
 LOWEST     72          1200 PM
 AVERAGE    86

..........................................................


THE BURNS OR CLIMATE NORMALS FOR TOMORROW
                         NORMAL    RECORD    YEAR
 MAXIMUM TEMPERATURE (F)   35        55      1948
 MINIMUM TEMPERATURE (F)   15       -22      1962


SUNRISE AND SUNSET
JANUARY 21 2018.......SUNRISE   722 AM PST   SUNSET   453 PM PST
JANUARY 22 2018.......SUNRISE   721 AM PST   SUNSET   454 PM PST


-  INDICATES NEGATIVE NUMBERS.
R  INDICATES RECORD WAS SET OR TIED.
MM INDICATES DATA IS MISSING.
T  INDICATES TRACE AMOUNT.




$$
