000
CDUS45 KBOI 050121
CLIBOI


CLIMATE REPORT
NATIONAL WEATHER SERVICE BOISE ID
721 PM MDT SAT JUL 4 2015


...................................

...THE BOISE ID CLIMATE SUMMARY FOR JULY 4 2015...
VALID TODAY AS OF 0600 PM LOCAL TIME.

CLIMATE NORMAL PERIOD 1981 TO 2010
CLIMATE RECORD PERIOD 1878 TO 2015


WEATHER ITEM   OBSERVED TIME   RECORD YEAR NORMAL DEPARTURE LAST
                VALUE   (LST)  VALUE       VALUE  FROM      YEAR
                                                  NORMAL
..................................................................
TEMPERATURE (F)
 TODAY
  MAXIMUM        100    501 PM 106    1937  88     12       99
  MINIMUM         71    553 AM  43    1959  58     13       65
                                      1901
  AVERAGE         86                        73     13       82

PRECIPITATION (IN)
  TODAY            0.00          0.49 1914   0.01  -0.01     0.00
  MONTH TO DATE    0.00                      0.05  -0.05     0.00
  SINCE OCT 1     10.87                     10.63   0.24    11.28
  SINCE JAN 1      4.96                      6.98  -2.02     8.37

DEGREE DAYS
 HEATING
  TODAY            0                         1     -1        0
  MONTH TO DATE    0                         4     -4        0
  SINCE JUN 1      2                        68    -66       36
  SINCE JUL 1      0                         4     -4        0

 COOLING
  TODAY           21                         9     12       17
  MONTH TO DATE   85                        33     52       64
  SINCE JUN 1    423                       172    251      176
  SINCE JAN 1    458                       216    242      200
..................................................................


WIND (MPH)
  HIGHEST WIND SPEED    14   HIGHEST WIND DIRECTION    NW (330)
  HIGHEST GUST SPEED    20   HIGHEST GUST DIRECTION    NW (320)
  AVERAGE WIND SPEED     6.9



WEATHER CONDITIONS
 THE FOLLOWING WEATHER WAS RECORDED TODAY.
  NO SIGNIFICANT WEATHER WAS OBSERVED.


RELATIVE HUMIDITY (PERCENT)
 HIGHEST    33           400 AM
 LOWEST     10           400 PM
 AVERAGE    22

..........................................................


THE BOISE ID CLIMATE NORMALS FOR TOMORROW
                         NORMAL    RECORD    YEAR
 MAXIMUM TEMPERATURE (F)   89       106      1896
 MINIMUM TEMPERATURE (F)   58        35      1986


SUNRISE AND SUNSET
JULY  4 2015..........SUNRISE   609 AM MDT   SUNSET   929 PM MDT
JULY  5 2015..........SUNRISE   610 AM MDT   SUNSET   929 PM MDT


-  INDICATES NEGATIVE NUMBERS.
R  INDICATES RECORD WAS SET OR TIED.
MM INDICATES DATA IS MISSING.
T  INDICATES TRACE AMOUNT.




$$
