000
CDUS45 KBOI 200120
CLIBOI


CLIMATE REPORT
NATIONAL WEATHER SERVICE BOISE ID
720 PM MDT SAT AUG 19 2017


...................................

...THE BOISE ID CLIMATE SUMMARY FOR AUGUST 19 2017...
VALID TODAY AS OF 0600 PM LOCAL TIME.

CLIMATE NORMAL PERIOD 1981 TO 2010
CLIMATE RECORD PERIOD 1875 TO 2017


WEATHER ITEM   OBSERVED TIME   RECORD YEAR NORMAL DEPARTURE LAST
                VALUE   (LST)  VALUE       VALUE  FROM      YEAR
                                                  NORMAL
..................................................................
TEMPERATURE (F)
 TODAY
  MAXIMUM         87    541 PM 105    1946  89     -2       93
  MINIMUM         58    604 AM  39    1916  59     -1       61
  AVERAGE         73                        74     -1       77

PRECIPITATION (IN)
  TODAY            0.00          0.29 1889   0.01  -0.01     0.00
  MONTH TO DATE    0.08                      0.14  -0.06      T
  SINCE OCT 1     14.78                     11.05   3.73     9.31
  SINCE JAN 1     11.28                      7.40   3.88     4.97

DEGREE DAYS
 HEATING
  TODAY            0                         0      0        0
  MONTH TO DATE    0                         0      0        0
  SINCE JUN 1     45                        72    -27       45
  SINCE JUL 1      0                         8     -8        8

 COOLING
  TODAY            8                        10     -2       12
  MONTH TO DATE  252                       213     39      216
  SINCE JUN 1    944                       694    250      802
  SINCE JAN 1   1006                       738    268      833
..................................................................


WIND (MPH)
  HIGHEST WIND SPEED    17   HIGHEST WIND DIRECTION    NW (330)
  HIGHEST GUST SPEED    29   HIGHEST GUST DIRECTION    NW (310)
  AVERAGE WIND SPEED     7.2



WEATHER CONDITIONS
 THE FOLLOWING WEATHER WAS RECORDED TODAY.
  NO SIGNIFICANT WEATHER WAS OBSERVED.


RELATIVE HUMIDITY (PERCENT)
 HIGHEST    37           800 AM
 LOWEST     15           500 PM
 AVERAGE    26

..........................................................


THE BOISE ID CLIMATE NORMALS FOR TOMORROW
                         NORMAL    RECORD    YEAR
 MAXIMUM TEMPERATURE (F)   89       103      1967
 MINIMUM TEMPERATURE (F)   59        39      1918


SUNRISE AND SUNSET
AUGUST 19 2017........SUNRISE   654 AM MDT   SUNSET   841 PM MDT
AUGUST 20 2017........SUNRISE   656 AM MDT   SUNSET   840 PM MDT


-  INDICATES NEGATIVE NUMBERS.
R  INDICATES RECORD WAS SET OR TIED.
MM INDICATES DATA IS MISSING.
T  INDICATES TRACE AMOUNT.




$$
