000
CDUS45 KBOI 300931
CLIBOI


CLIMATE REPORT
NATIONAL WEATHER SERVICE BOISE ID
330 AM MDT SAT APR 30 2016


...................................

...THE BOISE ID CLIMATE SUMMARY FOR APRIL 29 2016...

CLIMATE NORMAL PERIOD 1981 TO 2010
CLIMATE RECORD PERIOD 1875 TO 2016


WEATHER ITEM   OBSERVED TIME   RECORD YEAR NORMAL DEPARTURE LAST
                VALUE   (LST)  VALUE       VALUE  FROM      YEAR
                                                  NORMAL
..................................................................
TEMPERATURE (F)
 YESTERDAY
  MAXIMUM         64    343 PM  89    1992  66     -2       73
  MINIMUM         46   1159 PM  27    1975  42      4       50
                                      1962
                                      1954
  AVERAGE         55                        54      1       62

PRECIPITATION (IN)
  YESTERDAY        0.00          0.56 1933   0.04  -0.04     0.00
  MONTH TO DATE    0.69                      1.19  -0.50     0.60
  SINCE OCT 1      7.99                      8.46  -0.47     9.20
  SINCE JAN 1      3.65                      4.81  -1.16     3.29

SNOWFALL (IN)
  YESTERDAY        0.0           0.2  1972   0.0    0.0      0.0
  MONTH TO DATE    0.0                       0.3   -0.3       T
  SINCE OCT 1     10.9                      19.2   -8.3     13.3
  SINCE JUL 1     10.9                      19.2   -8.3     13.3
  SNOW DEPTH       0

DEGREE DAYS
 HEATING
  YESTERDAY       10                        11     -1        3
  MONTH TO DATE  245                       419   -174      397
  SINCE MAR 1    780                      1055   -275      864
  SINCE JUL 1   4529                      5214   -685     4459

 COOLING
  YESTERDAY        0                         0      0        0
  MONTH TO DATE    5                         0      5        0
  SINCE MAR 1      5                         0      5        0
  SINCE JAN 1      5                         0      5        0
..................................................................


WIND (MPH)
  HIGHEST WIND SPEED    25   HIGHEST WIND DIRECTION    NW (320)
  HIGHEST GUST SPEED    32   HIGHEST GUST DIRECTION    NW (330)
  AVERAGE WIND SPEED    12.8


SKY COVER
  POSSIBLE SUNSHINE  MM
  AVERAGE SKY COVER 0.5


WEATHER CONDITIONS
 THE FOLLOWING WEATHER WAS RECORDED YESTERDAY.
  NO SIGNIFICANT WEATHER WAS OBSERVED.


RELATIVE HUMIDITY (PERCENT)
 HIGHEST    76           700 AM
 LOWEST     36           300 PM
 AVERAGE    56

..........................................................


THE BOISE ID CLIMATE NORMALS FOR TODAY
                         NORMAL    RECORD    YEAR
 MAXIMUM TEMPERATURE (F)   67        84      1998
 MINIMUM TEMPERATURE (F)   42        25      1972


SUNRISE AND SUNSET
APRIL 30 2016.........SUNRISE   638 AM MDT   SUNSET   847 PM MDT
MAY  1 2016...........SUNRISE   637 AM MDT   SUNSET   848 PM MDT


-  INDICATES NEGATIVE NUMBERS.
R  INDICATES RECORD WAS SET OR TIED.
MM INDICATES DATA IS MISSING.
T  INDICATES TRACE AMOUNT.




$$
