000
CDUS45 KBOI 310932
CLIBOI


CLIMATE REPORT
NATIONAL WEATHER SERVICE BOISE ID
332 AM MDT WED AUG 31 2016


...................................

...THE BOISE ID CLIMATE SUMMARY FOR AUGUST 30 2016...

CLIMATE NORMAL PERIOD 1981 TO 2010
CLIMATE RECORD PERIOD 1875 TO 2016


WEATHER ITEM   OBSERVED TIME   RECORD YEAR NORMAL DEPARTURE LAST
                VALUE   (LST)  VALUE       VALUE  FROM      YEAR
                                                  NORMAL
..................................................................
TEMPERATURE (F)
 YESTERDAY
  MAXIMUM         90    530 PM 105    1955  85      5       80
  MINIMUM         66   1159 PM  37    1965  56     10       56
  AVERAGE         78                        71      7       68

PRECIPITATION (IN)
  YESTERDAY        0.00          0.60 1896   0.01  -0.01     0.00
  MONTH TO DATE    T                         0.23  -0.23     0.18
  SINCE OCT 1      9.31                     11.14  -1.83    12.02
  SINCE JAN 1      4.97                      7.49  -2.52     6.11

SNOWFALL (IN)
  YESTERDAY        0.0           0.0  2006   0.0    0.0      0.0
  MONTH TO DATE    0.0                       0.0    0.0      0.0
  SINCE OCT 1     10.9                      19.2   -8.3     13.3
  SINCE JUL 1      0.0                       0.0    0.0      0.0
  SNOW DEPTH       0

DEGREE DAYS
 HEATING
  YESTERDAY        0                         1     -1        0
  MONTH TO DATE    0                         5     -5        0
  SINCE JUN 1     45                        77    -32        2
  SINCE JUL 1      8                        13     -5        0

 COOLING
  YESTERDAY       13                         7      6        3
  MONTH TO DATE  308                       300      8      391
  SINCE JUN 1    894                       781    113     1098
  SINCE JAN 1    925                       825    100     1133
..................................................................


WIND (MPH)
  HIGHEST WIND SPEED    16   HIGHEST WIND DIRECTION    NW (300)
  HIGHEST GUST SPEED    19   HIGHEST GUST DIRECTION     W (280)
  AVERAGE WIND SPEED     6.4


SKY COVER
  POSSIBLE SUNSHINE  MM
  AVERAGE SKY COVER 0.0


WEATHER CONDITIONS
 THE FOLLOWING WEATHER WAS RECORDED YESTERDAY.
  HAZE


RELATIVE HUMIDITY (PERCENT)
 HIGHEST    37           800 AM
 LOWEST     16           600 PM
 AVERAGE    27

..........................................................


THE BOISE ID CLIMATE NORMALS FOR TODAY
                         NORMAL    RECORD    YEAR
 MAXIMUM TEMPERATURE (F)   85       102      2004
 MINIMUM TEMPERATURE (F)   56        39      1887


SUNRISE AND SUNSET
AUGUST 31 2016........SUNRISE   708 AM MDT   SUNSET   821 PM MDT
SEPTEMBER  1 2016.....SUNRISE   709 AM MDT   SUNSET   819 PM MDT


-  INDICATES NEGATIVE NUMBERS.
R  INDICATES RECORD WAS SET OR TIED.
MM INDICATES DATA IS MISSING.
T  INDICATES TRACE AMOUNT.




$$
