000
CDUS45 KBOI 170932
CLIBOI


CLIMATE REPORT
NATIONAL WEATHER SERVICE BOISE ID
232 AM MST WED JAN 17 2018


...................................

...THE BOISE ID CLIMATE SUMMARY FOR JANUARY 16 2018...

CLIMATE NORMAL PERIOD 1981 TO 2010
CLIMATE RECORD PERIOD 1875 TO 2018


WEATHER ITEM   OBSERVED TIME   RECORD YEAR NORMAL DEPARTURE LAST
                VALUE   (LST)  VALUE       VALUE  FROM      YEAR
                                                  NORMAL
..................................................................
TEMPERATURE (F)
 YESTERDAY
  MAXIMUM         44    436 PM  57    2000  38      6       13
                                      1923
  MINIMUM         32    740 AM -28    1888  25      7       -1
  AVERAGE         38                        31      7        6

PRECIPITATION (IN)
  YESTERDAY        0.06          1.40 1896   0.04   0.02      T
  MONTH TO DATE    0.71                      0.70   0.01     2.13
  SINCE OCT 1      4.10                      4.35  -0.25     5.63
  SINCE JAN 1      0.71                      0.70   0.01     2.13

SNOWFALL (IN)
  YESTERDAY        T             3.4  1930   0.2   -0.2       T
  MONTH TO DATE    T                         3.0   -3.0     15.9
  SINCE OCT 1      9.8                      12.7   -2.9     29.9
  SINCE JUL 1      9.8                      12.7   -2.9     29.9
  SNOW DEPTH       0

DEGREE DAYS
 HEATING
  YESTERDAY       27                        34     -7       59
  MONTH TO DATE  463                       554    -91      746
  SINCE DEC 1   1583                      1615    -32     2030
  SINCE JUL 1   2807                      2869    -62     2935

 COOLING
  YESTERDAY        0                         0      0        0
  MONTH TO DATE    0                         0      0        0
  SINCE DEC 1      0                         0      0        0
  SINCE JAN 1      0                         0      0        0
..................................................................


WIND (MPH)
  HIGHEST WIND SPEED    20   HIGHEST WIND DIRECTION    SE (120)
  HIGHEST GUST SPEED    24   HIGHEST GUST DIRECTION    SE (120)
  AVERAGE WIND SPEED     6.4


SKY COVER
  POSSIBLE SUNSHINE  MM
  AVERAGE SKY COVER 0.5


WEATHER CONDITIONS
 THE FOLLOWING WEATHER WAS RECORDED YESTERDAY.
  MIXED PRECIP
  LIGHT RAIN
  LIGHT SNOW
  FOG
  FOG W/VISIBILITY <= 1/4 MILE
  HAZE


RELATIVE HUMIDITY (PERCENT)
 HIGHEST    96          1100 PM
 LOWEST     70          1200 AM
 AVERAGE    83

..........................................................


THE BOISE ID CLIMATE NORMALS FOR TODAY
                         NORMAL    RECORD    YEAR
 MAXIMUM TEMPERATURE (F)   38        58      1923
 MINIMUM TEMPERATURE (F)   25       -20      1883


SUNRISE AND SUNSET
JANUARY 17 2018.......SUNRISE   814 AM MST   SUNSET   537 PM MST
JANUARY 18 2018.......SUNRISE   813 AM MST   SUNSET   538 PM MST


-  INDICATES NEGATIVE NUMBERS.
R  INDICATES RECORD WAS SET OR TIED.
MM INDICATES DATA IS MISSING.
T  INDICATES TRACE AMOUNT.




$$
