000
CDUS45 KBOI 230121
CLIBOI


CLIMATE REPORT
NATIONAL WEATHER SERVICE BOISE ID
720 PM MDT TUE JUL 22 2014


...................................

...THE BOISE ID CLIMATE SUMMARY FOR JULY 22 2014...
VALID TODAY AS OF 0600 PM LOCAL TIME.

CLIMATE NORMAL PERIOD 1981 TO 2010
CLIMATE RECORD PERIOD 1878 TO 2014


WEATHER ITEM   OBSERVED TIME   RECORD YEAR NORMAL DEPARTURE LAST
                VALUE   (LST)  VALUE       VALUE  FROM      YEAR
                                                  NORMAL
..................................................................
TEMPERATURE (F)
 TODAY
  MAXIMUM         93    551 PM 108    2003  93      0       98
  MINIMUM         66    507 AM  44    1954  62      4       63
                                      1914
  AVERAGE         80                        77      3       81

PRECIPITATION (IN)
  TODAY            0.00          0.22 2008   0.01  -0.01     0.00
  MONTH TO DATE    0.06                      0.25  -0.19     0.13
  SINCE OCT 1     11.34                     10.83   0.51     7.11
  SINCE JAN 1      8.43                      7.18   1.25     4.46

DEGREE DAYS
 HEATING
  TODAY            0                         0      0        0
  MONTH TO DATE    0                         4     -4        0
  SINCE JUN 1     36                        68    -32       35
  SINCE JUL 1      0                         4     -4        0

 COOLING
  TODAY           15                        12      3       16
  MONTH TO DATE  378                       228    150      371
  SINCE JUN 1    490                       367    123      562
  SINCE JAN 1    514                       411    103      609
..................................................................


WIND (MPH)
  HIGHEST WIND SPEED    16   HIGHEST WIND DIRECTION    SE (140)
  HIGHEST GUST SPEED    20   HIGHEST GUST DIRECTION     N (340)
  AVERAGE WIND SPEED     7.0



WEATHER CONDITIONS
 THE FOLLOWING WEATHER WAS RECORDED TODAY.
  NO SIGNIFICANT WEATHER WAS OBSERVED.


RELATIVE HUMIDITY (PERCENT)
 HIGHEST    68           400 AM
 LOWEST     18           200 PM
 AVERAGE    43

..........................................................


THE BOISE ID CLIMATE NORMALS FOR TOMORROW
                         NORMAL    RECORD    YEAR
 MAXIMUM TEMPERATURE (F)   93       107      2003
 MINIMUM TEMPERATURE (F)   62        42      1892


SUNRISE AND SUNSET
JULY 22 2014..........SUNRISE   624 AM MDT   SUNSET   918 PM MDT
JULY 23 2014..........SUNRISE   625 AM MDT   SUNSET   917 PM MDT


-  INDICATES NEGATIVE NUMBERS.
R  INDICATES RECORD WAS SET OR TIED.
MM INDICATES DATA IS MISSING.
T  INDICATES TRACE AMOUNT.




$$
