000
CDUS45 KBOI 230932
CLIBOI


CLIMATE REPORT
NATIONAL WEATHER SERVICE BOISE ID
331 AM MDT MON OCT 23 2017


...................................

...THE BOISE ID CLIMATE SUMMARY FOR OCTOBER 22 2017...

CLIMATE NORMAL PERIOD 1981 TO 2010
CLIMATE RECORD PERIOD 1875 TO 2017


WEATHER ITEM   OBSERVED TIME   RECORD YEAR NORMAL DEPARTURE LAST
                VALUE   (LST)  VALUE       VALUE  FROM      YEAR
                                                  NORMAL
..................................................................
TEMPERATURE (F)
 YESTERDAY
  MAXIMUM         64    318 PM  82    1915  62      2       65
  MINIMUM         46   1159 PM  20    1980  39      7       41
  AVERAGE         55                        50      5       53

PRECIPITATION (IN)
  YESTERDAY        T             0.48 1985   0.02  -0.02     0.00
  MONTH TO DATE    0.60                      0.48   0.12     0.68
  SINCE OCT 1      0.60                      0.48   0.12     0.68
  SINCE JAN 1     12.58                      8.56   4.02     5.86

SNOWFALL (IN)
  YESTERDAY        0.0           0.0  2006   0.0    0.0      0.0
  MONTH TO DATE    T                         0.0    0.0      0.0
  SINCE OCT 1      T                         0.0    0.0      0.0
  SINCE JUL 1      T                         0.0    0.0      0.0
  SNOW DEPTH       0

DEGREE DAYS
 HEATING
  YESTERDAY       10                        15     -5       12
  MONTH TO DATE  330                       235     95      197
  SINCE SEP 1    461                       338    123      286
  SINCE JUL 1    461                       356    105      294

 COOLING
  YESTERDAY        0                         0      0        0
  MONTH TO DATE    0                         7     -7        1
  SINCE SEP 1    175                       107     68       64
  SINCE JAN 1   1341                       941    400     1001
..................................................................


WIND (MPH)
  HIGHEST WIND SPEED    21   HIGHEST WIND DIRECTION    SE (120)
  HIGHEST GUST SPEED    26   HIGHEST GUST DIRECTION    SE (120)
  AVERAGE WIND SPEED     9.2


SKY COVER
  POSSIBLE SUNSHINE  MM
  AVERAGE SKY COVER 0.8


WEATHER CONDITIONS
 THE FOLLOWING WEATHER WAS RECORDED YESTERDAY.
  LIGHT RAIN


RELATIVE HUMIDITY (PERCENT)
 HIGHEST    93          1100 PM
 LOWEST     48           200 PM
 AVERAGE    71

..........................................................


THE BOISE ID CLIMATE NORMALS FOR TODAY
                         NORMAL    RECORD    YEAR
 MAXIMUM TEMPERATURE (F)   61        79      1960
                                             1948
                                             1939
 MINIMUM TEMPERATURE (F)   39        20      1945


SUNRISE AND SUNSET
OCTOBER 23 2017.......SUNRISE   809 AM MDT   SUNSET   648 PM MDT
OCTOBER 24 2017.......SUNRISE   811 AM MDT   SUNSET   647 PM MDT


-  INDICATES NEGATIVE NUMBERS.
R  INDICATES RECORD WAS SET OR TIED.
MM INDICATES DATA IS MISSING.
T  INDICATES TRACE AMOUNT.




$$
