051
CDUS41 KBOX 290616
CLIBOS


CLIMATE REPORT
NATIONAL WEATHER SERVICE TAUNTON MA
206 AM EDT MON AUG 29 2016


...................................

...THE BOSTON MA CLIMATE SUMMARY FOR AUGUST 28 2016...

CLIMATE NORMAL PERIOD 1981 TO 2010
CLIMATE RECORD PERIOD 1872 TO 2016


WEATHER ITEM   OBSERVED TIME   RECORD YEAR NORMAL DEPARTURE LAST
                VALUE   (LST)  VALUE       VALUE  FROM      YEAR
                                                  NORMAL
..................................................................
TEMPERATURE (F)
 YESTERDAY
  MAXIMUM         78    143 PM  99    1948  78      0       75
  MINIMUM         66    515 AM  47    1885  63      3       64
  AVERAGE         72                        70      2       70

PRECIPITATION (IN)
  YESTERDAY        0.00          1.31 1891   0.09  -0.09     0.00
  MONTH TO DATE    1.72                      3.06  -1.34     2.19
  SINCE JUN 1      3.92                     10.17  -6.25     9.29
  SINCE JAN 1     20.26                     28.33  -8.07    22.78

SNOWFALL (IN)
  YESTERDAY        0.0           0.0  2002   0.0    0.0      0.0
                                      2001
                                      2000
  MONTH TO DATE    0.0                       0.0    0.0      0.0
  SINCE JUN 1      0.0                       0.0    0.0      0.0
  SINCE JUL 1      0.0                       0.0    0.0      0.0
  SNOW DEPTH       0

DEGREE DAYS
 HEATING
  YESTERDAY        0                         0      0        0
  MONTH TO DATE    0                         0      0        0
  SINCE JUN 1     24                        61    -37       99
  SINCE JUL 1      7                         6      1        1

 COOLING
  YESTERDAY        7                         6      1        5
  MONTH TO DATE  331                       211    120      269
  SINCE JUN 1    818                       613    205      651
  SINCE JAN 1    863                       643    220      712
..................................................................


WIND (MPH)
  RESULTANT WIND SPEED   8   RESULTANT WIND DIRECTION  SE (140)
  HIGHEST WIND SPEED    23   HIGHEST WIND DIRECTION     E (110)
  HIGHEST GUST SPEED    26   HIGHEST GUST DIRECTION     E (110)
  AVERAGE WIND SPEED    10.7


SKY COVER
  POSSIBLE SUNSHINE  MM
  AVERAGE SKY COVER 0.4


WEATHER CONDITIONS
 THE FOLLOWING WEATHER WAS RECORDED YESTERDAY.
  NO SIGNIFICANT WEATHER WAS OBSERVED.


RELATIVE HUMIDITY (PERCENT)
 HIGHEST    93           500 AM
 LOWEST     54          1100 AM
 AVERAGE    74

..........................................................


THE BOSTON MA CLIMATE NORMALS FOR TODAY
                         NORMAL    RECORD    YEAR
 MAXIMUM TEMPERATURE (F)   78        96      1953
 MINIMUM TEMPERATURE (F)   63        47      1986
                                             1908


SUNRISE AND SUNSET
AUGUST 29 2016........SUNRISE   607 AM EDT   SUNSET   722 PM EDT
AUGUST 30 2016........SUNRISE   608 AM EDT   SUNSET   721 PM EDT


-  INDICATES NEGATIVE NUMBERS.
R  INDICATES RECORD WAS SET OR TIED.
MM INDICATES DATA IS MISSING.
T  INDICATES TRACE AMOUNT.




$$
