000
CDUS41 KBOX 160539
CLIBOS


CLIMATE REPORT
NATIONAL WEATHER SERVICE TAUNTON MA
136 AM EDT WED APR 16 2014


...................................

...THE BOSTON MA CLIMATE SUMMARY FOR APRIL 15 2014...

CLIMATE NORMAL PERIOD 1981 TO 2010
CLIMATE RECORD PERIOD 1872 TO 2014


WEATHER ITEM   OBSERVED TIME   RECORD YEAR NORMAL DEPARTURE LAST
                VALUE   (LST)  VALUE       VALUE  FROM      YEAR
                                                  NORMAL
..................................................................
TEMPERATURE (F)
 YESTERDAY
  MAXIMUM         68   1207 PM  82    1896  55     13       49
  MINIMUM         41   1159 PM  28    1943  41      0       38
  AVERAGE         55                        48      7       44

PRECIPITATION (IN)
  YESTERDAY        0.62          2.05 1903   0.12   0.50     0.00
  MONTH TO DATE    1.90                      2.04  -0.14     0.78
  SINCE MAR 1      6.38                      6.36   0.02     4.10
  SINCE JAN 1     13.75                     12.97   0.78    10.44

SNOWFALL (IN)
  YESTERDAY        0.0           0.1  1916   0.1   -0.1      0.0
  MONTH TO DATE    0.0                       1.5   -1.5       T
  SINCE MAR 1      2.2                       9.3   -7.1     20.6
  SINCE JUL 1     58.6                      43.4   15.2     63.4
  SNOW DEPTH      MM

DEGREE DAYS
 HEATING
  YESTERDAY       10                        17     -7       21
  MONTH TO DATE  222                       293    -71      287
  SINCE MAR 1   1192                      1122     70     1126
  SINCE JUL 1   5340                      5164    176     4928

 COOLING
  YESTERDAY        0                         0      0        0
  MONTH TO DATE    1                         0      1        0
  SINCE MAR 1      1                         0      1        0
  SINCE JAN 1      1                         0      1        0
..................................................................


WIND (MPH)
  RESULTANT WIND SPEED  19   RESULTANT WIND DIRECTION  SW (210)
  HIGHEST WIND SPEED    45   HIGHEST WIND DIRECTION     S (190)
  HIGHEST GUST SPEED    58   HIGHEST GUST DIRECTION     S (180)
  AVERAGE WIND SPEED    23.6


SKY COVER
  POSSIBLE SUNSHINE  MM
  AVERAGE SKY COVER 1.0


WEATHER CONDITIONS
 THE FOLLOWING WEATHER WAS RECORDED YESTERDAY.
  HEAVY RAIN
  RAIN
  LIGHT RAIN
  FOG


RELATIVE HUMIDITY (PERCENT)
 HIGHEST    90           800 AM
 LOWEST     63          1200 PM
 AVERAGE    77

..........................................................


THE BOSTON MA CLIMATE NORMALS FOR TODAY
                         NORMAL    RECORD    YEAR
 MAXIMUM TEMPERATURE (F)   56        87      2012
 MINIMUM TEMPERATURE (F)   41        28      1943
                                             1928
                                             1908


SUNRISE AND SUNSET
APRIL 16 2014.........SUNRISE   602 AM EDT   SUNSET   727 PM EDT
APRIL 17 2014.........SUNRISE   600 AM EDT   SUNSET   728 PM EDT


-  INDICATES NEGATIVE NUMBERS.
R  INDICATES RECORD WAS SET OR TIED.
MM INDICATES DATA IS MISSING.
T  INDICATES TRACE AMOUNT.




$$
