000
CDUS41 KBOX 250603
CLIBOS


CLIMATE REPORT
NATIONAL WEATHER SERVICE TAUNTON MA
158 AM EDT FRI JUL 25 2014


...................................

...THE BOSTON MA CLIMATE SUMMARY FOR JULY 24 2014...

CLIMATE NORMAL PERIOD 1981 TO 2010
CLIMATE RECORD PERIOD 1872 TO 2014


WEATHER ITEM   OBSERVED TIME   RECORD YEAR NORMAL DEPARTURE LAST
                VALUE   (LST)  VALUE       VALUE  FROM      YEAR
                                                  NORMAL
..................................................................
TEMPERATURE (F)
 YESTERDAY
  MAXIMUM         76    724 AM  98    1933  82     -6       88
  MINIMUM         63   1058 PM  54    1893  66     -3       66
  AVERAGE         70                        74     -4       77

PRECIPITATION (IN)
  YESTERDAY        T             2.40 1988   0.11  -0.11     0.00
  MONTH TO DATE    4.11                      2.56   1.55     2.00
  SINCE JUN 1      6.73                      6.24   0.49    12.50
  SINCE JAN 1     24.68                     24.40   0.28    26.75

SNOWFALL (IN)
  YESTERDAY        0.0           0.0  2002   0.0    0.0      0.0
                                      2001
                                      2000
  MONTH TO DATE    0.0                       0.0    0.0      0.0
  SINCE JUN 1      0.0                       0.0    0.0      0.0
  SINCE JUL 1      0.0                       0.0    0.0      0.0
  SNOW DEPTH       0

DEGREE DAYS
 HEATING
  YESTERDAY        0                         0      0        0
  MONTH TO DATE    0                         0      0        0
  SINCE JUN 1     28                        55    -27       25
  SINCE JUL 1      0                         0      0        0

 COOLING
  YESTERDAY        5                         9     -4       12
  MONTH TO DATE  235                       205     30      339
  SINCE JUN 1    373                       341     32      510
  SINCE JAN 1    395                       371     24      548
..................................................................


WIND (MPH)
  RESULTANT WIND SPEED   4   RESULTANT WIND DIRECTION  NE (30)
  HIGHEST WIND SPEED    16   HIGHEST WIND DIRECTION    NE (30)
  HIGHEST GUST SPEED    20   HIGHEST GUST DIRECTION    NE (40)
  AVERAGE WIND SPEED     7.7


SKY COVER
  POSSIBLE SUNSHINE  MM
  AVERAGE SKY COVER 0.8


WEATHER CONDITIONS
 THE FOLLOWING WEATHER WAS RECORDED YESTERDAY.
  NO SIGNIFICANT WEATHER WAS OBSERVED.


RELATIVE HUMIDITY (PERCENT)
 HIGHEST    93           700 PM
 LOWEST     68           200 PM
 AVERAGE    81

..........................................................


THE BOSTON MA CLIMATE NORMALS FOR TODAY
                         NORMAL    RECORD    YEAR
 MAXIMUM TEMPERATURE (F)   82        96      1882
 MINIMUM TEMPERATURE (F)   66        53      1901


SUNRISE AND SUNSET
JULY 25 2014..........SUNRISE   530 AM EDT   SUNSET   811 PM EDT
JULY 26 2014..........SUNRISE   531 AM EDT   SUNSET   810 PM EDT


-  INDICATES NEGATIVE NUMBERS.
R  INDICATES RECORD WAS SET OR TIED.
MM INDICATES DATA IS MISSING.
T  INDICATES TRACE AMOUNT.




$$
