000
CDUS45 KRIW 270742
CLIBPI


CLIMATE REPORT
NATIONAL WEATHER SERVICE RIVERTON WY
128 AM MDT THU AUG 27 2015


...................................

...THE BIG PINEY WY CLIMATE SUMMARY FOR AUGUST 26 2015...

CLIMATE NORMAL PERIOD 1981 TO 2010
CLIMATE RECORD PERIOD 1976 TO 2015


WEATHER ITEM   OBSERVED TIME   RECORD YEAR NORMAL DEPARTURE LAST
                VALUE   (LST)  VALUE       VALUE  FROM      YEAR
                                                  NORMAL
..................................................................
TEMPERATURE (F)
 YESTERDAY
  MAXIMUM         76   1132 AM  88    2010  76      0       67
  MINIMUM         54   1159 PM  19    1992  38     16       42
  AVERAGE         65                        57      8       55

PRECIPITATION (IN)
  YESTERDAY        T             0.25 1998   0.01  -0.01     0.02
  MONTH TO DATE    0.39                      0.57  -0.18     1.41
  SINCE JUN 1      2.35                      2.07   0.28     2.03
  SINCE JAN 1      5.33                      4.54   0.79     3.18

DEGREE DAYS
 HEATING
  YESTERDAY        0                         8     -8       10
  MONTH TO DATE  102                       132    -30      123
  SINCE JUN 1    395                       554   -159      524
  SINCE JUL 1    260                       249     11      177

 COOLING
  YESTERDAY        0                         0      0        0
  MONTH TO DATE   10                        12     -2        0
  SINCE JUN 1     52                        36     16       26
  SINCE JAN 1     52                        36     16       26
..................................................................


WIND (MPH)
  HIGHEST WIND SPEED    23   HIGHEST WIND DIRECTION    NE (30)
  HIGHEST GUST SPEED    30   HIGHEST GUST DIRECTION     N (10)
  AVERAGE WIND SPEED    11.9


SKY COVER
  POSSIBLE SUNSHINE  MM
  AVERAGE SKY COVER 0.6


WEATHER CONDITIONS
 THE FOLLOWING WEATHER WAS RECORDED YESTERDAY.
  LIGHT RAIN


RELATIVE HUMIDITY (PERCENT)
 HIGHEST    86          1000 PM
 LOWEST     33          1200 PM
 AVERAGE    60

..........................................................


THE BIG PINEY WY CLIMATE NORMALS FOR TODAY
                         NORMAL    RECORD    YEAR
 MAXIMUM TEMPERATURE (F)   76        87      2001
 MINIMUM TEMPERATURE (F)   38        19      1992


SUNRISE AND SUNSET
AUGUST 27 2015........SUNRISE   640 AM MDT   SUNSET   803 PM MDT
AUGUST 28 2015........SUNRISE   641 AM MDT   SUNSET   802 PM MDT


-  INDICATES NEGATIVE NUMBERS.
R  INDICATES RECORD WAS SET OR TIED.
MM INDICATES DATA IS MISSING.
T  INDICATES TRACE AMOUNT.




$$
