000
CDUS45 KRIW 080035
CLIBPI


CLIMATE REPORT
NATIONAL WEATHER SERVICE RIVERTON WY
635 PM MDT TUE JUL 7 2015


...................................

...THE BIG PINEY WY CLIMATE SUMMARY FOR JULY 7 2015...
VALID TODAY AS OF 0500 PM LOCAL TIME.

CLIMATE NORMAL PERIOD 1981 TO 2010
CLIMATE RECORD PERIOD 1976 TO 2015


WEATHER ITEM   OBSERVED TIME   RECORD YEAR NORMAL DEPARTURE LAST
                VALUE   (LST)  VALUE       VALUE  FROM      YEAR
                                                  NORMAL
..................................................................
TEMPERATURE (F)
 TODAY
  MAXIMUM         70        MM  89    2007  79     -9       88
                                      2002
                                      1989
  MINIMUM         50        MM  28    1993  43      7       42
                                      1986
  AVERAGE         60

PRECIPITATION (IN)
  TODAY            T             0.11 2011   0.02  -0.02     0.00
  MONTH TO DATE    0.92                      0.14   0.78     0.11
  SINCE JUN 1      1.15                      0.93   0.22     0.29
  SINCE JAN 1      4.13                      3.40   0.73     1.44

DEGREE DAYS
 HEATING
  TODAY            5                         4      1        0
  MONTH TO DATE   10                        36    -26       21
  SINCE JUN 1    145                       341   -196      368
  SINCE JUL 1     10                        36    -26       21

 COOLING
  TODAY            0                         0      0        0
  MONTH TO DATE   18                         0     18        2
  SINCE JUN 1     42                         2     40        2
  SINCE JAN 1     42                         2     40        2
..................................................................


WIND (MPH)
  HIGHEST WIND SPEED    17   HIGHEST WIND DIRECTION    SE (120)
  HIGHEST GUST SPEED    MM   HIGHEST GUST DIRECTION    MM
  AVERAGE WIND SPEED     5.8


SKY COVER
  POSSIBLE SUNSHINE  MM
  AVERAGE SKY COVER 0.4


WEATHER CONDITIONS
 THE FOLLOWING WEATHER WAS RECORDED TODAY.
  THUNDERSTORM


RELATIVE HUMIDITY (PERCENT)
 HIGHEST    96           400 AM
 LOWEST     44           400 PM
 AVERAGE    70

..........................................................


THE BIG PINEY WY CLIMATE NORMALS FOR TOMORROW
                         NORMAL    RECORD    YEAR
 MAXIMUM TEMPERATURE (F)   80        92      2002
 MINIMUM TEMPERATURE (F)   43        31      1993


SUNRISE AND SUNSET
JULY  7 2015..........SUNRISE   550 AM MDT   SUNSET   900 PM MDT
JULY  8 2015..........SUNRISE   551 AM MDT   SUNSET   900 PM MDT


-  INDICATES NEGATIVE NUMBERS.
R  INDICATES RECORD WAS SET OR TIED.
MM INDICATES DATA IS MISSING.
T  INDICATES TRACE AMOUNT.




$$
