000
CDUS45 KRIW 200738
CLIBPI


CLIMATE REPORT
NATIONAL WEATHER SERVICE RIVERTON WY
1229 AM MST SAT DEC 20 2014


...................................

...THE BIG PINEY WY CLIMATE SUMMARY FOR DECEMBER 19 2014...

CLIMATE NORMAL PERIOD 1981 TO 2010
CLIMATE RECORD PERIOD 1976 TO 2014


WEATHER ITEM   OBSERVED TIME   RECORD YEAR NORMAL DEPARTURE LAST
                VALUE   (LST)  VALUE       VALUE  FROM      YEAR
                                                  NORMAL
..................................................................
TEMPERATURE (F)
 YESTERDAY
  MAXIMUM         35    350 PM  42    1980  26      9       35
  MINIMUM          8    153 AM -28    1992  -2     10       14
  AVERAGE         22                        12     10       25

PRECIPITATION (IN)
  YESTERDAY        T             0.17 2013   0.01  -0.01     0.17
  MONTH TO DATE    T                         0.17  -0.17     0.17
  SINCE DEC 1      T                         0.17  -0.17     0.17
  SINCE JAN 1      4.67                      6.35  -1.68     4.68

DEGREE DAYS
 HEATING
  YESTERDAY       43                        53    -10       40
  MONTH TO DATE  703                       979   -276     1028
  SINCE DEC 1    703                       979   -276     1028
  SINCE JUL 1   2931                      3794   -863     3493

 COOLING
  YESTERDAY        0                         0      0        0
  MONTH TO DATE    0                         0      0        0
  SINCE DEC 1      0                         0      0        0
  SINCE JAN 1     26                        35     -9       89
..................................................................


WIND (MPH)
  HIGHEST WIND SPEED     9   HIGHEST WIND DIRECTION    NE (40)
  HIGHEST GUST SPEED    10   HIGHEST GUST DIRECTION     E (70)
  AVERAGE WIND SPEED     2.9


SKY COVER
  POSSIBLE SUNSHINE  MM
  AVERAGE SKY COVER 0.7


WEATHER CONDITIONS
 THE FOLLOWING WEATHER WAS RECORDED YESTERDAY.
  NO SIGNIFICANT WEATHER WAS OBSERVED.


RELATIVE HUMIDITY (PERCENT)
 HIGHEST    88           900 AM
 LOWEST     51           200 PM
 AVERAGE    70

..........................................................


THE BIG PINEY WY CLIMATE NORMALS FOR TODAY
                         NORMAL    RECORD    YEAR
 MAXIMUM TEMPERATURE (F)   26        45      1980
 MINIMUM TEMPERATURE (F)   -1       -28      1998


SUNRISE AND SUNSET
DECEMBER 20 2014......SUNRISE   746 AM MST   SUNSET   450 PM MST
DECEMBER 21 2014......SUNRISE   747 AM MST   SUNSET   450 PM MST


-  INDICATES NEGATIVE NUMBERS.
R  INDICATES RECORD WAS SET OR TIED.
MM INDICATES DATA IS MISSING.
T  INDICATES TRACE AMOUNT.




$$
