000
CDUS45 KRIW 260734
CLIBPI


CLIMATE REPORT
NATIONAL WEATHER SERVICE RIVERTON WY
133 AM MDT FRI AUG 26 2016


...................................

...THE BIG PINEY WY CLIMATE SUMMARY FOR AUGUST 25 2016...

CLIMATE NORMAL PERIOD 1981 TO 2010
CLIMATE RECORD PERIOD 1976 TO 2016


WEATHER ITEM   OBSERVED TIME   RECORD YEAR NORMAL DEPARTURE LAST
                VALUE   (LST)  VALUE       VALUE  FROM      YEAR
                                                  NORMAL
..................................................................
TEMPERATURE (F)
 YESTERDAY
  MAXIMUM         68    207 PM  90    2011  77     -9       89
  MINIMUM         35   1159 PM  22    1989  38     -3       39
  AVERAGE         52                        58     -6       64

PRECIPITATION (IN)
  YESTERDAY        0.07R         0.07 2014   0.02   0.05     0.00
  MONTH TO DATE    0.45                      0.56  -0.11     0.39
  SINCE JUN 1      1.43                      2.06  -0.63     2.35
  SINCE JAN 1      7.48                      4.53   2.95     5.33

DEGREE DAYS
 HEATING
  YESTERDAY       13                         8      5        1
  MONTH TO DATE  133                       124      9      102
  SINCE JUN 1    415                       546   -131      395
  SINCE JUL 1    237                       241     -4      260

 COOLING
  YESTERDAY        0                         0      0        0
  MONTH TO DATE    2                        12    -10       10
  SINCE JUN 1     23                        36    -13       52
  SINCE JAN 1     23                        36    -13       52
..................................................................


WIND (MPH)
  HIGHEST WIND SPEED    28   HIGHEST WIND DIRECTION    NW (310)
  HIGHEST GUST SPEED    34   HIGHEST GUST DIRECTION    NW (310)
  AVERAGE WIND SPEED     7.9


SKY COVER
  POSSIBLE SUNSHINE  MM
  AVERAGE SKY COVER 0.2


WEATHER CONDITIONS
 THE FOLLOWING WEATHER WAS RECORDED YESTERDAY.
  THUNDERSTORM
  LIGHT RAIN


RELATIVE HUMIDITY (PERCENT)
 HIGHEST    85          1000 PM
 LOWEST     26           200 PM
 AVERAGE    56

..........................................................


THE BIG PINEY WY CLIMATE NORMALS FOR TODAY
                         NORMAL    RECORD    YEAR
 MAXIMUM TEMPERATURE (F)   76        88      2010
 MINIMUM TEMPERATURE (F)   38        19      1992


SUNRISE AND SUNSET
AUGUST 26 2016........SUNRISE   640 AM MDT   SUNSET   804 PM MDT
AUGUST 27 2016........SUNRISE   641 AM MDT   SUNSET   802 PM MDT


-  INDICATES NEGATIVE NUMBERS.
R  INDICATES RECORD WAS SET OR TIED.
MM INDICATES DATA IS MISSING.
T  INDICATES TRACE AMOUNT.




$$
