000
CDUS45 KRIW 260738
CLIBPI


CLIMATE REPORT
NATIONAL WEATHER SERVICE RIVERTON WY
138 AM MDT THU MAY 26 2016


...................................

...THE BIG PINEY WY CLIMATE SUMMARY FOR MAY 25 2016...

CLIMATE NORMAL PERIOD 1981 TO 2010
CLIMATE RECORD PERIOD 1976 TO 2016


WEATHER ITEM   OBSERVED TIME   RECORD YEAR NORMAL DEPARTURE LAST
                VALUE   (LST)  VALUE       VALUE  FROM      YEAR
                                                  NORMAL
..................................................................
TEMPERATURE (F)
 YESTERDAY
  MAXIMUM         54    150 PM  78    2006  65    -11       54
                                      2001
  MINIMUM         33   1159 PM  21    2004  33      0       38
                                      1990
                                      1989
  AVERAGE         44                        48     -4       46

PRECIPITATION (IN)
  YESTERDAY        0.13          0.40 1984   0.02   0.11     0.17
  MONTH TO DATE    3.85                      0.67   3.18     2.05
  SINCE MAR 1      5.74                      1.64   4.10     2.67
  SINCE JAN 1      5.91                      2.30   3.61     2.73

DEGREE DAYS
 HEATING
  YESTERDAY       21                        17      4       19
  MONTH TO DATE  504                       503      1      487
  SINCE MAR 1   2312                      2511   -199     2197
  SINCE JUL 1   9166                     10034   -868     8297

 COOLING
  YESTERDAY        0                         0      0        0
  MONTH TO DATE    0                         0      0        0
  SINCE MAR 1      0                         0      0        0
  SINCE JAN 1      0                         0      0        0
..................................................................


WIND (MPH)
  HIGHEST WIND SPEED    28   HIGHEST WIND DIRECTION    NW (330)
  HIGHEST GUST SPEED    33   HIGHEST GUST DIRECTION     N (340)
  AVERAGE WIND SPEED     6.1


SKY COVER
  POSSIBLE SUNSHINE  MM
  AVERAGE SKY COVER 0.8


WEATHER CONDITIONS
 THE FOLLOWING WEATHER WAS RECORDED YESTERDAY.
  THUNDERSTORM
  HEAVY RAIN
  RAIN
  LIGHT RAIN
  FOG


RELATIVE HUMIDITY (PERCENT)
 HIGHEST    92          1200 AM
 LOWEST     46           200 PM
 AVERAGE    69

..........................................................


THE BIG PINEY WY CLIMATE NORMALS FOR TODAY
                         NORMAL    RECORD    YEAR
 MAXIMUM TEMPERATURE (F)   65        80      2003
 MINIMUM TEMPERATURE (F)   33        23      1977


SUNRISE AND SUNSET
MAY 26 2016...........SUNRISE   549 AM MDT   SUNSET   847 PM MDT
MAY 27 2016...........SUNRISE   548 AM MDT   SUNSET   848 PM MDT


-  INDICATES NEGATIVE NUMBERS.
R  INDICATES RECORD WAS SET OR TIED.
MM INDICATES DATA IS MISSING.
T  INDICATES TRACE AMOUNT.




$$
