000
CDUS45 KRIW 270745
CLIBPI


CLIMATE REPORT
NATIONAL WEATHER SERVICE RIVERTON WY
134 AM MDT THU APR 27 2017


...................................

...THE BIG PINEY WY CLIMATE SUMMARY FOR APRIL 26 2017...

CLIMATE NORMAL PERIOD 1981 TO 2010
CLIMATE RECORD PERIOD 1976 TO 2017


WEATHER ITEM   OBSERVED TIME   RECORD YEAR NORMAL DEPARTURE LAST
                VALUE   (LST)  VALUE       VALUE  FROM      YEAR
                                                  NORMAL
..................................................................
TEMPERATURE (F)
 YESTERDAY
  MAXIMUM         49    139 PM  71    2001  56     -7       40
  MINIMUM         29   1144 PM   9    1984  24      5       28
  AVERAGE         39                        40     -1       34

PRECIPITATION (IN)
  YESTERDAY        0.04          0.24 2002   0.02   0.02     0.04
  MONTH TO DATE    1.16                      0.43   0.73     1.06
  SINCE MAR 1      2.61                      0.87   1.74     1.88
  SINCE JAN 1      4.35                      1.53   2.82     2.05

DEGREE DAYS
 HEATING
  YESTERDAY       26                        25      1       31
  MONTH TO DATE  726                       738    -12      635
  SINCE MAR 1   1837                      1910    -73     1699
  SINCE JUL 1   9267                      9433   -166     8553

 COOLING
  YESTERDAY        0                         0      0        0
  MONTH TO DATE    0                         0      0        0
  SINCE MAR 1      0                         0      0        0
  SINCE JAN 1      0                         0      0        0
..................................................................


WIND (MPH)
  HIGHEST WIND SPEED    20   HIGHEST WIND DIRECTION     W (260)
  HIGHEST GUST SPEED    27   HIGHEST GUST DIRECTION     W (290)
  AVERAGE WIND SPEED     7.4


SKY COVER
  POSSIBLE SUNSHINE  MM
  AVERAGE SKY COVER 0.8


WEATHER CONDITIONS
 THE FOLLOWING WEATHER WAS RECORDED YESTERDAY.
  LIGHT RAIN
  LIGHT SNOW
  FOG


RELATIVE HUMIDITY (PERCENT)
 HIGHEST    92           100 AM
 LOWEST     42           100 PM
 AVERAGE    67

..........................................................


THE BIG PINEY WY CLIMATE NORMALS FOR TODAY
                         NORMAL    RECORD    YEAR
 MAXIMUM TEMPERATURE (F)   56        73      2001
                                             2000
 MINIMUM TEMPERATURE (F)   25        10      1984


SUNRISE AND SUNSET
APRIL 27 2017.........SUNRISE   620 AM MDT   SUNSET   816 PM MDT
APRIL 28 2017.........SUNRISE   619 AM MDT   SUNSET   817 PM MDT


-  INDICATES NEGATIVE NUMBERS.
R  INDICATES RECORD WAS SET OR TIED.
MM INDICATES DATA IS MISSING.
T  INDICATES TRACE AMOUNT.




$$
