000
CDUS45 KRIW 080049
CLIBPI


CLIMATE REPORT
NATIONAL WEATHER SERVICE RIVERTON WY
548 PM MST WED DEC 7 2016


...................................

...THE BIG PINEY WY CLIMATE SUMMARY FOR DECEMBER 7 2016...
VALID TODAY AS OF 0500 PM LOCAL TIME.

CLIMATE NORMAL PERIOD 1981 TO 2010
CLIMATE RECORD PERIOD 1976 TO 2016


WEATHER ITEM   OBSERVED TIME   RECORD YEAR NORMAL DEPARTURE LAST
                VALUE   (LST)  VALUE       VALUE  FROM      YEAR
                                                  NORMAL
..................................................................
TEMPERATURE (F)
 TODAY
  MAXIMUM         14        MM  49    1987  27    -13       34
  MINIMUM        -10        MM -31    2005   1    -11       -1
  AVERAGE          2

PRECIPITATION (IN)
  TODAY            T             0.31 1987   0.01  -0.01      T
  MONTH TO DATE    0.02                      0.07  -0.05      T
  SINCE DEC 1      0.02                      0.07  -0.05      T
  SINCE JAN 1     12.06                      6.25   5.81     6.76

DEGREE DAYS
 HEATING
  TODAY           63                        51     12       48
  MONTH TO DATE  382                       350     32      379
  SINCE DEC 1    382                       350     32      379
  SINCE JUL 1   2831                      3165   -334     2860

 COOLING
  TODAY            0                         0      0        0
  MONTH TO DATE    0                         0      0        0
  SINCE DEC 1      0                         0      0        0
  SINCE JAN 1     23                        35    -12       53
..................................................................


WIND (MPH)
  HIGHEST WIND SPEED     5   HIGHEST WIND DIRECTION     N (10)
  HIGHEST GUST SPEED    MM   HIGHEST GUST DIRECTION    MM
  AVERAGE WIND SPEED     2.9


SKY COVER
  POSSIBLE SUNSHINE  MM
  AVERAGE SKY COVER 0.3


WEATHER CONDITIONS
 THE FOLLOWING WEATHER WAS RECORDED TODAY.
  LIGHT SNOW
  FOG


RELATIVE HUMIDITY (PERCENT)
 HIGHEST    91           100 AM
 LOWEST     55           400 PM
 AVERAGE    73

..........................................................


THE BIG PINEY WY CLIMATE NORMALS FOR TOMORROW
                         NORMAL    RECORD    YEAR
 MAXIMUM TEMPERATURE (F)   27        49      1987
 MINIMUM TEMPERATURE (F)    0       -35      2005


SUNRISE AND SUNSET
DECEMBER  7 2016......SUNRISE   737 AM MST   SUNSET   447 PM MST
DECEMBER  8 2016......SUNRISE   738 AM MST   SUNSET   447 PM MST


-  INDICATES NEGATIVE NUMBERS.
R  INDICATES RECORD WAS SET OR TIED.
MM INDICATES DATA IS MISSING.
T  INDICATES TRACE AMOUNT.




$$
