000
CDUS45 KRIW 290740
CLIBPI


CLIMATE REPORT
NATIONAL WEATHER SERVICE RIVERTON WY
137 AM MDT FRI MAY 29 2015


...................................

...THE BIG PINEY WY CLIMATE SUMMARY FOR MAY 28 2015...

CLIMATE NORMAL PERIOD 1981 TO 2010
CLIMATE RECORD PERIOD 1976 TO 2015


WEATHER ITEM   OBSERVED TIME   RECORD YEAR NORMAL DEPARTURE LAST
                VALUE   (LST)  VALUE       VALUE  FROM      YEAR
                                                  NORMAL
..................................................................
TEMPERATURE (F)
 YESTERDAY
  MAXIMUM         58    437 PM  86    2003  66     -8       81
  MINIMUM         36    519 AM  18    1977  33      3       36
  AVERAGE         47                        49     -2       59

PRECIPITATION (IN)
  YESTERDAY        0.15          0.47 2013   0.02   0.13      T
  MONTH TO DATE    2.30                      0.75   1.55     0.73
  SINCE MAR 1      2.92                      1.72   1.20     1.10
  SINCE JAN 1      2.98                      2.38   0.60     1.14

DEGREE DAYS
 HEATING
  YESTERDAY       18                        16      2        6
  MONTH TO DATE  542                       551     -9      475
  SINCE MAR 1   2252                      2559   -307     2393
  SINCE JUL 1   8352                     10082  -1730     9337

 COOLING
  YESTERDAY        0                         0      0        0
  MONTH TO DATE    0                         0      0        0
  SINCE MAR 1      0                         0      0        0
  SINCE JAN 1      0                         0      0        0
..................................................................


WIND (MPH)
  HIGHEST WIND SPEED    24   HIGHEST WIND DIRECTION    NE (40)
  HIGHEST GUST SPEED    31   HIGHEST GUST DIRECTION    NE (30)
  AVERAGE WIND SPEED     7.2


SKY COVER
  POSSIBLE SUNSHINE  MM
  AVERAGE SKY COVER 0.6


WEATHER CONDITIONS
 THE FOLLOWING WEATHER WAS RECORDED YESTERDAY.
  THUNDERSTORM
  HEAVY RAIN
  RAIN
  LIGHT RAIN
  FOG


RELATIVE HUMIDITY (PERCENT)
 HIGHEST    92           500 AM
 LOWEST     43           400 PM
 AVERAGE    68

..........................................................


THE BIG PINEY WY CLIMATE NORMALS FOR TODAY
                         NORMAL    RECORD    YEAR
 MAXIMUM TEMPERATURE (F)   66        85      2003
 MINIMUM TEMPERATURE (F)   34        10      1984


SUNRISE AND SUNSET
MAY 29 2015...........SUNRISE   547 AM MDT   SUNSET   849 PM MDT
MAY 30 2015...........SUNRISE   547 AM MDT   SUNSET   850 PM MDT


-  INDICATES NEGATIVE NUMBERS.
R  INDICATES RECORD WAS SET OR TIED.
MM INDICATES DATA IS MISSING.
T  INDICATES TRACE AMOUNT.




$$
