000
CDUS45 KRIW 210730
CLIBPI


CLIMATE REPORT
NATIONAL WEATHER SERVICE RIVERTON WY
1229 AM MST TUE FEB 21 2017


...................................

...THE BIG PINEY WY CLIMATE SUMMARY FOR FEBRUARY 20 2017...

CLIMATE NORMAL PERIOD 1981 TO 2010
CLIMATE RECORD PERIOD 1976 TO 2017


WEATHER ITEM   OBSERVED TIME   RECORD YEAR NORMAL DEPARTURE LAST
                VALUE   (LST)  VALUE       VALUE  FROM      YEAR
                                                  NORMAL
..................................................................
TEMPERATURE (F)
 YESTERDAY
  MAXIMUM         32   1012 PM  42    1981  30      2       37
  MINIMUM          8    217 AM -27    2006   2      6       18
  AVERAGE         20                        16      4       28

PRECIPITATION (IN)
  YESTERDAY        T             0.33 1996   0.01  -0.01     0.00
  MONTH TO DATE    0.56                      0.25   0.31     0.11
  SINCE DEC 1      2.10                      0.86   1.24     0.26
  SINCE JAN 1      1.55                      0.56   0.99     0.15

DEGREE DAYS
 HEATING
  YESTERDAY       45                        49     -4       37
  MONTH TO DATE  896                      1035   -139      799
  SINCE DEC 1   4548                      4333    215     4043
  SINCE JUL 1   6997                      7148   -151     6524

 COOLING
  YESTERDAY        0                         0      0        0
  MONTH TO DATE    0                         0      0        0
  SINCE DEC 1      0                         0      0        0
  SINCE JAN 1      0                         0      0        0
..................................................................


WIND (MPH)
  HIGHEST WIND SPEED    14   HIGHEST WIND DIRECTION     S (190)
  HIGHEST GUST SPEED    17   HIGHEST GUST DIRECTION     S (190)
  AVERAGE WIND SPEED     6.4


SKY COVER
  POSSIBLE SUNSHINE  MM
  AVERAGE SKY COVER 0.6


WEATHER CONDITIONS
 THE FOLLOWING WEATHER WAS RECORDED YESTERDAY.
  LIGHT SNOW


RELATIVE HUMIDITY (PERCENT)
 HIGHEST    92           400 AM
 LOWEST     83           300 AM
 AVERAGE    88

..........................................................


THE BIG PINEY WY CLIMATE NORMALS FOR TODAY
                         NORMAL    RECORD    YEAR
 MAXIMUM TEMPERATURE (F)   31        45      1991
 MINIMUM TEMPERATURE (F)    2       -26      1984


SUNRISE AND SUNSET
FEBRUARY 21 2017......SUNRISE   708 AM MST   SUNSET   601 PM MST
FEBRUARY 22 2017......SUNRISE   706 AM MST   SUNSET   602 PM MST


-  INDICATES NEGATIVE NUMBERS.
R  INDICATES RECORD WAS SET OR TIED.
MM INDICATES DATA IS MISSING.
T  INDICATES TRACE AMOUNT.




$$
