000
CDUS45 KRIW 200031
CLIBPI


CLIMATE REPORT
NATIONAL WEATHER SERVICE RIVERTON WY
628 PM MDT SAT APR 19 2014


...................................

...THE BIG PINEY WY CLIMATE SUMMARY FOR APRIL 19 2014...
VALID TODAY AS OF 0500 PM LOCAL TIME.

CLIMATE NORMAL PERIOD 1981 TO 2010
CLIMATE RECORD PERIOD 1976 TO 2014


WEATHER ITEM   OBSERVED TIME   RECORD YEAR NORMAL DEPARTURE LAST
                VALUE   (LST)  VALUE       VALUE  FROM      YEAR
                                                  NORMAL
..................................................................
TEMPERATURE (F)
 TODAY
  MAXIMUM         63        MM  70    1994  54      9       47
  MINIMUM         17        MM  12    2006  23     -6       18
                                      1996
                                      1991
  AVERAGE         40

PRECIPITATION (IN)
  TODAY            0.00          0.11 2002   0.02  -0.02     0.00
  MONTH TO DATE    0.02                      0.30  -0.28     0.16
  SINCE MAR 1      0.14                      0.74  -0.60     0.19
  SINCE JAN 1      0.18                      1.40  -1.22     0.35

DEGREE DAYS
 HEATING
  TODAY           25                        27     -2       32
  MONTH TO DATE  566                       557      9      616
  SINCE MAR 1   1625                      1729   -104     1734
  SINCE JUL 1   8569                      9252   -683     8598

 COOLING
  TODAY            0                         0      0        0
  MONTH TO DATE    0                         0      0        0
  SINCE MAR 1      0                         0      0        0
  SINCE JAN 1      0                         0      0        0
..................................................................


WIND (MPH)
  HIGHEST WIND SPEED    18   HIGHEST WIND DIRECTION    SW (240)
  HIGHEST GUST SPEED    31   HIGHEST GUST DIRECTION    SW (240)
  AVERAGE WIND SPEED     5.7


SKY COVER
  POSSIBLE SUNSHINE  MM
  AVERAGE SKY COVER 0.1


WEATHER CONDITIONS
 THE FOLLOWING WEATHER WAS RECORDED TODAY.
  NO SIGNIFICANT WEATHER WAS OBSERVED.


RELATIVE HUMIDITY (PERCENT)
 HIGHEST    73           600 AM
 LOWEST     17           300 PM
 AVERAGE    45

..........................................................


THE BIG PINEY WY CLIMATE NORMALS FOR TOMORROW
                         NORMAL    RECORD    YEAR
 MAXIMUM TEMPERATURE (F)   54        72      1994
 MINIMUM TEMPERATURE (F)   23        11      2008


SUNRISE AND SUNSET
APRIL 19 2014.........SUNRISE   633 AM MDT   SUNSET   807 PM MDT
APRIL 20 2014.........SUNRISE   631 AM MDT   SUNSET   808 PM MDT


-  INDICATES NEGATIVE NUMBERS.
R  INDICATES RECORD WAS SET OR TIED.
MM INDICATES DATA IS MISSING.
T  INDICATES TRACE AMOUNT.




$$
