000
CDUS45 KRIW 220735
CLIBPI


CLIMATE REPORT
NATIONAL WEATHER SERVICE RIVERTON WY
1233 AM MST THU FEB 22 2018


...................................

...THE BIG PINEY WY CLIMATE SUMMARY FOR FEBRUARY 21 2018...

CLIMATE NORMAL PERIOD 1981 TO 2010
CLIMATE RECORD PERIOD 1976 TO 2018


WEATHER ITEM   OBSERVED TIME   RECORD YEAR NORMAL DEPARTURE LAST
                VALUE   (LST)  VALUE       VALUE  FROM      YEAR
                                                  NORMAL
..................................................................
TEMPERATURE (F)
 YESTERDAY
  MAXIMUM         14    437 PM  45    1991  31    -17       39
  MINIMUM        -25    522 AM -26    1984   2    -27       24
  AVERAGE         -5                        17    -22       32

PRECIPITATION (IN)
  YESTERDAY        0.00          0.24 2006   0.01  -0.01     0.11
  MONTH TO DATE    T                         0.26  -0.26     0.67
  SINCE DEC 1      0.12                      0.87  -0.75     2.21
  SINCE JAN 1      0.05                      0.57  -0.52     1.66

DEGREE DAYS
 HEATING
  YESTERDAY       70                        48     22       33
  MONTH TO DATE  908                      1083   -175      929
  SINCE DEC 1   3570                      4381   -811     4581
  SINCE JUL 1   6126                      7196  -1070     7030

 COOLING
  YESTERDAY        0                         0      0        0
  MONTH TO DATE    0                         0      0        0
  SINCE DEC 1      0                         0      0        0
  SINCE JAN 1      0                         0      0        0
..................................................................


WIND (MPH)
  HIGHEST WIND SPEED     9   HIGHEST WIND DIRECTION     S (190)
  HIGHEST GUST SPEED    12   HIGHEST GUST DIRECTION     N (10)
  AVERAGE WIND SPEED     3.5


SKY COVER
  POSSIBLE SUNSHINE  MM
  AVERAGE SKY COVER 0.2


WEATHER CONDITIONS
 THE FOLLOWING WEATHER WAS RECORDED YESTERDAY.
  HAZE


RELATIVE HUMIDITY (PERCENT)
 HIGHEST    92          1000 PM
 LOWEST     61           300 PM
 AVERAGE    77

..........................................................


THE BIG PINEY WY CLIMATE NORMALS FOR TODAY
                         NORMAL    RECORD    YEAR
 MAXIMUM TEMPERATURE (F)   31        48      2007
 MINIMUM TEMPERATURE (F)    3       -23      1984


SUNRISE AND SUNSET
FEBRUARY 22 2018......SUNRISE   707 AM MST   SUNSET   601 PM MST
FEBRUARY 23 2018......SUNRISE   705 AM MST   SUNSET   603 PM MST


-  INDICATES NEGATIVE NUMBERS.
R  INDICATES RECORD WAS SET OR TIED.
MM INDICATES DATA IS MISSING.
T  INDICATES TRACE AMOUNT.




$$
