000
CDUS45 KRIW 260744
CLIBPI


CLIMATE REPORT
NATIONAL WEATHER SERVICE RIVERTON WY
143 AM MDT TUE SEP 26 2017


...................................

...THE BIG PINEY WY CLIMATE SUMMARY FOR SEPTEMBER 25 2017...

CLIMATE NORMAL PERIOD 1981 TO 2010
CLIMATE RECORD PERIOD 1976 TO 2017


WEATHER ITEM   OBSERVED TIME   RECORD YEAR NORMAL DEPARTURE LAST
                VALUE   (LST)  VALUE       VALUE  FROM      YEAR
                                                  NORMAL
..................................................................
TEMPERATURE (F)
 YESTERDAY
  MAXIMUM         47    414 PM  83    2001  64    -17       65
  MINIMUM         27   1120 PM  11    1984  28     -1       28
  AVERAGE         37                        46     -9       47

PRECIPITATION (IN)
  YESTERDAY        0.08          0.67 1984   0.03   0.05     0.00
  MONTH TO DATE    1.56                      0.66   0.90     1.56
  SINCE SEP 1      1.56                      0.66   0.90     1.56
  SINCE JAN 1      8.66                      5.32   3.34     9.04

DEGREE DAYS
 HEATING
  YESTERDAY       28                        19      9       18
  MONTH TO DATE  308                       358    -50      311
  SINCE SEP 1    308                       358    -50      311
  SINCE JUL 1    495                       651   -156      594

 COOLING
  YESTERDAY        0                         0      0        0
  MONTH TO DATE    0                         0      0        0
  SINCE SEP 1      0                         0      0        0
  SINCE JAN 1     27                        35     -8       23
..................................................................


WIND (MPH)
  HIGHEST WIND SPEED    17   HIGHEST WIND DIRECTION    NW (330)
  HIGHEST GUST SPEED    21   HIGHEST GUST DIRECTION    NW (310)
  AVERAGE WIND SPEED     5.4


SKY COVER
  POSSIBLE SUNSHINE  MM
  AVERAGE SKY COVER 0.7


WEATHER CONDITIONS
 THE FOLLOWING WEATHER WAS RECORDED YESTERDAY.
  LIGHT RAIN
  LIGHT SNOW
  FOG


RELATIVE HUMIDITY (PERCENT)
 HIGHEST   100           100 AM
 LOWEST     53           100 PM
 AVERAGE    77

..........................................................


THE BIG PINEY WY CLIMATE NORMALS FOR TODAY
                         NORMAL    RECORD    YEAR
 MAXIMUM TEMPERATURE (F)   64        82      2015
                                             2010
 MINIMUM TEMPERATURE (F)   28        14      1984


SUNRISE AND SUNSET
SEPTEMBER 26 2017.....SUNRISE   712 AM MDT   SUNSET   710 PM MDT
SEPTEMBER 27 2017.....SUNRISE   713 AM MDT   SUNSET   708 PM MDT


-  INDICATES NEGATIVE NUMBERS.
R  INDICATES RECORD WAS SET OR TIED.
MM INDICATES DATA IS MISSING.
T  INDICATES TRACE AMOUNT.




$$
