000
CDUS44 KLCH 240903
CLIBPT


CLIMATE REPORT
NATIONAL WEATHER SERVICE LAKE CHARLES, LA
402 AM CDT TUE OCT 24 2017


...................................

...THE BEAUMONT PORT ARTHUR CLIMATE SUMMARY FOR OCTOBER 23 2017...

CLIMATE NORMAL PERIOD 1981 TO 2010
CLIMATE RECORD PERIOD 1901 TO 2017


WEATHER ITEM   OBSERVED TIME   RECORD YEAR NORMAL DEPARTURE LAST
                VALUE   (LST)  VALUE       VALUE  FROM      YEAR
                                                  NORMAL
..................................................................
TEMPERATURE (F)
 YESTERDAY
  MAXIMUM         79    340 PM  89    2003  79      0       80
  MINIMUM         52    614 AM  39    1952  58     -6       49
                                      1937
  AVERAGE         66                        69     -3       65

PRECIPITATION (IN)
  YESTERDAY        0.00          2.89 1913   0.19  -0.19     0.00
  MONTH TO DATE    3.16                      4.22  -1.06     0.41
  SINCE SEP 1      5.73                     10.19  -4.46     4.41
  SINCE JAN 1     95.33                     49.42  45.91    61.93

SNOWFALL (IN)
  YESTERDAY        0.0           0.0    MM   0.0    0.0      0.0
  MONTH TO DATE    0.0                       0.0    0.0      0.0
  SINCE SEP 1      0.0                       0.0    0.0      0.0
  SINCE JUL 1      0.0                       0.0    0.0      0.0
  SNOW DEPTH       0

DEGREE DAYS
 HEATING
  YESTERDAY        0                         2     -2        0
  MONTH TO DATE    1                        14    -13        4
  SINCE SEP 1      1                        15    -14        4
  SINCE JUL 1      1                        15    -14        4

 COOLING
  YESTERDAY        1                         5     -4        0
  MONTH TO DATE  258                       169     89      245
  SINCE SEP 1    694                       588    106      780
  SINCE JAN 1   2987                      2755    232     3233
..................................................................


WIND (MPH)
  HIGHEST WIND SPEED    12   HIGHEST WIND DIRECTION     N (360)
  HIGHEST GUST SPEED    16   HIGHEST GUST DIRECTION     N (340)
  AVERAGE WIND SPEED     5.7


SKY COVER
  POSSIBLE SUNSHINE  MM
  AVERAGE SKY COVER 0.0


WEATHER CONDITIONS
 THE FOLLOWING WEATHER WAS RECORDED YESTERDAY.
  NO SIGNIFICANT WEATHER WAS OBSERVED.


RELATIVE HUMIDITY (PERCENT)
 HIGHEST    96           600 AM
 LOWEST     30           200 PM
 AVERAGE    63

..........................................................


THE BEAUMONT PORT ARTHUR CLIMATE NORMALS FOR TODAY
                         NORMAL    RECORD    YEAR
 MAXIMUM TEMPERATURE (F)   79        90      1919
 MINIMUM TEMPERATURE (F)   58        39      1917


SUNRISE AND SUNSET
OCTOBER 24 2017.......SUNRISE   724 AM CDT   SUNSET   636 PM CDT
OCTOBER 25 2017.......SUNRISE   725 AM CDT   SUNSET   635 PM CDT


-  INDICATES NEGATIVE NUMBERS.
R  INDICATES RECORD WAS SET OR TIED.
MM INDICATES DATA IS MISSING.
T  INDICATES TRACE AMOUNT.




$$
