000
CDUS44 KLCH 212217
CLIBPT


CLIMATE REPORT
NATIONAL WEATHER SERVICE LAKE CHARLES, LA
517 PM CDT TUE OCT 21 2014


...................................

...THE BEAUMONT PORT ARTHUR CLIMATE SUMMARY FOR OCTOBER 21 2014...
VALID TODAY AS OF 0500 PM LOCAL TIME.

CLIMATE NORMAL PERIOD 1981 TO 2010
CLIMATE RECORD PERIOD 1901 TO 2014


WEATHER ITEM   OBSERVED TIME   RECORD YEAR NORMAL DEPARTURE LAST
                VALUE   (LST)  VALUE       VALUE  FROM      YEAR
                                                  NORMAL
..................................................................
TEMPERATURE (F)
 TODAY
  MAXIMUM         83    302 PM  92    1934  79      4       75
                                      1927
  MINIMUM         55    525 AM  36    1976  59     -4       59
  AVERAGE         69                        69      0       67

PRECIPITATION (IN)
  TODAY            0.00          1.02 1990   0.20  -0.20     0.07
  MONTH TO DATE    2.18                      3.84  -1.66     3.99
  SINCE SEP 1      8.93                      9.81  -0.88    12.13
  SINCE JAN 1     44.33                     49.04  -4.71    47.34

SNOWFALL (IN)
  TODAY            0.0           0.0    MM   0.0    0.0      0.0
  MONTH TO DATE    0.0                       0.0    0.0      0.0
  SINCE SEP 1      0.0                       0.0    0.0      0.0
  SINCE JUL 1      0.0                       0.0    0.0      0.0
  SNOW DEPTH       0

DEGREE DAYS
 HEATING
  TODAY            0                         1     -1        0
  MONTH TO DATE    0                        11    -11        6
  SINCE SEP 1      0                        12    -12        6
  SINCE JUL 1      0                        12    -12        6

 COOLING
  TODAY            4                         6     -2        2
  MONTH TO DATE  203                       159     44      178
  SINCE SEP 1    683                       578    105      712
  SINCE JAN 1   2826                      2745     81     2902
..................................................................


WIND (MPH)
  HIGHEST WIND SPEED    15   HIGHEST WIND DIRECTION     E (80)
  HIGHEST GUST SPEED    19   HIGHEST GUST DIRECTION     E (70)
  AVERAGE WIND SPEED     8.1


SKY COVER
  POSSIBLE SUNSHINE  MM
  AVERAGE SKY COVER 0.0


WEATHER CONDITIONS
 THE FOLLOWING WEATHER WAS RECORDED TODAY.
  NO SIGNIFICANT WEATHER WAS OBSERVED.


RELATIVE HUMIDITY (PERCENT)
 HIGHEST    93          1200 AM
 LOWEST     39          1200 PM
 AVERAGE    66

..........................................................


THE BEAUMONT PORT ARTHUR CLIMATE NORMALS FOR TOMORROW
                         NORMAL    RECORD    YEAR
 MAXIMUM TEMPERATURE (F)   79        92      1939
 MINIMUM TEMPERATURE (F)   59        42      1952


SUNRISE AND SUNSET
OCTOBER 21 2014.......SUNRISE   722 AM CDT   SUNSET   639 PM CDT
OCTOBER 22 2014.......SUNRISE   723 AM CDT   SUNSET   638 PM CDT


-  INDICATES NEGATIVE NUMBERS.
R  INDICATES RECORD WAS SET OR TIED.
MM INDICATES DATA IS MISSING.
T  INDICATES TRACE AMOUNT.




$$
