000
CDUS44 KLCH 142208
CLIBPT


CLIMATE REPORT
NATIONAL WEATHER SERVICE LAKE CHARLES, LA
508 PM CDT SUN SEP 14 2014


...................................

...THE BEAUMONT PORT ARTHUR CLIMATE SUMMARY FOR SEPTEMBER 14 2014...
VALID TODAY AS OF 0500 PM LOCAL TIME.

CLIMATE NORMAL PERIOD 1981 TO 2010
CLIMATE RECORD PERIOD 1901 TO 2014


WEATHER ITEM   OBSERVED TIME   RECORD YEAR NORMAL DEPARTURE LAST
                VALUE   (LST)  VALUE       VALUE  FROM      YEAR
                                                  NORMAL
..................................................................
TEMPERATURE (F)
 TODAY
  MAXIMUM         82    359 PM  97    1965  89     -7       93
                                      1912
  MINIMUM         66    716 AM  52    1902  70     -4       75
  AVERAGE         74                        80     -6       84

PRECIPITATION (IN)
  TODAY            0.00          2.52 1998   0.22  -0.22     0.19
  MONTH TO DATE    5.21                      2.99   2.22     0.29
  SINCE SEP 1      5.21                      2.99   2.22     0.29
  SINCE JAN 1     40.61                     42.22  -1.61    35.50

SNOWFALL (IN)
  TODAY            0.0           0.0    MM   0.0    0.0      0.0
  MONTH TO DATE    0.0                       0.0    0.0      0.0
  SINCE SEP 1      0.0                       0.0    0.0      0.0
  SINCE JUL 1      0.0                       0.0    0.0      0.0
  SNOW DEPTH       0

DEGREE DAYS
 HEATING
  TODAY            0                         0      0        0
  MONTH TO DATE    0                         0      0        0
  SINCE SEP 1      0                         0      0        0
  SINCE JUL 1      0                         0      0        0

 COOLING
  TODAY            9                        15     -6       19
  MONTH TO DATE  246                       223     23      272
  SINCE SEP 1    246                       223     23      272
  SINCE JAN 1   2389                      2390     -1     2462
..................................................................


WIND (MPH)
  HIGHEST WIND SPEED    15   HIGHEST WIND DIRECTION     N (20)
  HIGHEST GUST SPEED    22   HIGHEST GUST DIRECTION     E (80)
  AVERAGE WIND SPEED     9.9


SKY COVER
  POSSIBLE SUNSHINE  MM
  AVERAGE SKY COVER 1.0


WEATHER CONDITIONS
 THE FOLLOWING WEATHER WAS RECORDED TODAY.
  FOG


RELATIVE HUMIDITY (PERCENT)
 HIGHEST    93           700 AM
 LOWEST     65           400 PM
 AVERAGE    79

..........................................................


THE BEAUMONT PORT ARTHUR CLIMATE NORMALS FOR TOMORROW
                         NORMAL    RECORD    YEAR
 MAXIMUM TEMPERATURE (F)   89        96      2011
                                             2004
                                             1980
 MINIMUM TEMPERATURE (F)   70        51      1902


SUNRISE AND SUNSET
SEPTEMBER 14 2014.....SUNRISE   700 AM CDT   SUNSET   723 PM CDT
SEPTEMBER 15 2014.....SUNRISE   701 AM CDT   SUNSET   721 PM CDT


-  INDICATES NEGATIVE NUMBERS.
R  INDICATES RECORD WAS SET OR TIED.
MM INDICATES DATA IS MISSING.
T  INDICATES TRACE AMOUNT.




$$
