000
CDUS43 KDVN 220908
CLIBRL


CLIMATE REPORT
NATIONAL WEATHER SERVICE QUAD CITIES IA IL
408 AM CDT FRI MAY 22 2015


...................................

...THE BURLINGTON IA CLIMATE SUMMARY FOR MAY 21 2015...

CLIMATE NORMAL PERIOD 1981 TO 2010
CLIMATE RECORD PERIOD 1897 TO 2015


WEATHER ITEM   OBSERVED TIME   RECORD YEAR NORMAL DEPARTURE LAST
                VALUE   (LST)  VALUE       VALUE  FROM      YEAR
                                                  NORMAL
..................................................................
TEMPERATURE (F)
 YESTERDAY
  MAXIMUM         70    545 PM  92    1934  76     -6       89
  MINIMUM         37    453 AM  34    2002  55    -18       65
  AVERAGE         54                        65    -11       77

PRECIPITATION (IN)
  YESTERDAY        0.00         MM      MM   0.16  -0.16      T
  MONTH TO DATE    2.21                      3.35  -1.14     1.27
  SINCE MAR 1      4.11                      9.90  -5.79     6.48
  SINCE JAN 1      6.53                     12.76  -6.23    10.85

DEGREE DAYS
 HEATING
  YESTERDAY       11                         3      8        0
  MONTH TO DATE   89                       103    -14      138
  SINCE MAR 1   1153                      1187    -34     1496
  SINCE JUL 1   6084                      5565    519     6819

 COOLING
  YESTERDAY        0                         3     -3       12
  MONTH TO DATE   53                        41     12       57
  SINCE MAR 1     56                        61     -5       65
  SINCE JAN 1     56                        61     -5       65
..................................................................


WIND (MPH)
  HIGHEST WIND SPEED    15   HIGHEST WIND DIRECTION    SW (240)
  HIGHEST GUST SPEED    20   HIGHEST GUST DIRECTION    SW (240)
  AVERAGE WIND SPEED     7.3


SKY COVER
  POSSIBLE SUNSHINE  MM
  AVERAGE SKY COVER 0.1


WEATHER CONDITIONS
 THE FOLLOWING WEATHER WAS RECORDED YESTERDAY.
  FOG


RELATIVE HUMIDITY (PERCENT)
 HIGHEST   100           200 AM
 LOWEST     37           500 PM
 AVERAGE    69

..........................................................


THE BURLINGTON IA CLIMATE NORMALS FOR TODAY
                         NORMAL    RECORD    YEAR
 MAXIMUM TEMPERATURE (F)   76        94      1925
 MINIMUM TEMPERATURE (F)   55        35      1963


SUNRISE AND SUNSET
MAY 22 2015...........SUNRISE   541 AM CDT   SUNSET   821 PM CDT
MAY 23 2015...........SUNRISE   541 AM CDT   SUNSET   822 PM CDT


-  INDICATES NEGATIVE NUMBERS.
R  INDICATES RECORD WAS SET OR TIED.
MM INDICATES DATA IS MISSING.
T  INDICATES TRACE AMOUNT.




$$
