000
CDUS43 KDVN 270913
CLIBRL


CLIMATE REPORT
NATIONAL WEATHER SERVICE QUAD CITIES IA IL
413 AM CDT FRI MAY 27 2016


...................................

...THE BURLINGTON IA CLIMATE SUMMARY FOR MAY 26 2016...

CLIMATE NORMAL PERIOD 1981 TO 2010
CLIMATE RECORD PERIOD 1897 TO 2016


WEATHER ITEM   OBSERVED TIME   RECORD YEAR NORMAL DEPARTURE LAST
                VALUE   (LST)  VALUE       VALUE  FROM      YEAR
                                                  NORMAL
..................................................................
TEMPERATURE (F)
 YESTERDAY
  MAXIMUM         83    109 PM  96    1926  78      5       75
  MINIMUM         65   1159 PM  37    1901  56      9       64
  AVERAGE         74                        67      7       70

PRECIPITATION (IN)
  YESTERDAY        0.46         MM      MM   0.15   0.31     0.58
  MONTH TO DATE    1.99                      4.11  -2.12     3.71
  SINCE MAR 1      8.46                     10.66  -2.20     5.61
  SINCE JAN 1      9.84                     13.52  -3.68     8.03

DEGREE DAYS
 HEATING
  YESTERDAY        0                         2     -2        0
  MONTH TO DATE  158                       116     42       90
  SINCE MAR 1   1114                      1200    -86     1154
  SINCE JUL 1   4996                      5578   -582     6085

 COOLING
  YESTERDAY        9                         4      5        5
  MONTH TO DATE   42                        60    -18       70
  SINCE MAR 1     60                        80    -20       73
  SINCE JAN 1     60                        80    -20       73
..................................................................


WIND (MPH)
  HIGHEST WIND SPEED    23   HIGHEST WIND DIRECTION     N (340)
  HIGHEST GUST SPEED    30   HIGHEST GUST DIRECTION     N (350)
  AVERAGE WIND SPEED     7.6


SKY COVER
  POSSIBLE SUNSHINE  MM
  AVERAGE SKY COVER 0.1


WEATHER CONDITIONS
 THE FOLLOWING WEATHER WAS RECORDED YESTERDAY.
  THUNDERSTORM
  HEAVY RAIN
  RAIN
  LIGHT RAIN
  FOG


RELATIVE HUMIDITY (PERCENT)
 HIGHEST   100           600 AM
 LOWEST     55           200 PM
 AVERAGE    78

..........................................................


THE BURLINGTON IA CLIMATE NORMALS FOR TODAY
                         NORMAL    RECORD    YEAR
 MAXIMUM TEMPERATURE (F)   78        93      2012
                                             2006
                                             1914
 MINIMUM TEMPERATURE (F)   57        36      1907


SUNRISE AND SUNSET
MAY 27 2016...........SUNRISE   538 AM CDT   SUNSET   826 PM CDT
MAY 28 2016...........SUNRISE   537 AM CDT   SUNSET   827 PM CDT


-  INDICATES NEGATIVE NUMBERS.
R  INDICATES RECORD WAS SET OR TIED.
MM INDICATES DATA IS MISSING.
T  INDICATES TRACE AMOUNT.




$$
