000
CDUS43 KDVN 282229
CLIBRL


CLIMATE REPORT
NATIONAL WEATHER SERVICE QUAD CITIES IA IL
429 PM CST FRI NOV 28 2014


...................................

...THE BURLINGTON IA CLIMATE SUMMARY FOR NOVEMBER 28 2014...
VALID TODAY AS OF 0400 PM LOCAL TIME.

CLIMATE NORMAL PERIOD 1981 TO 2010
CLIMATE RECORD PERIOD 1897 TO 2014


WEATHER ITEM   OBSERVED TIME   RECORD YEAR NORMAL DEPARTURE LAST
                VALUE   (LST)  VALUE       VALUE  FROM      YEAR
                                                  NORMAL
..................................................................
TEMPERATURE (F)
 TODAY
  MAXIMUM         41    336 PM  68    2006  44     -3       38
                                      1905
  MINIMUM         14   1250 AM   0    1976  27    -13       17
  AVERAGE         28                        36     -8       28

PRECIPITATION (IN)
  TODAY            0.00         MM      MM   0.08  -0.08     0.00
  MONTH TO DATE    1.39                      2.33  -0.94     1.14
  SINCE SEP 1     10.66                      8.97   1.69     5.33
  SINCE JAN 1     39.73                     36.22   3.51    32.39

DEGREE DAYS
 HEATING
  TODAY           37                        29      8       37
  MONTH TO DATE  878                       620    258      750
  SINCE SEP 1   1320                      1010    310     1163
  SINCE JUL 1   1327                      1014    313     1174

 COOLING
  TODAY            0                         0      0        0
  MONTH TO DATE    0                         0      0        0
  SINCE SEP 1     86                       163    -77      214
  SINCE JAN 1    940                      1206   -266     1115
..................................................................


WIND (MPH)
  HIGHEST WIND SPEED    18   HIGHEST WIND DIRECTION     S (180)
  HIGHEST GUST SPEED    23   HIGHEST GUST DIRECTION    SE (150)
  AVERAGE WIND SPEED     9.9


SKY COVER
  POSSIBLE SUNSHINE  MM
  AVERAGE SKY COVER 0.2


WEATHER CONDITIONS
 THE FOLLOWING WEATHER WAS RECORDED TODAY.
  NO SIGNIFICANT WEATHER WAS OBSERVED.


RELATIVE HUMIDITY (PERCENT)
 HIGHEST    84           800 AM
 LOWEST     67           100 AM
 AVERAGE    76

..........................................................


THE BURLINGTON IA CLIMATE NORMALS FOR TOMORROW
                         NORMAL    RECORD    YEAR
 MAXIMUM TEMPERATURE (F)   44        73      1933
 MINIMUM TEMPERATURE (F)   27        -2      1976


SUNRISE AND SUNSET
NOVEMBER 28 2014......SUNRISE   706 AM CST   SUNSET   438 PM CST
NOVEMBER 29 2014......SUNRISE   707 AM CST   SUNSET   438 PM CST


-  INDICATES NEGATIVE NUMBERS.
R  INDICATES RECORD WAS SET OR TIED.
MM INDICATES DATA IS MISSING.
T  INDICATES TRACE AMOUNT.




$$
