000
CDUS43 KDVN 010904
CLIBRL


CLIMATE REPORT
NATIONAL WEATHER SERVICE QUAD CITIES IA IL
404 AM CDT TUE SEP 1 2015


...................................

...THE BURLINGTON IA CLIMATE SUMMARY FOR AUGUST 31 2015...

CLIMATE NORMAL PERIOD 1981 TO 2010
CLIMATE RECORD PERIOD 1897 TO 2015


WEATHER ITEM   OBSERVED TIME   RECORD YEAR NORMAL DEPARTURE LAST
                VALUE   (LST)  VALUE       VALUE  FROM      YEAR
                                                  NORMAL
..................................................................
TEMPERATURE (F)
 YESTERDAY
  MAXIMUM         89    222 PM  99    1953  83      6       87
  MINIMUM         66    532 AM  44    1967  63      3       64
  AVERAGE         78                        73      5       76

PRECIPITATION (IN)
  YESTERDAY        0.00         MM      MM   0.15  -0.15     0.00
  MONTH TO DATE    3.47                      4.27  -0.80     6.21
  SINCE JUN 1     19.63                     12.99   6.64    17.68
  SINCE JAN 1     28.59                     27.25   1.34    29.07

DEGREE DAYS
 HEATING
  YESTERDAY        0                         0      0        0
  MONTH TO DATE    3                         0      3        0
  SINCE JUN 1     12                        17     -5        9
  SINCE JUL 1      7                         4      3        7

 COOLING
  YESTERDAY       13                         8      5       11
  MONTH TO DATE  223                       314    -91      279
  SINCE JUN 1    759                       940   -181      716
  SINCE JAN 1    852                      1043   -191      854
..................................................................


WIND (MPH)
  HIGHEST WIND SPEED    14   HIGHEST WIND DIRECTION     S (190)
  HIGHEST GUST SPEED    17   HIGHEST GUST DIRECTION     S (190)
  AVERAGE WIND SPEED     5.5


SKY COVER
  POSSIBLE SUNSHINE  MM
  AVERAGE SKY COVER 0.0


WEATHER CONDITIONS
 THE FOLLOWING WEATHER WAS RECORDED YESTERDAY.
  FOG
  HAZE


RELATIVE HUMIDITY (PERCENT)
 HIGHEST   100           100 AM
 LOWEST     59           200 PM
 AVERAGE    80

..........................................................


THE BURLINGTON IA CLIMATE NORMALS FOR TODAY
                         NORMAL    RECORD    YEAR
 MAXIMUM TEMPERATURE (F)   83       103      1913
 MINIMUM TEMPERATURE (F)   62        40      1949


SUNRISE AND SUNSET
SEPTEMBER  1 2015.....SUNRISE   631 AM CDT   SUNSET   737 PM CDT
SEPTEMBER  2 2015.....SUNRISE   632 AM CDT   SUNSET   735 PM CDT


-  INDICATES NEGATIVE NUMBERS.
R  INDICATES RECORD WAS SET OR TIED.
MM INDICATES DATA IS MISSING.
T  INDICATES TRACE AMOUNT.




$$
