000
CDUS43 KDVN 271021
CLIBRL


CLIMATE REPORT
NATIONAL WEATHER SERVICE QUAD CITIES IA IL
420 AM CST FRI FEB 27 2015


...................................

...THE BURLINGTON IA CLIMATE SUMMARY FOR FEBRUARY 26 2015...

CLIMATE NORMAL PERIOD 1981 TO 2010
CLIMATE RECORD PERIOD 1897 TO 2015


WEATHER ITEM   OBSERVED TIME   RECORD YEAR NORMAL DEPARTURE LAST
                VALUE   (LST)  VALUE       VALUE  FROM      YEAR
                                                  NORMAL
..................................................................
TEMPERATURE (F)
 YESTERDAY
  MAXIMUM         16    120 AM  69    1996  43    -27       24
  MINIMUM         -3   1159 PM -11    1950  25    -28       -2
  AVERAGE          7                        34    -27       11

PRECIPITATION (IN)
  YESTERDAY        0.13         MM      MM   0.08   0.05     0.00
  MONTH TO DATE    0.88                      1.47  -0.59     3.29
  SINCE DEC 1      3.08                      4.80  -1.72     5.45
  SINCE JAN 1      2.42                      2.71  -0.29     4.37

DEGREE DAYS
 HEATING
  YESTERDAY       58                        31     27       54
  MONTH TO DATE 1208                       915    293     1255
  SINCE DEC 1   3431                      3243    188     3993
  SINCE JUL 1   4808                      4316    492     5230

 COOLING
  YESTERDAY        0                         0      0        0
  MONTH TO DATE    0                         0      0        0
  SINCE DEC 1      0                         0      0        0
  SINCE JAN 1      0                         0      0        0
..................................................................


WIND (MPH)
  HIGHEST WIND SPEED    21   HIGHEST WIND DIRECTION     N (10)
  HIGHEST GUST SPEED    26   HIGHEST GUST DIRECTION     N (10)
  AVERAGE WIND SPEED    12.3


SKY COVER
  POSSIBLE SUNSHINE  MM
  AVERAGE SKY COVER 0.5


WEATHER CONDITIONS
 THE FOLLOWING WEATHER WAS RECORDED YESTERDAY.
  LIGHT SNOW
  FOG
  HAZE


RELATIVE HUMIDITY (PERCENT)
 HIGHEST    88          1200 AM
 LOWEST     58           500 PM
 AVERAGE    73

..........................................................


THE BURLINGTON IA CLIMATE NORMALS FOR TODAY
                         NORMAL    RECORD    YEAR
 MAXIMUM TEMPERATURE (F)   43        72      1976
 MINIMUM TEMPERATURE (F)   25        -7      1934


SUNRISE AND SUNSET
FEBRUARY 27 2015......SUNRISE   642 AM CST   SUNSET   553 PM CST
FEBRUARY 28 2015......SUNRISE   640 AM CST   SUNSET   554 PM CST


-  INDICATES NEGATIVE NUMBERS.
R  INDICATES RECORD WAS SET OR TIED.
MM INDICATES DATA IS MISSING.
T  INDICATES TRACE AMOUNT.




$$
