000
CDUS43 KDVN 312125
CLIBRL


CLIMATE REPORT
NATIONAL WEATHER SERVICE QUAD CITIES IA IL
423 PM CDT WED AUG 31 2016


...................................

...THE BURLINGTON IA CLIMATE SUMMARY FOR AUGUST 31 2016...
VALID TODAY AS OF 0400 PM LOCAL TIME.

CLIMATE NORMAL PERIOD 1981 TO 2010
CLIMATE RECORD PERIOD 1897 TO 2016


WEATHER ITEM   OBSERVED TIME   RECORD YEAR NORMAL DEPARTURE LAST
                VALUE   (LST)  VALUE       VALUE  FROM      YEAR
                                                  NORMAL
..................................................................
TEMPERATURE (F)
 TODAY
  MAXIMUM         83    153 PM  99    1953  83      0       89
  MINIMUM         69    640 AM  44    1967  63      6       66
  AVERAGE         76                        73      3       78

PRECIPITATION (IN)
  TODAY            0.00         MM      MM   0.15  -0.15     0.00
  MONTH TO DATE    5.03                      4.27   0.76     3.47
  SINCE JUN 1     13.40                     12.99   0.41    19.63
  SINCE JAN 1     24.25                     27.25  -3.00    28.59

DEGREE DAYS
 HEATING
  TODAY            0                         0      0        0
  MONTH TO DATE    0                         0      0        3
  SINCE JUN 1      6                        17    -11       12
  SINCE JUL 1      6                         4      2        7

 COOLING
  TODAY           11                         8      3       13
  MONTH TO DATE  319                       314      5      223
  SINCE JUN 1    937                       940     -3      759
  SINCE JAN 1   1036                      1043     -7      852
..................................................................


WIND (MPH)
  HIGHEST WIND SPEED    15   HIGHEST WIND DIRECTION     N (360)
  HIGHEST GUST SPEED    19   HIGHEST GUST DIRECTION     N (20)
  AVERAGE WIND SPEED     8.7


SKY COVER
  POSSIBLE SUNSHINE  MM
  AVERAGE SKY COVER 0.1


WEATHER CONDITIONS
 THE FOLLOWING WEATHER WAS RECORDED TODAY.
  NO SIGNIFICANT WEATHER WAS OBSERVED.


RELATIVE HUMIDITY (PERCENT)
 HIGHEST   100          1200 AM
 LOWEST     55           200 PM
 AVERAGE    78

..........................................................


THE BURLINGTON IA CLIMATE NORMALS FOR TOMORROW
                         NORMAL    RECORD    YEAR
 MAXIMUM TEMPERATURE (F)   83       103      1913
 MINIMUM TEMPERATURE (F)   62        40      1949


SUNRISE AND SUNSET
AUGUST 31 2016........SUNRISE   631 AM CDT   SUNSET   737 PM CDT
SEPTEMBER  1 2016.....SUNRISE   632 AM CDT   SUNSET   736 PM CDT


-  INDICATES NEGATIVE NUMBERS.
R  INDICATES RECORD WAS SET OR TIED.
MM INDICATES DATA IS MISSING.
T  INDICATES TRACE AMOUNT.




$$
