000
CDUS43 KDVN 241038
CLIBRL


CLIMATE REPORT
NATIONAL WEATHER SERVICE QUAD CITIES IA IL
436 AM CST MON NOV 24 2014


...................................

...THE BURLINGTON IA CLIMATE SUMMARY FOR NOVEMBER 23 2014...

CLIMATE NORMAL PERIOD 1981 TO 2010
CLIMATE RECORD PERIOD 1897 TO 2014


WEATHER ITEM   OBSERVED TIME   RECORD YEAR NORMAL DEPARTURE LAST
                VALUE   (LST)  VALUE       VALUE  FROM      YEAR
                                                  NORMAL
..................................................................
TEMPERATURE (F)
 YESTERDAY
  MAXIMUM         53    245 AM  69    1931  47      6       24
  MINIMUM         42   1159 PM   3    1950  30     12       12
  AVERAGE         48                        38     10       18

PRECIPITATION (IN)
  YESTERDAY        0.90         MM      MM   0.08   0.82     0.00
  MONTH TO DATE    1.17                      1.91  -0.74     1.14
  SINCE SEP 1     10.44                      8.55   1.89     5.33
  SINCE JAN 1     39.51                     35.80   3.71    32.39

DEGREE DAYS
 HEATING
  YESTERDAY       17                        26     -9       47
  MONTH TO DATE  687                       479    208      548
  SINCE SEP 1   1129                       869    260      961
  SINCE JUL 1   1136                       873    263      972

 COOLING
  YESTERDAY        0                         0      0        0
  MONTH TO DATE    0                         0      0        0
  SINCE SEP 1     86                       163    -77      214
  SINCE JAN 1    940                      1206   -266     1115
..................................................................


WIND (MPH)
  HIGHEST WIND SPEED    23   HIGHEST WIND DIRECTION    NW (320)
  HIGHEST GUST SPEED    32   HIGHEST GUST DIRECTION    NW (320)
  AVERAGE WIND SPEED     9.2


SKY COVER
  POSSIBLE SUNSHINE  MM
  AVERAGE SKY COVER 1.0


WEATHER CONDITIONS
 THE FOLLOWING WEATHER WAS RECORDED YESTERDAY.
  HEAVY RAIN
  RAIN
  LIGHT RAIN
  FOG
  FOG W/VISIBILITY <= 1/4 MILE


RELATIVE HUMIDITY (PERCENT)
 HIGHEST   100          1200 PM
 LOWEST     89          1200 AM
 AVERAGE    95

..........................................................


THE BURLINGTON IA CLIMATE NORMALS FOR TODAY
                         NORMAL    RECORD    YEAR
 MAXIMUM TEMPERATURE (F)   47        68      1915
 MINIMUM TEMPERATURE (F)   29         0      1950


SUNRISE AND SUNSET
NOVEMBER 24 2014......SUNRISE   702 AM CST   SUNSET   440 PM CST
NOVEMBER 25 2014......SUNRISE   703 AM CST   SUNSET   440 PM CST


-  INDICATES NEGATIVE NUMBERS.
R  INDICATES RECORD WAS SET OR TIED.
MM INDICATES DATA IS MISSING.
T  INDICATES TRACE AMOUNT.




$$
