000
CDUS43 KDVN 022122
CLIBRL


CLIMATE REPORT
NATIONAL WEATHER SERVICE QUAD CITIES IA IL
420 PM CDT THU JUL 2 2015


...................................

...THE BURLINGTON IA CLIMATE SUMMARY FOR JULY 2 2015...
VALID TODAY AS OF 0400 PM LOCAL TIME.

CLIMATE NORMAL PERIOD 1981 TO 2010
CLIMATE RECORD PERIOD 1897 TO 2015


WEATHER ITEM   OBSERVED TIME   RECORD YEAR NORMAL DEPARTURE LAST
                VALUE   (LST)  VALUE       VALUE  FROM      YEAR
                                                  NORMAL
..................................................................
TEMPERATURE (F)
 TODAY
  MAXIMUM         74    242 PM 101    1911  87    -13       67
  MINIMUM         59    625 AM  50    1959  67     -8       57
  AVERAGE         67                        77    -10       62

PRECIPITATION (IN)
  TODAY            0.00         MM      MM   0.14  -0.14     0.04
  MONTH TO DATE    T                         0.28  -0.28     0.04
  SINCE JUN 1      7.06                      4.75   2.31     9.13
  SINCE JAN 1     16.02                     19.01  -2.99    20.52

DEGREE DAYS
 HEATING
  TODAY            0                         0      0        3
  MONTH TO DATE    0                         0      0        3
  SINCE JUN 1      5                        13     -8        5
  SINCE JUL 1      0                         0      0        3

 COOLING
  TODAY            2                        12    -10        0
  MONTH TO DATE   10                        24    -14        9
  SINCE JUN 1    234                       284    -50      264
  SINCE JAN 1    327                       387    -60      402
..................................................................


WIND (MPH)
  HIGHEST WIND SPEED    16   HIGHEST WIND DIRECTION     E (70)
  HIGHEST GUST SPEED    20   HIGHEST GUST DIRECTION    NE (40)
  AVERAGE WIND SPEED     9.1


SKY COVER
  POSSIBLE SUNSHINE  MM
  AVERAGE SKY COVER 0.3


WEATHER CONDITIONS
 THE FOLLOWING WEATHER WAS RECORDED TODAY.
  NO SIGNIFICANT WEATHER WAS OBSERVED.


RELATIVE HUMIDITY (PERCENT)
 HIGHEST    93           300 AM
 LOWEST     61           100 PM
 AVERAGE    77

..........................................................


THE BURLINGTON IA CLIMATE NORMALS FOR TOMORROW
                         NORMAL    RECORD    YEAR
 MAXIMUM TEMPERATURE (F)   87       105      1911
 MINIMUM TEMPERATURE (F)   67        50      1968


SUNRISE AND SUNSET
JULY  2 2015..........SUNRISE   537 AM CDT   SUNSET   840 PM CDT
JULY  3 2015..........SUNRISE   538 AM CDT   SUNSET   839 PM CDT


-  INDICATES NEGATIVE NUMBERS.
R  INDICATES RECORD WAS SET OR TIED.
MM INDICATES DATA IS MISSING.
T  INDICATES TRACE AMOUNT.




$$
