000
CDUS43 KDVN 052224
CLIBRL


CLIMATE REPORT
NATIONAL WEATHER SERVICE QUAD CITIES IA IL
422 PM CST MON DEC 5 2016


...................................

...THE BURLINGTON IA CLIMATE SUMMARY FOR DECEMBER 5 2016...
VALID TODAY AS OF 0400 PM LOCAL TIME.

CLIMATE NORMAL PERIOD 1981 TO 2010
CLIMATE RECORD PERIOD 1897 TO 2016


WEATHER ITEM   OBSERVED TIME   RECORD YEAR NORMAL DEPARTURE LAST
                VALUE   (LST)  VALUE       VALUE  FROM      YEAR
                                                  NORMAL
..................................................................
TEMPERATURE (F)
 TODAY
  MAXIMUM         36    359 PM  67    2001  41     -5       50
  MINIMUM         31    941 AM  -4    1977  24      7       34
  AVERAGE         34                        32      2       42

PRECIPITATION (IN)
  TODAY            0.00         MM      MM   0.08  -0.08     0.00
  MONTH TO DATE    0.51                      0.39   0.12     0.03
  SINCE DEC 1      0.51                      0.39   0.12     0.03
  SINCE JAN 1     32.13                     36.78  -4.65    37.76

DEGREE DAYS
 HEATING
  TODAY           31                        33     -2       23
  MONTH TO DATE  144                       159    -15      134
  SINCE DEC 1    144                       159    -15      134
  SINCE JUL 1    900                      1232   -332     1051

 COOLING
  TODAY            0                         0      0        0
  MONTH TO DATE    0                         0      0        0
  SINCE DEC 1      0                         0      0        0
  SINCE JAN 1   1276                      1207     69     1093
..................................................................


WIND (MPH)
  HIGHEST WIND SPEED    21   HIGHEST WIND DIRECTION     S (180)
  HIGHEST GUST SPEED    23   HIGHEST GUST DIRECTION     S (180)
  AVERAGE WIND SPEED     8.0


SKY COVER
  POSSIBLE SUNSHINE  MM
  AVERAGE SKY COVER 1.0


WEATHER CONDITIONS
 THE FOLLOWING WEATHER WAS RECORDED TODAY.
  FOG
  FOG W/VISIBILITY <= 1/4 MILE


RELATIVE HUMIDITY (PERCENT)
 HIGHEST   100          1200 AM
 LOWEST    100          1200 AM
 AVERAGE   100

..........................................................


THE BURLINGTON IA CLIMATE NORMALS FOR TOMORROW
                         NORMAL    RECORD    YEAR
 MAXIMUM TEMPERATURE (F)   40        67      1951
 MINIMUM TEMPERATURE (F)   24        -4      1977


SUNRISE AND SUNSET
DECEMBER  5 2016......SUNRISE   714 AM CST   SUNSET   437 PM CST
DECEMBER  6 2016......SUNRISE   715 AM CST   SUNSET   437 PM CST


-  INDICATES NEGATIVE NUMBERS.
R  INDICATES RECORD WAS SET OR TIED.
MM INDICATES DATA IS MISSING.
T  INDICATES TRACE AMOUNT.




$$
