000
CDUS43 KDVN 251010
CLIBRL


CLIMATE REPORT
NATIONAL WEATHER SERVICE QUAD CITIES IA IL
408 AM CST THU DEC 25 2014


...................................

...THE BURLINGTON IA CLIMATE SUMMARY FOR DECEMBER 24 2014...

CLIMATE NORMAL PERIOD 1981 TO 2010
CLIMATE RECORD PERIOD 1897 TO 2014


WEATHER ITEM   OBSERVED TIME   RECORD YEAR NORMAL DEPARTURE LAST
                VALUE   (LST)  VALUE       VALUE  FROM      YEAR
                                                  NORMAL
..................................................................
TEMPERATURE (F)
 YESTERDAY
  MAXIMUM         38    157 AM  61    1955  35      3       20
  MINIMUM         35   1159 PM -20    1983  19     16      -13
  AVERAGE         37                        27     10        4

PRECIPITATION (IN)
  YESTERDAY        0.01         MM      MM   0.06  -0.05     0.00
  MONTH TO DATE    0.65                      1.71  -1.06     1.08
  SINCE DEC 1      0.65                      1.71  -1.06     1.08
  SINCE JAN 1     40.38                     38.10   2.28    33.47

DEGREE DAYS
 HEATING
  YESTERDAY       28                        38    -10       61
  MONTH TO DATE  749                       842    -93      997
  SINCE DEC 1    749                       842    -93      997
  SINCE JUL 1   2126                      1915    211     2234

 COOLING
  YESTERDAY        0                         0      0        0
  MONTH TO DATE    0                         0      0        0
  SINCE DEC 1      0                         0      0        0
  SINCE JAN 1    940                      1207   -267     1115
..................................................................


WIND (MPH)
  HIGHEST WIND SPEED    16   HIGHEST WIND DIRECTION    NW (310)
  HIGHEST GUST SPEED    22   HIGHEST GUST DIRECTION    NW (310)
  AVERAGE WIND SPEED     9.2


SKY COVER
  POSSIBLE SUNSHINE  MM
  AVERAGE SKY COVER 1.0


WEATHER CONDITIONS
 THE FOLLOWING WEATHER WAS RECORDED YESTERDAY.
  LIGHT RAIN
  FOG


RELATIVE HUMIDITY (PERCENT)
 HIGHEST   100           900 AM
 LOWEST     76           700 PM
 AVERAGE    88

..........................................................


THE BURLINGTON IA CLIMATE NORMALS FOR TODAY
                         NORMAL    RECORD    YEAR
 MAXIMUM TEMPERATURE (F)   35        61      1936
 MINIMUM TEMPERATURE (F)   19       -14      1983


SUNRISE AND SUNSET
DECEMBER 25 2014......SUNRISE   727 AM CST   SUNSET   442 PM CST
DECEMBER 26 2014......SUNRISE   727 AM CST   SUNSET   443 PM CST


-  INDICATES NEGATIVE NUMBERS.
R  INDICATES RECORD WAS SET OR TIED.
MM INDICATES DATA IS MISSING.
T  INDICATES TRACE AMOUNT.




$$
