000
CDUS43 KDVN 280942
CLIBRL


CLIMATE REPORT
NATIONAL WEATHER SERVICE QUAD CITIES IA IL
442 AM CDT WED SEP 28 2016


...................................

...THE BURLINGTON IA CLIMATE SUMMARY FOR SEPTEMBER 27 2016...

CLIMATE NORMAL PERIOD 1981 TO 2010
CLIMATE RECORD PERIOD 1897 TO 2016


WEATHER ITEM   OBSERVED TIME   RECORD YEAR NORMAL DEPARTURE LAST
                VALUE   (LST)  VALUE       VALUE  FROM      YEAR
                                                  NORMAL
..................................................................
TEMPERATURE (F)
 YESTERDAY
  MAXIMUM         75    331 PM  91    1905  74      1       77
  MINIMUM         50    638 AM  32    1942  51     -1       59
  AVERAGE         63                        63      0       68

PRECIPITATION (IN)
  YESTERDAY        0.00         MM      MM   0.11  -0.11     0.00
  MONTH TO DATE    3.23                      3.24  -0.01     1.05
  SINCE SEP 1      3.23                      3.24  -0.01     1.05
  SINCE JAN 1     27.48                     30.49  -3.01    29.64

DEGREE DAYS
 HEATING
  YESTERDAY        2                         5     -3        0
  MONTH TO DATE    9                        51    -42       28
  SINCE SEP 1      9                        51    -42       28
  SINCE JUL 1     15                        55    -40       35

 COOLING
  YESTERDAY        0                         2     -2        3
  MONTH TO DATE  196                       134     62      220
  SINCE SEP 1    196                       134     62      220
  SINCE JAN 1   1229                      1177     52     1072
..................................................................


WIND (MPH)
  HIGHEST WIND SPEED    18   HIGHEST WIND DIRECTION     W (290)
  HIGHEST GUST SPEED    27   HIGHEST GUST DIRECTION     W (290)
  AVERAGE WIND SPEED     8.1


SKY COVER
  POSSIBLE SUNSHINE  MM
  AVERAGE SKY COVER 0.0


WEATHER CONDITIONS
 THE FOLLOWING WEATHER WAS RECORDED YESTERDAY.
  HAZE


RELATIVE HUMIDITY (PERCENT)
 HIGHEST    83           300 AM
 LOWEST     22           200 PM
 AVERAGE    53

..........................................................


THE BURLINGTON IA CLIMATE NORMALS FOR TODAY
                         NORMAL    RECORD    YEAR
 MAXIMUM TEMPERATURE (F)   74        98      1953
 MINIMUM TEMPERATURE (F)   51        25      1942


SUNRISE AND SUNSET
SEPTEMBER 28 2016.....SUNRISE   658 AM CDT   SUNSET   651 PM CDT
SEPTEMBER 29 2016.....SUNRISE   659 AM CDT   SUNSET   649 PM CDT


-  INDICATES NEGATIVE NUMBERS.
R  INDICATES RECORD WAS SET OR TIED.
MM INDICATES DATA IS MISSING.
T  INDICATES TRACE AMOUNT.




$$
