000
CDUS44 KBRO 160745
CLIBRO


CLIMATE REPORT
NATIONAL WEATHER SERVICE BROWNSVILLE TX
145 AM CST MON JAN 16 2017


...................................

...THE BROWNSVILLE CLIMATE SUMMARY FOR JANUARY 15 2017...

CLIMATE NORMAL PERIOD 1981 TO 2010
CLIMATE RECORD PERIOD 1878 TO 2017


WEATHER ITEM   OBSERVED TIME   RECORD YEAR NORMAL DEPARTURE LAST
                VALUE   (LST)  VALUE       VALUE  FROM      YEAR
                                                  NORMAL
..................................................................
TEMPERATURE (F)
 YESTERDAY
  MAXIMUM         84R   206 PM  83    2016  70     14       83
                                      1971
                                      1936
  MINIMUM         69    744 AM  23    1888  51     18       53
  AVERAGE         77                        61     16       68

PRECIPITATION (IN)
  YESTERDAY        0.00          1.57 2011   0.04  -0.04     0.00
  MONTH TO DATE    0.01                      0.55  -0.54     1.81
  SINCE DEC 1      1.68                      1.70  -0.02     1.97
  SINCE JAN 1      0.01                      0.55  -0.54     1.81

SNOWFALL (IN)
  YESTERDAY        0.0           0.0  2002   0.0
                                      1998
                                      2000
  MONTH TO DATE    0.0                       0.0
  SINCE DEC 1      0.0                       0.0
  SINCE JUL 1      0.0                       0.0

DEGREE DAYS
 HEATING
  YESTERDAY        0                         6     -6        0
  MONTH TO DATE   57                        90    -33      123
  SINCE DEC 1    147                       255   -108      183
  SINCE JUL 1    155                       309   -154      205

 COOLING
  YESTERDAY       12                         2     10        3
  MONTH TO DATE   79                        30     49        7
  SINCE DEC 1    255                       110    145      141
  SINCE JAN 1     79                        30     49        7
..................................................................


WIND (MPH)
  HIGHEST WIND SPEED    31   HIGHEST WIND DIRECTION    SE (150)
  HIGHEST GUST SPEED    40   HIGHEST GUST DIRECTION     S (160)
  AVERAGE WIND SPEED    16.8


SKY COVER
  POSSIBLE SUNSHINE  MM
  AVERAGE SKY COVER 0.4


WEATHER CONDITIONS
 THE FOLLOWING WEATHER WAS RECORDED YESTERDAY.
  NO SIGNIFICANT WEATHER WAS OBSERVED.


RELATIVE HUMIDITY (PERCENT)
 HIGHEST   100           600 AM
 LOWEST     55           100 PM
 AVERAGE    78

..........................................................


THE BROWNSVILLE CLIMATE NORMALS FOR TODAY
                         NORMAL    RECORD    YEAR
 MAXIMUM TEMPERATURE (F)   70        83      1978
                                             1895
 MINIMUM TEMPERATURE (F)   51        21      1888


SUNRISE AND SUNSET
JANUARY 16 2017.......SUNRISE   718 AM CST   SUNSET   601 PM CST
JANUARY 17 2017.......SUNRISE   718 AM CST   SUNSET   602 PM CST


-  INDICATES NEGATIVE NUMBERS.
R  INDICATES RECORD WAS SET OR TIED.
MM INDICATES DATA IS MISSING.
T  INDICATES TRACE AMOUNT.




$$
