000
CDUS44 KBRO 200745
CLIBRO


CLIMATE REPORT
NATIONAL WEATHER SERVICE BROWNSVILLE TX
145 AM CST SAT DEC 20 2014


...................................

...THE BROWNSVILLE CLIMATE SUMMARY FOR DECEMBER 19 2014...

CLIMATE NORMAL PERIOD 1981 TO 2010
CLIMATE RECORD PERIOD 1878 TO 2014


WEATHER ITEM   OBSERVED TIME   RECORD YEAR NORMAL DEPARTURE LAST
                VALUE   (LST)  VALUE       VALUE  FROM      YEAR
                                                  NORMAL
..................................................................
TEMPERATURE (F)
 YESTERDAY
  MAXIMUM         74   1238 PM  85    2012  71      3       82
  MINIMUM         60    814 PM  29    1996  52      8       63
  AVERAGE         67                        62      5       73

PRECIPITATION (IN)
  YESTERDAY        T             0.70 1899   0.04  -0.04      T
  MONTH TO DATE    0.88                      0.75   0.13     0.11
  SINCE DEC 1      0.88                      0.75   0.13     0.11
  SINCE JAN 1     28.04                     27.04   1.00    25.60

SNOWFALL (IN)
  YESTERDAY        0.0           0.0  2001   0.0
  MONTH TO DATE    0.0                       0.0
  SINCE DEC 1      0.0                       0.0
  SINCE JUL 1      0.0                       0.0

DEGREE DAYS
 HEATING
  YESTERDAY        0                         6     -6        0
  MONTH TO DATE    9                        91    -82      138
  SINCE DEC 1      9                        91    -82      138
  SINCE JUL 1    122                       145    -23      246

 COOLING
  YESTERDAY        2                         2      0        8
  MONTH TO DATE   95                        55     40       48
  SINCE DEC 1     95                        55     40       48
  SINCE JAN 1   3995                      4000     -5     4168
..................................................................


WIND (MPH)
  HIGHEST WIND SPEED    16   HIGHEST WIND DIRECTION     N (340)
  HIGHEST GUST SPEED    21   HIGHEST GUST DIRECTION     N (340)
  AVERAGE WIND SPEED     8.1


SKY COVER
  POSSIBLE SUNSHINE  MM
  AVERAGE SKY COVER 0.8


WEATHER CONDITIONS
 THE FOLLOWING WEATHER WAS RECORDED YESTERDAY.
  LIGHT RAIN
  FOG
  HAZE


RELATIVE HUMIDITY (PERCENT)
 HIGHEST    93           400 AM
 LOWEST     79           200 PM
 AVERAGE    86

..........................................................


THE BROWNSVILLE CLIMATE NORMALS FOR TODAY
                         NORMAL    RECORD    YEAR
 MAXIMUM TEMPERATURE (F)   71        88      1889
 MINIMUM TEMPERATURE (F)   52        27      1924


SUNRISE AND SUNSET
DECEMBER 20 2014......SUNRISE   712 AM CST   SUNSET   543 PM CST
DECEMBER 21 2014......SUNRISE   712 AM CST   SUNSET   544 PM CST


-  INDICATES NEGATIVE NUMBERS.
R  INDICATES RECORD WAS SET OR TIED.
MM INDICATES DATA IS MISSING.
T  INDICATES TRACE AMOUNT.




$$
