000
CDUS44 KBRO 202237
CLIBRO


CLIMATE REPORT
NATIONAL WEATHER SERVICE BROWNSVILLE TX
437 PM CST MON NOV 20 2017


...................................

...THE BROWNSVILLE CLIMATE SUMMARY FOR NOVEMBER 20 2017...
VALID TODAY AS OF 0400 PM LOCAL TIME.

CLIMATE NORMAL PERIOD 1981 TO 2010
CLIMATE RECORD PERIOD 1878 TO 2017


WEATHER ITEM   OBSERVED TIME   RECORD YEAR NORMAL DEPARTURE LAST
                VALUE   (LST)  VALUE       VALUE  FROM      YEAR
                                                  NORMAL
..................................................................
TEMPERATURE (F)
 TODAY
  MAXIMUM         74    156 PM  88    2013  78     -4       74
                                      1900
  MINIMUM         57    119 AM  36    1969  58     -1       49
  AVERAGE         66                        68     -2       62

PRECIPITATION (IN)
  TODAY            0.13          1.26 2015   0.06   0.07     0.00
  MONTH TO DATE    0.79                      1.34  -0.55     4.35
  SINCE SEP 1      8.68                     11.00  -2.32     7.41
  SINCE JAN 1     21.72                     25.81  -4.09    21.07

SNOWFALL (IN)
  TODAY            0.0           0.0  2001   0.0
  MONTH TO DATE    0.0                       0.0
  SINCE SEP 1      0.0                       0.0
  SINCE JUL 1      0.0                       0.0

DEGREE DAYS
 HEATING
  TODAY            0                         2     -2        3
  MONTH TO DATE    6                        24    -18        8
  SINCE SEP 1     13                        28    -15        8
  SINCE JUL 1     13                        28    -15        8

 COOLING
  TODAY            1                         5     -4        0
  MONTH TO DATE  230                       136     94      173
  SINCE SEP 1   1138                       994    144     1270
  SINCE JAN 1   4665                      3901    764     4375
..................................................................


WIND (MPH)
  HIGHEST WIND SPEED    23   HIGHEST WIND DIRECTION     E (110)
  HIGHEST GUST SPEED    29   HIGHEST GUST DIRECTION     E (110)
  AVERAGE WIND SPEED     7.1


SKY COVER
  POSSIBLE SUNSHINE  MM
  AVERAGE SKY COVER 0.9


WEATHER CONDITIONS
 THE FOLLOWING WEATHER WAS RECORDED TODAY.
  THUNDERSTORM
  LIGHT RAIN
  FOG


RELATIVE HUMIDITY (PERCENT)
 HIGHEST    90          1200 PM
 LOWEST     52           800 AM
 AVERAGE    71

..........................................................


THE BROWNSVILLE CLIMATE NORMALS FOR TOMORROW
                         NORMAL    RECORD    YEAR
 MAXIMUM TEMPERATURE (F)   78        89      1977
                                             1900
 MINIMUM TEMPERATURE (F)   58        38      1906


SUNRISE AND SUNSET
NOVEMBER 20 2017......SUNRISE   652 AM CST   SUNSET   539 PM CST
NOVEMBER 21 2017......SUNRISE   652 AM CST   SUNSET   539 PM CST


-  INDICATES NEGATIVE NUMBERS.
R  INDICATES RECORD WAS SET OR TIED.
MM INDICATES DATA IS MISSING.
T  INDICATES TRACE AMOUNT.




$$
