000
CDUS44 KBRO 030635
CLIBRO


CLIMATE REPORT
NATIONAL WEATHER SERVICE BROWNSVILLE TX
135 AM CDT FRI JUL 3 2015


...................................

...THE BROWNSVILLE CLIMATE SUMMARY FOR JULY 2 2015...
VALID TODAY AS OF 0100 AM LOCAL TIME.

CLIMATE NORMAL PERIOD 1981 TO 2010
CLIMATE RECORD PERIOD 1878 TO 2015


WEATHER ITEM   OBSERVED TIME   RECORD YEAR NORMAL DEPARTURE LAST
                VALUE   (LST)  VALUE       VALUE  FROM      YEAR
                                                  NORMAL
..................................................................
TEMPERATURE (F)
 TODAY
  MAXIMUM         89    359 PM 100    1918  93     -4       95
                                      1894
  MINIMUM         72    440 AM  67    1901  76     -4       74
  AVERAGE         81                        84     -3       85

PRECIPITATION (IN)
  TODAY            0.60          1.95 1904   0.08   0.52     0.00
  MONTH TO DATE    2.35                      0.16   2.19     0.00
  SINCE JUN 1      3.11                      2.73   0.38     0.64
  SINCE JAN 1     23.60                     10.49  13.11     5.97

SNOWFALL (IN)
  TODAY            0.0          MM    2001   0.0
  MONTH TO DATE    0.0                       0.0
  SINCE JUN 1      0.0                       0.0
  SINCE JUL 1      0.0                       0.0

DEGREE DAYS
 HEATING
  TODAY            0                         0      0        0
  MONTH TO DATE    0                         0      0        0
  SINCE JUN 1      0                         0      0        0
  SINCE JUL 1      0                         0      0        0

 COOLING
  TODAY           16                        20     -4       20
  MONTH TO DATE   29                        40    -11       39
  SINCE JUN 1    602                       607     -5      636
  SINCE JAN 1   1664                      1700    -36     1558
..................................................................


WIND (MPH)
  HIGHEST WIND SPEED    30   HIGHEST WIND DIRECTION     S (190)
  HIGHEST GUST SPEED    37   HIGHEST GUST DIRECTION     S (190)
  AVERAGE WIND SPEED     7.9


SKY COVER
  POSSIBLE SUNSHINE  MM
  AVERAGE SKY COVER 0.1


WEATHER CONDITIONS
 THE FOLLOWING WEATHER WAS RECORDED TODAY.
  THUNDERSTORM
  HEAVY RAIN
  LIGHT RAIN
  FOG
  HAZE


RELATIVE HUMIDITY (PERCENT)
 HIGHEST   100          1200 PM
 LOWEST     59           200 PM
 AVERAGE    80

..........................................................


THE BROWNSVILLE CLIMATE NORMALS FOR TOMORROW
                         NORMAL    RECORD    YEAR
 MAXIMUM TEMPERATURE (F)   93       102      1894
 MINIMUM TEMPERATURE (F)   76        68      1901
                                             1900


SUNRISE AND SUNSET
JULY  2 2015..........SUNRISE   642 AM CDT   SUNSET   825 PM CDT
JULY  3 2015..........SUNRISE   642 AM CDT   SUNSET   825 PM CDT


-  INDICATES NEGATIVE NUMBERS.
R  INDICATES RECORD WAS SET OR TIED.
MM INDICATES DATA IS MISSING.
T  INDICATES TRACE AMOUNT.




$$
