000
CDUS44 KBRO 280625
CLIBRO


CLIMATE REPORT
NATIONAL WEATHER SERVICE BROWNSVILLE TX
125 AM CDT TUE MAR 28 2017


...................................

...THE BROWNSVILLE CLIMATE SUMMARY FOR MARCH 27 2017...

CLIMATE NORMAL PERIOD 1981 TO 2010
CLIMATE RECORD PERIOD 1878 TO 2017


WEATHER ITEM   OBSERVED TIME   RECORD YEAR NORMAL DEPARTURE LAST
                VALUE   (LST)  VALUE       VALUE  FROM      YEAR
                                                  NORMAL
..................................................................
TEMPERATURE (F)
 YESTERDAY
  MAXIMUM         87    139 PM 106    1984  81      6       84
  MINIMUM         70    702 AM  40    1913  62      8       65
  AVERAGE         79                        71      8       75

PRECIPITATION (IN)
  YESTERDAY        0.00          0.90 1911   0.04  -0.04     0.00
  MONTH TO DATE    1.84                      1.06   0.78     2.67
  SINCE MAR 1      1.84                      1.06   0.78     2.67
  SINCE JAN 1      3.38                      3.41  -0.03     4.55

SNOWFALL (IN)
  YESTERDAY        0.0           0.0  2002   0.0
                                      2001
  MONTH TO DATE    0.0                       0.0
  SINCE MAR 1      0.0                       0.0
  SINCE JUL 1      0.0                       0.0

DEGREE DAYS
 HEATING
  YESTERDAY        0                         1     -1        0
  MONTH TO DATE    2                        40    -38       13
  SINCE MAR 1      2                        40    -38       13
  SINCE JUL 1    201                       543   -342      373

 COOLING
  YESTERDAY       14                         7      7       10
  MONTH TO DATE  247                       145    102      195
  SINCE MAR 1    247                       145    102      195
  SINCE JAN 1    634                       286    348      303
..................................................................


WIND (MPH)
  HIGHEST WIND SPEED    22   HIGHEST WIND DIRECTION    SE (140)
  HIGHEST GUST SPEED    29   HIGHEST GUST DIRECTION     S (160)
  AVERAGE WIND SPEED    10.6


SKY COVER
  POSSIBLE SUNSHINE  MM
  AVERAGE SKY COVER 0.7


WEATHER CONDITIONS
 THE FOLLOWING WEATHER WAS RECORDED YESTERDAY.
  NO SIGNIFICANT WEATHER WAS OBSERVED.


RELATIVE HUMIDITY (PERCENT)
 HIGHEST    97           700 AM
 LOWEST     57           100 PM
 AVERAGE    77

..........................................................


THE BROWNSVILLE CLIMATE NORMALS FOR TODAY
                         NORMAL    RECORD    YEAR
 MAXIMUM TEMPERATURE (F)   81        96      1899
 MINIMUM TEMPERATURE (F)   62        41      1913


SUNRISE AND SUNSET
MARCH 28 2017.........SUNRISE   725 AM CDT   SUNSET   745 PM CDT
MARCH 29 2017.........SUNRISE   724 AM CDT   SUNSET   745 PM CDT


-  INDICATES NEGATIVE NUMBERS.
R  INDICATES RECORD WAS SET OR TIED.
MM INDICATES DATA IS MISSING.
T  INDICATES TRACE AMOUNT.




$$
