000
CDUS44 KBRO 230628
CLIBRO


CLIMATE REPORT
NATIONAL WEATHER SERVICE BROWNSVILLE TX
128 AM CDT WED JUL 23 2014


...................................

...THE BROWNSVILLE CLIMATE SUMMARY FOR JULY 22 2014...

CLIMATE NORMAL PERIOD 1981 TO 2010
CLIMATE RECORD PERIOD 1878 TO 2014


WEATHER ITEM   OBSERVED TIME   RECORD YEAR NORMAL DEPARTURE LAST
                VALUE   (LST)  VALUE       VALUE  FROM      YEAR
                                                  NORMAL
..................................................................
TEMPERATURE (F)
 YESTERDAY
  MAXIMUM         96    219 PM  99    1920  94      2       94
  MINIMUM         78    621 AM  68    1908  76      2       80
  AVERAGE         87                        85      2       87

PRECIPITATION (IN)
  YESTERDAY        0.00          0.73 1991   0.05  -0.05     0.00
  MONTH TO DATE    1.64                      1.55   0.09     2.13
  SINCE JUN 1      2.28                      4.12  -1.84     2.98
  SINCE JAN 1      7.61                     11.88  -4.27     8.58

SNOWFALL (IN)
  YESTERDAY        0.0          MM    2001   0.0
  MONTH TO DATE    0.0                       0.0
  SINCE JUN 1      0.0                       0.0
  SINCE JUL 1      0.0                       0.0

DEGREE DAYS
 HEATING
  YESTERDAY        0                         0      0        0
  MONTH TO DATE    0                         0      0        0
  SINCE JUN 1      0                         0      0        0
  SINCE JUL 1      0                         0      0        0

 COOLING
  YESTERDAY       22                        20      2       22
  MONTH TO DATE  428                       440    -12      435
  SINCE JUN 1   1025                      1007     18     1058
  SINCE JAN 1   1947                      2100   -153     2180
..................................................................


WIND (MPH)
  HIGHEST WIND SPEED    21   HIGHEST WIND DIRECTION    SE (150)
  HIGHEST GUST SPEED    25   HIGHEST GUST DIRECTION    SE (140)
  AVERAGE WIND SPEED    10.7


SKY COVER
  POSSIBLE SUNSHINE  MM
  AVERAGE SKY COVER 0.3


WEATHER CONDITIONS
 THE FOLLOWING WEATHER WAS RECORDED YESTERDAY.
  NO SIGNIFICANT WEATHER WAS OBSERVED.


RELATIVE HUMIDITY (PERCENT)
 HIGHEST    97           200 AM
 LOWEST     53           200 PM
 AVERAGE    75

..........................................................


THE BROWNSVILLE CLIMATE NORMALS FOR TODAY
                         NORMAL    RECORD    YEAR
 MAXIMUM TEMPERATURE (F)   94        99      1979
 MINIMUM TEMPERATURE (F)   76        68      1989
                                             1915
                                             1901


SUNRISE AND SUNSET
JULY 23 2014..........SUNRISE   651 AM CDT   SUNSET   821 PM CDT
JULY 24 2014..........SUNRISE   652 AM CDT   SUNSET   820 PM CDT


-  INDICATES NEGATIVE NUMBERS.
R  INDICATES RECORD WAS SET OR TIED.
MM INDICATES DATA IS MISSING.
T  INDICATES TRACE AMOUNT.




$$
