000
CDAK49 PABR 060933
CLIBRW

CLIMATE REPORT
NATIONAL WEATHER SERVICE BARROW, AK
1233 AM AKST FRI MAR 6 2015

...................................
...THE BARROW WSO AP CLIMATE SUMMARY FOR MARCH 5 2015...

CLIMATE NORMAL PERIOD  1981 TO  2010
CLIMATE RECORD PERIOD  1915 TO  2015

WEATHER ITEM   OBSERVED TIME    RECORD YEAR NORMAL DEPARTURE LAST
               VALUE    (LST)   VALUE       VALUE  FROM      YEAR
                                                   NORMAL
...................................................................
TEMPERATURE
YESTERDAY
 MAXIMUM            -6  1232 AM    25  1943     -8       2     -9
 MINIMUM           -19  1017 AM   -45  1970    -21       2    -19
 AVERAGE           -13                         -14       1    -14

PRECIPITATION
(INCHES)
 YESTERDAY        0.06           0.12  1966   0.01    0.05      T
 MONTH TO DATE    0.16                        0.02    0.14      T
 SINCE MAR 1      0.16                        0.02    0.14   0.00
 SINCE JAN 1      0.73                        0.29    0.44   0.37

SNOWFALL
(INCHES)
 YESTERDAY         0.6            1.4  1966    0.1     0.5    0.2
 MONTH TO DATE     1.5                         0.4     1.1    0.3
 SINCE MAR 1       1.5                         0.4     1.1    0.3
 SINCE JUL 1      44.6                        29.4    15.2   42.9
 SNOW DEPTH (IN)     6                                          8

DEGREE DAYS
 HEATING
  YESTERDAY         78                          79      -1     79
  MONTH TO DATE    353                         395     -42    352
  SINCE MAR 1      351                         395     -44    350
  SINCE JUL 1    12494                       13243    -749  12062

 COOLING
  YESTERDAY          0                           0       0      0
  MONTH TO DATE      0                           0       0      0
  SINCE MAR 1        0                           0       0      0
  SINCE JAN 1        0                           0       0      0
...................................................................

WIND (MPH)
 HIGHEST WIND SPEED    13     HIGHEST WIND DIRECTION     80
 HIGHEST GUST SPEED    17     HIGHEST GUST DIRECTION     80
 AVERAGE WIND SPEED   9.8

WEATHER CONDITIONS
 THE FOLLOWING WEATHER WAS RECORDED YESTERDAY.
  FOG
  SNOW

RELATIVE HUMIDITY
 HIGHEST RH     95 PERCENT  AT  353 PM AST
 LOWEST  RH     74 PERCENT  AT  653 AM AST
 AVERAGE RH     85 PERCENT
...................................................................

THE BARROW CLIMATE NORMALS FOR TODAY
                           NORMAL    RECORD   YEAR
 MAXIMUM TEMPERATURE (F)     -8        19     2003
 MINIMUM TEMPERATURE (F)    -21       -43     1974

SUNRISE AND SUNSET
 MAR 6 2015..........SUNRISE  8:35 AM      SUNSET  6:45 PM
 MAR 7 2015..........SUNRISE  8:30 AM      SUNSET  6:49 PM

-  INDICATES NEGATIVE NUMBERS.
R  INDICATES RECORD HAS BEEN SET OR TIED.
MM INDICATES DATA IS MISSING.
T  INDICATES TRACE OF PRECIPITATION.

&&
-------------------------------------------------------------------

AMOUNT OF DAYLIGHT TODAY  (HOUR:MIN)........10 HOURS 10 MINUTES
GAIN/LOSS SINCE YESTERDAY (HOUR:MIN:SEC)....+0:09:31

$$
RFL MAR 15
