000
CDAK49 PABR 010902
CLIBRW

CLIMATE REPORT
NATIONAL WEATHER SERVICE BARROW, AK
102 AM AKDT SAT AUG 1 2015

...................................
...THE BARROW WSO AP CLIMATE SUMMARY FOR JULY 31 2015...

CLIMATE NORMAL PERIOD  1981 TO  2010
CLIMATE RECORD PERIOD  1915 TO  2015

WEATHER ITEM   OBSERVED TIME    RECORD YEAR NORMAL DEPARTURE LAST
               VALUE    (LST)   VALUE       VALUE  FROM      YEAR
                                                   NORMAL
...................................................................
TEMPERATURE
YESTERDAY
 MAXIMUM            51  0828 AM    64  1978     46       5     53
 MINIMUM            39  1159 PM    27  1929     35       4     40
 AVERAGE            45                          41       4     47

PRECIPITATION
(INCHES)
 YESTERDAY        0.12           0.66  1961   0.04    0.08   0.01
 MONTH TO DATE    0.22                        0.98   -0.76   1.01
 SINCE JUN 1      1.06                        1.30   -0.24   2.48
 SINCE JAN 1      3.02                        2.00    1.02   4.10

SNOWFALL
(INCHES)
 YESTERDAY         0.0            0.7  1957    0.0     0.0    0.0
 MONTH TO DATE       T                         0.2    -0.2    0.9
 SINCE JUN 1       1.0                         0.9     0.1    1.8
 SINCE JUL 1         T                         0.2    -0.2    0.9
 SNOW DEPTH (IN)     0                                          0

DEGREE DAYS
 HEATING
  YESTERDAY         20                          24      -4     18
  MONTH TO DATE    751                         747       4    828
  SINCE JUN 1     1493                        1627    -134   1761
  SINCE JUL 1      751                         747       4    828

 COOLING
  YESTERDAY          0                           0       0      0
  MONTH TO DATE      0                           0       0      0
  SINCE JUN 1        0                           0       0      0
  SINCE JAN 1        0                           0       0      0
...................................................................

WIND (MPH)
 HIGHEST WIND SPEED    29     HIGHEST WIND DIRECTION    220
 HIGHEST GUST SPEED    35     HIGHEST GUST DIRECTION    220
 AVERAGE WIND SPEED  14.3

WEATHER CONDITIONS
 THE FOLLOWING WEATHER WAS RECORDED YESTERDAY.
  FOG
RAIN


RELATIVE HUMIDITY
 HIGHEST RH     MM PERCENT       MM
 LOWEST  RH     MM PERCENT       MM
 AVERAGE RH     MM PERCENT       MM
...................................................................

THE BARROW CLIMATE NORMALS FOR TODAY
                           NORMAL    RECORD   YEAR
 MAXIMUM TEMPERATURE (F)     46        69     1923
 MINIMUM TEMPERATURE (F)     35        28     1975

SUNRISE AND SUNSET
 AUG 1 2015..........SUNRISE  **.**      SUNSET  2:10 AM
 AUG 2 2015..........SUNRISE  2:58 AM      SUNSET  1:48 AM

-  INDICATES NEGATIVE NUMBERS.
R  INDICATES RECORD HAS BEEN SET OR TIED.
MM INDICATES DATA IS MISSING.
T  INDICATES TRACE OF PRECIPITATION.

&&
-------------------------------------------------------------------

AMOUNT OF DAYLIGHT TODAY  (HOUR:MIN)........24 HOURS 00 MINUTES
GAIN/LOSS SINCE YESTERDAY (HOUR:MIN:SEC)....+0:00:00

$$
DZB AUG 15
