000
CDAK49 PABR 280928
CLIBRW

CLIMATE REPORT
NATIONAL WEATHER SERVICE BARROW, AK
129 AM AKDT THU MAY 28 2015

...................................
...THE BARROW WSO AP CLIMATE SUMMARY FOR MAY 27 2015...

CLIMATE NORMAL PERIOD  1981 TO  2010
CLIMATE RECORD PERIOD  1915 TO  2015

WEATHER ITEM   OBSERVED TIME    RECORD YEAR NORMAL DEPARTURE LAST
               VALUE    (LST)   VALUE       VALUE  FROM      YEAR
                                                   NORMAL
...................................................................
TEMPERATURE
YESTERDAY
 MAXIMUM            34  0152 PM    43  1989     31       3     27
 MINIMUM            28  0712 AM     2  1926     23       5     17
 AVERAGE            31                          27       4     22

PRECIPITATION
(INCHES)
 YESTERDAY        0.01           0.14  2008   0.01    0.00      T
 MONTH TO DATE    0.50                        0.15    0.35   0.83
 SINCE MAR 1      1.24                        0.40    0.84   1.18
 SINCE JAN 1      1.81                        0.67    1.14   1.55

SNOWFALL
(INCHES)
 YESTERDAY         0.1            2.5  2008    0.1     0.0      T
 MONTH TO DATE     1.1                         2.4    -1.3    3.8
 SINCE MAR 1      11.7                         7.7     4.0    9.4
 SINCE JUL 1      54.8                        36.7    18.1   52.0
 SNOW DEPTH (IN)     0                                          T

DEGREE DAYS
 HEATING
  YESTERDAY         34                          38      -4     43
  MONTH TO DATE   1013                        1214    -201   1030
  SINCE MAR 1     5102                        5513    -411   5014
  SINCE JUL 1    17245                       18361   -1116  16737

 COOLING
  YESTERDAY          0                           0       0      0
  MONTH TO DATE      0                           0       0      0
  SINCE MAR 1        0                           0       0      0
  SINCE JAN 1        0                           0       0      0
...................................................................

WIND (MPH)
 HIGHEST WIND SPEED    15     HIGHEST WIND DIRECTION     70
 HIGHEST GUST SPEED    18     HIGHEST GUST DIRECTION     80
 AVERAGE WIND SPEED   8.9

WEATHER CONDITIONS
 THE FOLLOWING WEATHER WAS RECORDED YESTERDAY.
  SNOW
  FOG AND FREEZING FOG WITH VISIBILITY AS LOW AS ONE QUARTER MILE.

RELATIVE HUMIDITY
 HIGHEST RH     100 PERCENT   AT  1153 PM AST
 LOWEST  RH      78 PERCENT   AT  1253 PM AST
 AVERAGE RH      94 PERCENT
...................................................................

THE BARROW CLIMATE NORMALS FOR TODAY
                           NORMAL    RECORD   YEAR
 MAXIMUM TEMPERATURE (F)     32        43     1998
 MINIMUM TEMPERATURE (F)     24         5     1936

SUNRISE AND SUNSET
 THE SUN IS CONTINUOUSLY ABOVE THE HORIZON ALL DAY.

-  INDICATES NEGATIVE NUMBERS.
R  INDICATES RECORD HAS BEEN SET OR TIED.
MM INDICATES DATA IS MISSING.
T  INDICATES TRACE OF PRECIPITATION.

&&
-------------------------------------------------------------------

AMOUNT OF DAYLIGHT TODAY  (HOUR:MIN)........24 HOURS 00 MINUTES
GAIN/LOSS SINCE YESTERDAY (HOUR:MIN:SEC)....+0:00:00

$$
RFL MAY 15
