000
CDAK49 PABR 100917
CLIBRW

CLIMATE REPORT
NATIONAL WEATHER SERVICE BARROW, AK
1217 AM AKST WED FEB 10 2016

...................................
...THE BARROW WSO AP CLIMATE SUMMARY FOR FEBRUARY 9 2016...

CLIMATE NORMAL PERIOD  1981 TO  2010
CLIMATE RECORD PERIOD  1915 TO  2016

WEATHER ITEM   OBSERVED TIME    RECORD YEAR NORMAL DEPARTURE LAST
               VALUE    (LST)   VALUE       VALUE  FROM      YEAR
                                                   NORMAL
...................................................................
TEMPERATURE
YESTERDAY
 MAXIMUM            -7  1159 PM    31  1923     -8       1    -13
 MINIMUM           -13  0550 AM   -52  1924    -20       7    -28
 AVERAGE           -10                         -14       4    -21

PRECIPITATION
(INCHES)
 YESTERDAY        0.00           0.09  1964   0.00    0.00   0.00
 MONTH TO DATE       T                        0.04   -0.04   0.08
 SINCE DEC 1      0.34                        0.31    0.03   0.54
 SINCE JAN 1      0.30                        0.17    0.13   0.34

SNOWFALL
(INCHES)
 YESTERDAY         0.0            1.1  1962    0.1    -0.1    0.0
 MONTH TO DATE     0.1                         0.8    -0.7    1.1
 SINCE DEC 1       7.9                         6.9     1.0    8.7
 SINCE JUL 1      21.1                        27.2    -6.1   39.8
 SNOW DEPTH (IN)     7                                          6

DEGREE DAYS
 HEATING
  YESTERDAY         75                          79      -4     86
  MONTH TO DATE    664                         711     -47    702
  SINCE DEC 1     5011                        5397    -386   5241
  SINCE JUL 1    10825                       11347    -522  10882

 COOLING
  YESTERDAY          0                           0       0      0
  MONTH TO DATE      0                           0       0      0
  SINCE DEC 1        0                           0       0      0
  SINCE JAN 1        0                           0       0      0
...................................................................

WIND (MPH)
 HIGHEST WIND SPEED    24     HIGHEST WIND DIRECTION     80
 HIGHEST GUST SPEED    28     HIGHEST GUST DIRECTION     80
 AVERAGE WIND SPEED  16.1


WEATHER CONDITIONS
 THE FOLLOWING WEATHER WAS RECORDED YESTERDAY.
  SMOKE OR HAZE
FOG
BLOWING SNOW


...................................................................

THE BARROW CLIMATE NORMALS FOR TODAY
                           NORMAL    RECORD   YEAR
 MAXIMUM TEMPERATURE (F)     -8        26     1989
 MINIMUM TEMPERATURE (F)    -20       -54     1925

SUNRISE AND SUNSET
 FEB 10 2016..........SUNRISE 10:42 AM      SUNSET  4:43 PM
 FEB 11 2016..........SUNRISE 10:36 AM      SUNSET  4:49 PM

-  INDICATES NEGATIVE NUMBERS.
R  INDICATES RECORD HAS BEEN SET OR TIED.
MM INDICATES DATA IS MISSING.
T  INDICATES TRACE OF PRECIPITATION.

&&
-------------------------------------------------------------------

AMOUNT OF DAYLIGHT TODAY  (HOUR:MIN)........6 HOURS 1 MINUTES
GAIN/LOSS SINCE YESTERDAY (HOUR:MIN:SEC)....+0:11:36

$$
*** FEB 16
