731
CDAK49 PAFG 220939
CLIBRW

CLIMATE REPORT
NATIONAL WEATHER SERVICE FAIRBANKS AK
1239 AM AKST SUN JAN 22 2017


...................................

...THE BARROW AK CLIMATE SUMMARY FOR JANUARY 21 2017...

CLIMATE NORMAL PERIOD 1981 TO 2010
CLIMATE RECORD PERIOD 1920 TO 2017


WEATHER ITEM   OBSERVED TIME   RECORD YEAR NORMAL DEPARTURE LAST
                VALUE   (LST)  VALUE       VALUE  FROM      YEAR
                                                  NORMAL
..................................................................
TEMPERATURE (F)
 YESTERDAY
  MAXIMUM         -7   1115 PM  30    1930  -8      1       -1
  MINIMUM        -27    456 AM -50    1925 -20     -7      -16
  AVERAGE        -17                       -14     -3       -8

PRECIPITATION (IN)
  YESTERDAY        T             0.07 2015   0.00   0.00     0.25
  MONTH TO DATE    0.46                      0.09   0.37     0.53
  SINCE DEC 1      0.76                      0.23   0.53     0.54
  SINCE JAN 1      0.46                      0.09   0.37     0.53

SNOWFALL (IN)
  YESTERDAY        0.1           2.0  2015   0.1    0.0     MM
  MONTH TO DATE    4.4                       1.8    2.6      0.9
  SINCE DEC 1      8.6                       5.3    3.3      1.3
  SINCE JUL 1     21.7                      25.6   -3.9      4.8
  SNOW DEPTH       6

DEGREE DAYS
 HEATING
  YESTERDAY       82                        79      3       73
  MONTH TO DATE 1334                      1639   -305     1346
  SINCE DEC 1   3338                      3896   -558     3680
  SINCE JUL 1   8293                      9848  -1555     8741

 COOLING
  YESTERDAY        0                         0      0        0
  MONTH TO DATE    0                         0      0        0
  SINCE DEC 1      0                         0      0        0
  SINCE JAN 1      0                         0      0        0
..................................................................


WIND (MPH)
  HIGHEST GUST SPEED    22   HIGHEST GUST DIRECTION    SW (240)


SKY COVER
  AVERAGE SKY COVER 0.6


WEATHER CONDITIONS
 THE FOLLOWING WEATHER WAS RECORDED YESTERDAY.
  LIGHT SNOW
  HAZE


RELATIVE HUMIDITY (PERCENT)
 HIGHEST    77
 LOWEST     66
 AVERAGE    72

..........................................................


THE BARROW AK CLIMATE NORMALS FOR TODAY
                         NORMAL    RECORD    YEAR
 MAXIMUM TEMPERATURE (F)   -8        30      1961
 MINIMUM TEMPERATURE (F)  -20       -46      2002
                                             1968


SUNRISE AND SUNSET
JANUARY 22 2017.......SUNRISE   116 PM AKST  SUNSET   203 PM AKST
JANUARY 23 2017.......SUNRISE  1255 PM AKST  SUNSET   225 PM AKST

-  INDICATES NEGATIVE NUMBERS.
R  INDICATES RECORD WAS SET OR TIED.
MM INDICATES DATA IS MISSING.
T  INDICATES TRACE AMOUNT.

&&

SNOW DEPTH IS MEASURED AT 3AM AKST/4AM AKDT.

----------------------------
AVAILABLE DAYLIGHT

AMOUNT OF DAYLIGHT TODAY  (HOUR:MIN)........0:47
GAIN/LOSS SINCE YESTERDAY (HOUR:MIN:SEC)....+0:47:20

$$
SDB JAN 17
