000
CDAK49 PABR 240031
CLIBRW

CLIMATE REPORT
NATIONAL WEATHER SERVICE BARROW, AK
431 PM AKDT SAT JUL 23 2016

...................................
...THE BARROW WSO AP CLIMATE SUMMARY FOR JULY 23 2016...
VALID TODAY AS OF 2:00 PM LOCAL TIME

CLIMATE NORMAL PERIOD  1981 TO  2010
CLIMATE RECORD PERIOD  1915 TO  2016

WEATHER ITEM   OBSERVED TIME    RECORD YEAR NORMAL DEPARTURE LAST
               VALUE    (LST)   VALUE       VALUE  FROM      YEAR
                                                   NORMAL
...................................................................
TEMPERATURE
TODAY
 MAXIMUM            42  0122 PM    70  2004     47      -5     41
 MINIMUM            33  1202 AM    26  1945     35      -2     33
 AVERAGE            38                          41      -3     37

PRECIPITATION
(INCHES)
 TODAY               T           0.44  2006   0.03   -0.03      T
 MONTH TO DATE    0.14                        0.70   -0.56   0.09
 SINCE JUN 1      0.84                        1.02   -0.18   0.93
 SINCE JAN 1      2.17                        1.72    0.45   2.89

SNOWFALL
(INCHES)
 TODAY               T            1.0  1948    0.0       T    0.0
 MONTH TO DATE       T                         0.1    -0.1    0.0
 SINCE JUN 1       2.7                         0.8     1.9    1.0
 SINCE JUL 1         T                         0.1    -0.1    0.0
 SNOW DEPTH (IN)     0                                          0

DEGREE DAYS
 HEATING
  TODAY             27                          24       3     28
  MONTH TO DATE    475                         555     -80    535
  SINCE JUN 1     1285                        1435    -150   1277
  SINCE JUL 1      475                         555     -80    535

 COOLING
  TODAY              0                           0       0      0
  MONTH TO DATE      0                           0       0      0
  SINCE JUN 1        0                           0       0      0
  SINCE JAN 1        0                           0       0      0
...................................................................

WIND (MPH)
 HIGHEST WIND SPEED    21     HIGHEST WIND DIRECTION     70
 HIGHEST GUST SPEED    24     HIGHEST GUST DIRECTION     80
 AVERAGE WIND SPEED    MM

SKY COVER
  POSSIBLE SUNSHINE  MM            AVERAGE SKY COVER MM

WEATHER CONDITIONS
 THE FOLLOWING WEATHER WAS RECORDED TODAY.
 FOG
 SNOW

RELATIVE HUMIDITY
 HIGHEST RH     MM PERCENT       MM
 LOWEST  RH     MM PERCENT       MM
 AVERAGE RH     MM PERCENT       MM
...................................................................

THE BARROW CLIMATE NORMALS FOR TOMORROW
                        NORMAL    RECORD   YEAR
 MAXIMUM TEMPERATURE      47        68     1981
 MINIMUM TEMPERATURE      35        23     1931

SUNRISE AND SUNSET
 THE SUN IS CONTINUOUSLY ABOVE THE HORIZON ALL DAY.

-  INDICATES NEGATIVE NUMBERS.
R  INDICATES RECORD HAS BEEN SET OR TIED.
MM INDICATES DATA IS MISSING.
T  INDICATES TRACE OF PRECIPITATION.

&&
-------------------------------------------------------------------

AMOUNT OF DAYLIGHT TODAY  (HOUR:MIN)........24 HOURS 00 MINUTES
GAIN/LOSS SINCE YESTERDAY (HOUR:MIN:SEC)....+0:00:00

$$
RFL JUL 16
