000
CDAK49 PABR 020016
CLIBRW

CLIMATE REPORT
NATIONAL WEATHER SERVICE BARROW, AK
316 PM AKST SUN FEB 1 2015

...................................
...THE BARROW WSO AP CLIMATE SUMMARY FOR FEBRUARY 1 2015...
VALID TODAY AS OF 300 PM LOCAL TIME

CLIMATE NORMAL PERIOD  1981 TO  2010
CLIMATE RECORD PERIOD  1915 TO  2015

WEATHER ITEM   OBSERVED TIME    RECORD YEAR NORMAL DEPARTURE LAST
               VALUE    (LST)   VALUE       VALUE  FROM      YEAR
                                                   NORMAL
...................................................................
TEMPERATURE
TODAY
 MAXIMUM             6  1033 AM    26  2014     -8      14     26
 MINIMUM            -7  1232 AM   -55  1919    -20      13     -2
 AVERAGE            -1                         -14      13     12

PRECIPITATION
(INCHES)
 TODAY            0.01           0.17  1957   0.00    0.01      T
 MONTH TO DATE    0.01                        0.00    0.01      T
 SINCE DEC 1      0.47                        0.27    0.20   1.35
 SINCE JAN 1      0.27                        0.13    0.14   0.18

SNOWFALL
(INCHES)
 TODAY             0.1            1.8  1931    0.1     0.0      T
 MONTH TO DATE     0.1                         0.1     0.0      T
 SINCE DEC 1       7.7                         6.2     1.5   16.5
 SINCE JUL 1      38.8                        26.5    12.3   40.4
 SNOW DEPTH (IN)     7                                          8

DEGREE DAYS
 HEATING
  TODAY             66                          79     -13     53
  MONTH TO DATE     66                          79     -13     53
  SINCE DEC 1     4608                        4765    -157   4345
  SINCE JUL 1    10210                       10715    -505   9744

 COOLING
  TODAY              0                           0       0      0
  MONTH TO DATE      0                           0       0      0
  SINCE DEC 1        0                           0       0      0
  SINCE JAN 1        0                           0       0      0
...................................................................

WIND (MPH)
 HIGHEST WIND SPEED    21     HIGHEST WIND DIRECTION    140
 HIGHEST GUST SPEED    24     HIGHEST GUST DIRECTION    140
 AVERAGE WIND SPEED    MM

SKY COVER
  POSSIBLE SUNSHINE  MM            AVERAGE SKY COVER MM

WEATHER CONDITIONS
 THE FOLLOWING WEATHER WAS RECORDED TODAY.
  FOG
  SNOW


RELATIVE HUMIDITY
 HIGHEST RH     MM PERCENT       MM
 LOWEST  RH     MM PERCENT       MM
 AVERAGE RH     MM PERCENT       MM
...................................................................

THE BARROW CLIMATE NORMALS FOR TOMORROW
                        NORMAL    RECORD   YEAR
 MAXIMUM TEMPERATURE      -8        26     1994
 MINIMUM TEMPERATURE     -20       -50     1995

SUNRISE AND SUNSET
 FEB 1 2015..........SUNRISE 1137 AM      SUNSET  347 PM
 FEB 2 2015..........SUNRISE 1130 AM      SUNSET  354 PM

-  INDICATES NEGATIVE NUMBERS.
R  INDICATES RECORD HAS BEEN SET OR TIED.
MM INDICATES DATA IS MISSING.
T  INDICATES TRACE OF PRECIPITATION.

&&
-------------------------------------------------------------------

AMOUNT OF DAYLIGHT TODAY  (HOUR:MIN)........4 HOURS 10 MINUTES
GAIN/LOSS SINCE YESTERDAY (HOUR:MIN:SEC)....+0:14:26

$$
DPA FEB 15
