000
CDAK49 PABR 210910
CLIBRW

CLIMATE REPORT
NATIONAL WEATHER SERVICE BARROW, AK
110 AM AKDT MON JUL 21 2014

...................................
...THE BARROW WSO AP CLIMATE SUMMARY FOR JULY 20 2014...

CLIMATE NORMAL PERIOD  1981 TO  2010
CLIMATE RECORD PERIOD  1915 TO  2014

WEATHER ITEM   OBSERVED TIME    RECORD YEAR NORMAL DEPARTURE LAST
               VALUE    (LST)   VALUE       VALUE  FROM      YEAR
                                                   NORMAL
...................................................................
TEMPERATURE
YESTERDAY
 MAXIMUM            43  1055 PM    68  1993     47      -4     58
 MINIMUM            32  0749 AM    26  1956     35      -3     43
 AVERAGE            38                          41      -3     51

PRECIPITATION
(INCHES)
 YESTERDAY        0.11           0.26  1990   0.03    0.08      T
 MONTH TO DATE    0.48                        0.60   -0.12   0.67
 SINCE JUN 1      1.95                        0.92    1.03   1.44
 SINCE JAN 1      3.57                        1.62    1.95   2.66

SNOWFALL
(INCHES)
 YESTERDAY           T            0.2  1973    0.0       T    0.0
 MONTH TO DATE       T                         0.1    -0.1    0.0
 SINCE JUN 1       0.9                         0.8     0.1    0.3
 SINCE JUL 1         T                         0.1    -0.1    0.0
 SNOW DEPTH (IN)     0                                          0

DEGREE DAYS
 HEATING
  YESTERDAY         27                          24       3     14
  MONTH TO DATE    516                         483      33    399
  SINCE JUN 1     1449                        1363      86   1177
  SINCE JUL 1      516                         483      33    399

 COOLING
  YESTERDAY          0                           0       0      0
  MONTH TO DATE      0                           0       0      0
  SINCE JUN 1        0                           0       0      0
  SINCE JAN 1        0                           0       0      0
...................................................................

WIND (MPH)
 HIGHEST WIND SPEED    17     HIGHEST WIND DIRECTION    250
 HIGHEST GUST SPEED    21     HIGHEST GUST DIRECTION    250
 AVERAGE WIND SPEED  11.1

SKY COVER
  POSSIBLE SUNSHINE    MM          AVERAGE SKY COVER     MM

WEATHER CONDITIONS
 THE FOLLOWING WEATHER WAS RECORDED YESTERDAY.
  FOG WITH VISIBILITY AS LOW AS ONE HALF MILE.
  RAIN
  SNOW

RELATIVE HUMIDITY
 HIGHEST RH     100 PERCENT   AT  953 AM AST
 LOWEST  RH      79 PERCENT   AT  253 PM AST
 AVERAGE RH      90 PERCENT
...................................................................

THE BARROW CLIMATE NORMALS FOR TODAY
                           NORMAL    RECORD   YEAR
 MAXIMUM TEMPERATURE (F)     47        64     2013
 MINIMUM TEMPERATURE (F)     35        26     1956

SUNRISE AND SUNSET
 THE SUN IS CONTINUOUSLY ABOVE THE HORIZON ALL DAY.
-  INDICATES NEGATIVE NUMBERS.
R  INDICATES RECORD HAS BEEN SET OR TIED.
MM INDICATES DATA IS MISSING.
T  INDICATES TRACE OF PRECIPITATION.
&&
-------------------------------------------------------------------

AMOUNT OF DAYLIGHT TODAY  (HOUR:MIN)........24 HOURS 00 MINUTES
GAIN/LOSS SINCE YESTERDAY (HOUR:MIN:SEC)....+0:00:00

$$
RFL JUL 14
