000
CDUS43 KGRR 261346
CLIBTL


CLIMATE REPORT
NATIONAL WEATHER SERVICE GRAND RAPIDS, MI
945 AM EDT MON JUN 26 2017


...................................

...THE BATTLE CREEK MI CLIMATE SUMMARY FOR JUNE 26 2017...
VALID AS OF 0900 AM LOCAL TIME.

CLIMATE NORMAL PERIOD 1981 TO 2010
CLIMATE RECORD PERIOD 1998 TO 2017


WEATHER ITEM   OBSERVED TIME   NORMAL DEPARTURE LAST
                VALUE   (LST)  VALUE  FROM      YEAR
                                      NORMAL
......................................................
TEMPERATURE (F)
 TODAY
  MAXIMUM         62    759 AM  82    -20       86
  MINIMUM         52    536 AM  58     -6       68
  AVERAGE         57            70    -13       77

PRECIPITATION (IN)
  TODAY            0.00          0.10  -0.10     0.01
  MONTH TO DATE    0.95          2.82  -1.87     1.40
  SINCE JUN 1      0.95          2.82  -1.87     1.40
  SINCE JAN 1     16.43         14.30   2.13    11.24

DEGREE DAYS
 HEATING
  TODAY            8             1      7        0
  MONTH TO DATE   20            54    -34       26
  SINCE JUN 1     20            54    -34       26
  SINCE JUL 1   5433          6688  -1255     5441

 COOLING
  TODAY            0             6     -6       12
  MONTH TO DATE  147           102     45      126
  SINCE JUN 1    147           102     45      126
  SINCE JAN 1    184           140     44      181
......................................................


WIND (MPH)
  RESULTANT WIND SPEED   8   RESULTANT WIND DIRECTION   W (260)
  HIGHEST WIND SPEED    15   HIGHEST WIND DIRECTION     W (280)
  HIGHEST GUST SPEED    20   HIGHEST GUST DIRECTION     W (280)
  AVERAGE WIND SPEED     7.9


SKY COVER
  AVERAGE SKY COVER 0.1


WEATHER CONDITIONS
 THE FOLLOWING WEATHER WAS RECORDED TODAY.
  NO SIGNIFICANT WEATHER WAS OBSERVED.


RELATIVE HUMIDITY (PERCENT)
 HIGHEST   100           600 AM
 LOWEST     67           800 AM
 AVERAGE    84

..........................................................


THE BATTLE CREEK MI CLIMATE NORMALS FOR TOMORROW
                         NORMAL
 MAXIMUM TEMPERATURE (F)   82
 MINIMUM TEMPERATURE (F)   58


SUNRISE AND SUNSET
JUNE 26 2017..........SUNRISE   606 AM EDT   SUNSET   922 PM EDT
JUNE 27 2017..........SUNRISE   606 AM EDT   SUNSET   922 PM EDT


-  INDICATES NEGATIVE NUMBERS.
R  INDICATES RECORD WAS SET OR TIED.
MM INDICATES DATA IS MISSING.
T  INDICATES TRACE AMOUNT.




$$
