000
CDUS43 KGRR 240535
CLIBTL


CLIMATE REPORT
NATIONAL WEATHER SERVICE GRAND RAPIDS, MI
1234 AM EST TUE JAN 24 2017


...................................

...THE BATTLE CREEK MI CLIMATE SUMMARY FOR JANUARY 23 2017...

CLIMATE NORMAL PERIOD 1981 TO 2010
CLIMATE RECORD PERIOD 1998 TO 2017


WEATHER ITEM   OBSERVED TIME   NORMAL DEPARTURE LAST
                VALUE   (LST)  VALUE  FROM      YEAR
                                      NORMAL
......................................................
TEMPERATURE (F)
 YESTERDAY
  MAXIMUM         42    253 PM  32     10       29
  MINIMUM         40   1159 PM  15     25       14
  AVERAGE         41            23     18       22

PRECIPITATION (IN)
  YESTERDAY        0.22          0.05   0.17      T
  MONTH TO DATE    2.90          1.33   1.57     0.76
  SINCE DEC 1      3.94          3.32   0.62     3.88
  SINCE JAN 1      2.90          1.33   1.57     0.76

DEGREE DAYS
 HEATING
  YESTERDAY       24            42    -18       43
  MONTH TO DATE  806           956   -150      938
  SINCE DEC 1   1974          2118   -144     1548
  SINCE JUL 1   2817          3556   -739     2598

 COOLING
  YESTERDAY        0             0      0        0
  MONTH TO DATE    0             0      0        0
  SINCE DEC 1      0             0      0        0
  SINCE JAN 1      0             0      0        0
......................................................


WIND (MPH)
  RESULTANT WIND SPEED   7   RESULTANT WIND DIRECTION   N (10)
  HIGHEST WIND SPEED    12   HIGHEST WIND DIRECTION     N (340)
  HIGHEST GUST SPEED    13   HIGHEST GUST DIRECTION     N (340)
  AVERAGE WIND SPEED     7.1


SKY COVER
  AVERAGE SKY COVER 1.0


WEATHER CONDITIONS
 THE FOLLOWING WEATHER WAS RECORDED YESTERDAY.
  LIGHT RAIN
  FOG


RELATIVE HUMIDITY (PERCENT)
 HIGHEST   100          1200 AM
 LOWEST     93          1100 AM
 AVERAGE    97

..........................................................


THE BATTLE CREEK MI CLIMATE NORMALS FOR TODAY
                         NORMAL
 MAXIMUM TEMPERATURE (F)   32
 MINIMUM TEMPERATURE (F)   15


SUNRISE AND SUNSET
JANUARY 24 2017.......SUNRISE   801 AM EST   SUNSET   545 PM EST
JANUARY 25 2017.......SUNRISE   801 AM EST   SUNSET   546 PM EST


-  INDICATES NEGATIVE NUMBERS.
R  INDICATES RECORD WAS SET OR TIED.
MM INDICATES DATA IS MISSING.
T  INDICATES TRACE AMOUNT.




$$
