000
CDUS43 KGRR 231337
CLIBTL


CLIMATE REPORT
NATIONAL WEATHER SERVICE GRAND RAPIDS, MI
935 AM EDT SAT AUG 23 2014


...................................

...THE BATTLE CREEK MI CLIMATE SUMMARY FOR AUGUST 23 2014...
VALID AS OF 0900 AM LOCAL TIME.

CLIMATE NORMAL PERIOD 1981 TO 2010
CLIMATE RECORD PERIOD 1998 TO 2014


WEATHER ITEM   OBSERVED TIME   RECORD YEAR NORMAL DEPARTURE LAST
                VALUE   (LST)  VALUE       VALUE  FROM      YEAR
                                                  NORMAL
..................................................................
TEMPERATURE (F)
 TODAY
  MAXIMUM         74   1243 AM  MM      MM  80     -6       79
  MINIMUM         71    702 AM  MM      MM  57     14       58
  AVERAGE         73                        69      4       69

PRECIPITATION (IN)
  TODAY            0.00         MM      MM   0.11  -0.11     0.00
  MONTH TO DATE    1.64                      2.58  -0.94     4.52
  SINCE JUN 1     11.42                      9.17   2.25    13.16
  SINCE JAN 1     19.38                     20.65  -1.27    25.94

DEGREE DAYS
 HEATING
  TODAY            0                         1     -1        0
  MONTH TO DATE   11                        23    -12       21
  SINCE JUN 1     47                        95    -48       80

 COOLING
  TODAY            8                         5      3        4
  MONTH TO DATE  130                       127      3       75
  SINCE JUN 1    411                       450    -39      450
..................................................................


WIND (MPH)
  HIGHEST WIND SPEED     9   HIGHEST WIND DIRECTION     E (90)
  HIGHEST GUST SPEED    11   HIGHEST GUST DIRECTION     E (80)



WEATHER CONDITIONS
 THE FOLLOWING WEATHER WAS RECORDED TODAY.
  FOG
  HAZE


..........................................................




SUNRISE AND SUNSET
AUGUST 23 2014........SUNRISE   657 AM EDT   SUNSET   830 PM EDT
AUGUST 24 2014........SUNRISE   658 AM EDT   SUNSET   828 PM EDT


-  INDICATES NEGATIVE NUMBERS.
R  INDICATES RECORD WAS SET OR TIED.
MM INDICATES DATA IS MISSING.
T  INDICATES TRACE AMOUNT.




$$

CAS
