000
CDUS43 KGRR 040520
CLIBTL


CLIMATE REPORT
NATIONAL WEATHER SERVICE GRAND RAPIDS, MI
118 AM EDT SAT JUL 4 2015


...................................

...THE BATTLE CREEK MI CLIMATE SUMMARY FOR JULY 3 2015...

CLIMATE NORMAL PERIOD 1981 TO 2010
CLIMATE RECORD PERIOD 1998 TO 2015


WEATHER ITEM   OBSERVED TIME   NORMAL DEPARTURE LAST
                VALUE   (LST)  VALUE  FROM      YEAR
                                      NORMAL
......................................................
TEMPERATURE (F)
 YESTERDAY
  MAXIMUM         77    514 PM  83     -6       72
  MINIMUM         54    552 AM  59     -5       53
  AVERAGE         66            71     -5       63

PRECIPITATION (IN)
  YESTERDAY        0.00          0.11  -0.11     0.36
  MONTH TO DATE    0.00          0.32  -0.32     1.51
  SINCE JUN 1      8.57          3.55   5.02     7.08
  SINCE JAN 1     16.82         15.03   1.79    15.04

DEGREE DAYS
 HEATING
  YESTERDAY        0             1     -1        2
  MONTH TO DATE    2             3     -1        2
  SINCE JUN 1     25            60    -35       20
  SINCE JUL 1      2             3     -1        2

 COOLING
  YESTERDAY        1             6     -5        0
  MONTH TO DATE    1            18    -17        0
  SINCE JUN 1    141           144     -3      176
  SINCE JAN 1    214           182     32      228
......................................................


WIND (MPH)
  RESULTANT WIND SPEED   1   RESULTANT WIND DIRECTION   E (70)
  HIGHEST WIND SPEED     9   HIGHEST WIND DIRECTION    SW (240)
  HIGHEST GUST SPEED    12   HIGHEST GUST DIRECTION    NE (50)
  AVERAGE WIND SPEED     3.2


SKY COVER
  AVERAGE SKY COVER 0.0


WEATHER CONDITIONS
 THE FOLLOWING WEATHER WAS RECORDED YESTERDAY.
  HAZE


RELATIVE HUMIDITY (PERCENT)
 HIGHEST    84          1100 PM
 LOWEST     43           400 PM
 AVERAGE    64

..........................................................


THE BATTLE CREEK MI CLIMATE NORMALS FOR TODAY
                         NORMAL
 MAXIMUM TEMPERATURE (F)   83
 MINIMUM TEMPERATURE (F)   59


SUNRISE AND SUNSET
JULY  4 2015..........SUNRISE   610 AM EDT   SUNSET   921 PM EDT
JULY  5 2015..........SUNRISE   610 AM EDT   SUNSET   920 PM EDT


-  INDICATES NEGATIVE NUMBERS.
R  INDICATES RECORD WAS SET OR TIED.
MM INDICATES DATA IS MISSING.
T  INDICATES TRACE AMOUNT.




$$
