000
CDUS43 KGRR 220515
CLIBTL


CLIMATE REPORT
NATIONAL WEATHER SERVICE GRAND RAPIDS, MI
114 AM EDT TUE JUL 22 2014


...................................

...THE BATTLE CREEK MI CLIMATE SUMMARY FOR JULY 21 2014...

CLIMATE NORMAL PERIOD 1981 TO 2010
CLIMATE RECORD PERIOD 9999 TO 9999


WEATHER ITEM   OBSERVED TIME   NORMAL DEPARTURE LAST
                VALUE   (LST)  VALUE  FROM      YEAR
                                      NORMAL
......................................................
TEMPERATURE (F)
 YESTERDAY
  MAXIMUM         84    513 PM  83      1       84
  MINIMUM         64    559 AM  59      5       62
  AVERAGE         74            71      3       73

PRECIPITATION (IN)
  YESTERDAY        0.00          0.11  -0.11     0.90
  MONTH TO DATE    3.60          2.25   1.35     4.45
  SINCE JUN 1      9.17          5.48   3.69     8.19
  SINCE JAN 1     17.13         16.96   0.17    20.97

DEGREE DAYS
 HEATING
  YESTERDAY        0             0      0        0
  MONTH TO DATE   13             6      7        1
  SINCE JUN 1     31            63    -32       43
  SINCE JUL 1     13             6      7        1

 COOLING
  YESTERDAY        9             6      3        8
  MONTH TO DATE   70           138    -68      208
  SINCE JUN 1    246           264    -18      354
  SINCE JAN 1    298           302     -4      431
......................................................


WIND (MPH)
  RESULTANT WIND SPEED   5   RESULTANT WIND DIRECTION   S (190)
  HIGHEST WIND SPEED    13   HIGHEST WIND DIRECTION     S (180)
  HIGHEST GUST SPEED    17   HIGHEST GUST DIRECTION     S (200)
  AVERAGE WIND SPEED     5.6


SKY COVER
  AVERAGE SKY COVER 0.0


WEATHER CONDITIONS
 THE FOLLOWING WEATHER WAS RECORDED YESTERDAY.
  FOG
  HAZE


RELATIVE HUMIDITY (PERCENT)
 HIGHEST    87           400 AM
 LOWEST     44           300 PM
 AVERAGE    66

..........................................................


THE BATTLE CREEK MI CLIMATE NORMALS FOR TODAY
                         NORMAL
 MAXIMUM TEMPERATURE (F)   82
 MINIMUM TEMPERATURE (F)   59


SUNRISE AND SUNSET
JULY 22 2014..........SUNRISE   624 AM EDT   SUNSET   910 PM EDT
JULY 23 2014..........SUNRISE   625 AM EDT   SUNSET   910 PM EDT


-  INDICATES NEGATIVE NUMBERS.
R  INDICATES RECORD WAS SET OR TIED.
MM INDICATES DATA IS MISSING.
T  INDICATES TRACE AMOUNT.




$$
