000
CDUS43 KGRR 020523
CLIBTL


CLIMATE REPORT
NATIONAL WEATHER SERVICE GRAND RAPIDS, MI
123 AM EDT TUE JUN 2 2015


...................................

...THE BATTLE CREEK MI CLIMATE SUMMARY FOR JUNE 1 2015...

CLIMATE NORMAL PERIOD 1981 TO 2010
CLIMATE RECORD PERIOD 1998 TO 2015


WEATHER ITEM   OBSERVED TIME   NORMAL DEPARTURE LAST
                VALUE   (LST)  VALUE  FROM      YEAR
                                      NORMAL
......................................................
TEMPERATURE (F)
 YESTERDAY
  MAXIMUM         66    545 PM  75     -9       86
  MINIMUM         45    344 AM  51     -6       58
  AVERAGE         56            63     -7       72

PRECIPITATION (IN)
  YESTERDAY        0.00          0.12  -0.12     0.00
  MONTH TO DATE    0.00          0.12  -0.12     0.00
  SINCE JUN 1      0.00          0.12  -0.12     0.00
  SINCE JAN 1      8.25         11.60  -3.35     7.96

DEGREE DAYS
 HEATING
  YESTERDAY        9             4      5        0
  MONTH TO DATE    9             4      5        0
  SINCE JUN 1      9             4      5        0
  SINCE JUL 1   6797          6638    159     7353

 COOLING
  YESTERDAY        0             2     -2        7
  MONTH TO DATE    0             2     -2        7
  SINCE JUN 1      0             2     -2        7
  SINCE JAN 1     73            40     33       59
......................................................


WIND (MPH)
  RESULTANT WIND SPEED   7   RESULTANT WIND DIRECTION  NE (50)
  HIGHEST WIND SPEED    16   HIGHEST WIND DIRECTION    NE (30)
  HIGHEST GUST SPEED    22   HIGHEST GUST DIRECTION    NE (40)
  AVERAGE WIND SPEED     7.3


SKY COVER
  AVERAGE SKY COVER 0.3


WEATHER CONDITIONS
 THE FOLLOWING WEATHER WAS RECORDED YESTERDAY.
  NO SIGNIFICANT WEATHER WAS OBSERVED.


RELATIVE HUMIDITY (PERCENT)
 HIGHEST    83           300 AM
 LOWEST     44           200 PM
 AVERAGE    64

..........................................................


THE BATTLE CREEK MI CLIMATE NORMALS FOR TODAY
                         NORMAL
 MAXIMUM TEMPERATURE (F)   76
 MINIMUM TEMPERATURE (F)   51


SUNRISE AND SUNSET
JUNE  2 2015..........SUNRISE   607 AM EDT   SUNSET   912 PM EDT
JUNE  3 2015..........SUNRISE   606 AM EDT   SUNSET   912 PM EDT


-  INDICATES NEGATIVE NUMBERS.
R  INDICATES RECORD WAS SET OR TIED.
MM INDICATES DATA IS MISSING.
T  INDICATES TRACE AMOUNT.




$$
