000
CDUS45 KMSO 230740
CLIBTM


CLIMATE REPORT
NATIONAL WEATHER SERVICE MISSOULA, MT
140 AM MDT SAT AUG 23 2014


...................................

...THE BUTTE MT CLIMATE SUMMARY FOR AUGUST 22 2014...

CLIMATE NORMAL PERIOD 1981 TO 2010
CLIMATE RECORD PERIOD 1895 TO 2014


WEATHER ITEM   OBSERVED TIME   RECORD YEAR NORMAL DEPARTURE LAST
                VALUE   (LST)  VALUE       VALUE  FROM      YEAR
                                                  NORMAL
..................................................................
TEMPERATURE (F)
 YESTERDAY
  MAXIMUM         64    300 PM  94    1976  78    -14       85
  MINIMUM         47    605 AM  32    1988  43      4       48
  AVERAGE         56                        61     -5       67

PRECIPITATION (IN)
  YESTERDAY        0.42          1.02 1965   0.04   0.38     0.04
  MONTH TO DATE    2.15                      0.97   1.18     0.78
  SINCE OCT 1     11.59                     11.38   0.21     8.08
  SINCE JAN 1     10.55                      9.49   1.06     6.45

SNOWFALL (IN)
  YESTERDAY        0.0
  MONTH TO DATE    0.0
  SINCE JAN 1      0.0
  SINCE JUL 1      0.0
  SNOW DEPTH       0

DEGREE DAYS
 HEATING
  YESTERDAY        9                         5      4        0
  MONTH TO DATE   44                        71    -27       35
  SINCE JUN 1    432                       458    -26      296
  SINCE JUL 1     79                       171    -92       53

 COOLING
  YESTERDAY        0                         1     -1        2
  MONTH TO DATE   16                        24     -8       14
  SINCE JUN 1     77                        75      2       95
  SINCE JAN 1     77                        75      2       95
..................................................................


WIND (MPH)
  HIGHEST WIND SPEED    17   HIGHEST WIND DIRECTION    SE (150)
  HIGHEST GUST SPEED    23   HIGHEST GUST DIRECTION     W (250)
  AVERAGE WIND SPEED     4.6


SKY COVER
  POSSIBLE SUNSHINE  MM
  AVERAGE SKY COVER 0.9


WEATHER CONDITIONS
 THE FOLLOWING WEATHER WAS RECORDED YESTERDAY.
  THUNDERSTORM
  HEAVY RAIN
  LIGHT RAIN
  FOG


RELATIVE HUMIDITY (PERCENT)
 HIGHEST    93           100 AM
 LOWEST     52           300 PM
 AVERAGE    73

..........................................................


THE BUTTE MT CLIMATE NORMALS FOR TODAY
                         NORMAL    RECORD    YEAR
 MAXIMUM TEMPERATURE (F)   78        94      1969
 MINIMUM TEMPERATURE (F)   43        30      1992


SUNRISE AND SUNSET
AUGUST 23 2014........SUNRISE   640 AM MDT   SUNSET   825 PM MDT
AUGUST 24 2014........SUNRISE   641 AM MDT   SUNSET   823 PM MDT


-  INDICATES NEGATIVE NUMBERS.
R  INDICATES RECORD WAS SET OR TIED.
MM INDICATES DATA IS MISSING.
T  INDICATES TRACE AMOUNT.




$$
