000
CDUS45 KMSO 080838
CLIBTM


CLIMATE REPORT
NATIONAL WEATHER SERVICE MISSOULA, MT
138 AM MST THU DEC 8 2016


...................................

...THE BUTTE MT CLIMATE SUMMARY FOR DECEMBER 7 2016...

CLIMATE NORMAL PERIOD 1981 TO 2010
CLIMATE RECORD PERIOD 1895 TO 2016


WEATHER ITEM   OBSERVED TIME   RECORD YEAR NORMAL DEPARTURE LAST
                VALUE   (LST)  VALUE       VALUE  FROM      YEAR
                                                  NORMAL
..................................................................
TEMPERATURE (F)
 YESTERDAY
  MAXIMUM          7    517 PM  50    1928  30    -23       43
  MINIMUM         -2   1221 AM -31    1978   6     -8       21
  AVERAGE          3                        18    -15       32

PRECIPITATION (IN)
  YESTERDAY        T             0.19 2003   0.01  -0.01     0.01
  MONTH TO DATE    0.01                      0.12  -0.11     0.04
  SINCE OCT 1      2.79                      1.50   1.29     2.11
  SINCE JAN 1     10.17                     12.38  -2.21    11.28

SNOWFALL (IN)
  YESTERDAY       MM
  MONTH TO DATE   MM
  SINCE JAN 1     MM
  SINCE JUL 1     MM
  SNOW DEPTH      MM

DEGREE DAYS
 HEATING
  YESTERDAY       62                        47     15       33
  MONTH TO DATE  334                       322     12      311
  SINCE DEC 1    334                       322     12      311
  SINCE JUL 1   2628                      2812   -184     2731

 COOLING
  YESTERDAY        0                         0      0        0
  MONTH TO DATE    0                         0      0        0
  SINCE DEC 1      0                         0      0        0
  SINCE JAN 1     57                        81    -24      101
..................................................................


WIND (MPH)
  HIGHEST WIND SPEED    14   HIGHEST WIND DIRECTION     S (160)
  HIGHEST GUST SPEED    15   HIGHEST GUST DIRECTION     S (160)
  AVERAGE WIND SPEED     2.1


SKY COVER
  POSSIBLE SUNSHINE  MM
  AVERAGE SKY COVER 1.0


WEATHER CONDITIONS
 THE FOLLOWING WEATHER WAS RECORDED YESTERDAY.
  LIGHT SNOW
  HAZE


RELATIVE HUMIDITY (PERCENT)
 HIGHEST    79          1200 AM
 LOWEST     69           200 PM
 AVERAGE    74

..........................................................


THE BUTTE MT CLIMATE NORMALS FOR TODAY
                         NORMAL    RECORD    YEAR
 MAXIMUM TEMPERATURE (F)   30        52      1990
 MINIMUM TEMPERATURE (F)    6       -39      1972


SUNRISE AND SUNSET
DECEMBER  8 2016......SUNRISE   759 AM MST   SUNSET   445 PM MST
DECEMBER  9 2016......SUNRISE   800 AM MST   SUNSET   445 PM MST


-  INDICATES NEGATIVE NUMBERS.
R  INDICATES RECORD WAS SET OR TIED.
MM INDICATES DATA IS MISSING.
T  INDICATES TRACE AMOUNT.




$$
