000
CDUS45 KMSO 312246
CLIBTM


CLIMATE REPORT
NATIONAL WEATHER SERVICE MISSOULA, MT
445 PM MDT WED AUG 31 2016


...................................

...THE BUTTE MT CLIMATE SUMMARY FOR AUGUST 31 2016...
VALID TODAY AS OF 0400 PM LOCAL TIME.

CLIMATE NORMAL PERIOD 1981 TO 2010
CLIMATE RECORD PERIOD 1895 TO 2016


WEATHER ITEM   OBSERVED TIME   RECORD YEAR NORMAL DEPARTURE LAST
                VALUE   (LST)  VALUE       VALUE  FROM      YEAR
                                                  NORMAL
..................................................................
TEMPERATURE (F)
 TODAY
  MAXIMUM         87    227 PM  91    1955  75     12       74
  MINIMUM         46    552 AM  27    2006  41      5       39
  AVERAGE         67                        58      9       57

PRECIPITATION (IN)
  TODAY            0.00          0.38 1984   0.04  -0.04     0.00
  MONTH TO DATE    0.66                      1.36  -0.70     0.67
  SINCE OCT 1      8.80                     11.77  -2.97     9.20
  SINCE JAN 1      6.06                      9.88  -3.82     6.81

SNOWFALL (IN)
  TODAY            0.0
  MONTH TO DATE    0.0
  SINCE JAN 1      0.0
  SINCE JUL 1      0.0
  SNOW DEPTH       0

DEGREE DAYS
 HEATING
  TODAY            0                         7     -7        8
  MONTH TO DATE  165                       127     38      126
  SINCE JUN 1    487                       515    -28      378
  SINCE JUL 1    298                       228     70      230

 COOLING
  TODAY            2                         0      2        0
  MONTH TO DATE    7                        28    -21       34
  SINCE JUN 1     54                        79    -25      101
  SINCE JAN 1     54                        79    -25      101
..................................................................


WIND (MPH)
  HIGHEST WIND SPEED    23   HIGHEST WIND DIRECTION     S (190)
  HIGHEST GUST SPEED    31   HIGHEST GUST DIRECTION     S (200)
  AVERAGE WIND SPEED     4.7


SKY COVER
  POSSIBLE SUNSHINE  MM
  AVERAGE SKY COVER 0.0


WEATHER CONDITIONS
 THE FOLLOWING WEATHER WAS RECORDED TODAY.
  NO SIGNIFICANT WEATHER WAS OBSERVED.


RELATIVE HUMIDITY (PERCENT)
 HIGHEST    56           600 AM
 LOWEST     11           100 PM
 AVERAGE    34

..........................................................


THE BUTTE MT CLIMATE NORMALS FOR TOMORROW
                         NORMAL    RECORD    YEAR
 MAXIMUM TEMPERATURE (F)   75        92      1998
 MINIMUM TEMPERATURE (F)   40        26      2006


SUNRISE AND SUNSET
AUGUST 31 2016........SUNRISE   650 AM MDT   SUNSET   809 PM MDT
SEPTEMBER  1 2016.....SUNRISE   651 AM MDT   SUNSET   807 PM MDT


-  INDICATES NEGATIVE NUMBERS.
R  INDICATES RECORD WAS SET OR TIED.
MM INDICATES DATA IS MISSING.
T  INDICATES TRACE AMOUNT.




$$
