000
CDUS45 KMSO 260742
CLIBTM


CLIMATE REPORT
NATIONAL WEATHER SERVICE MISSOULA, MT
1240 AM MST FRI DEC 26 2014


...................................

...THE BUTTE MT CLIMATE SUMMARY FOR DECEMBER 25 2014...

CLIMATE NORMAL PERIOD 1981 TO 2010
CLIMATE RECORD PERIOD 1895 TO 2014


WEATHER ITEM   OBSERVED TIME   RECORD YEAR NORMAL DEPARTURE LAST
                VALUE   (LST)  VALUE       VALUE  FROM      YEAR
                                                  NORMAL
..................................................................
TEMPERATURE (F)
 YESTERDAY
  MAXIMUM         27   1231 AM  49    1925  29     -2       28
  MINIMUM          6    733 PM -30    1944   5      1        2
  AVERAGE         17                        17      0       15

PRECIPITATION (IN)
  YESTERDAY        T             0.24 1971   0.02  -0.02     0.00
  MONTH TO DATE    0.52                      0.41   0.11     0.22
  SINCE OCT 1      2.35                      1.79   0.56     1.04
  SINCE JAN 1     14.79                     12.67   2.12    11.32

SNOWFALL (IN)
  YESTERDAY       MM
  MONTH TO DATE   MM
  SINCE JAN 1     MM
  SINCE JUL 1     MM
  SNOW DEPTH      MM

DEGREE DAYS
 HEATING
  YESTERDAY       48                        48      0       50
  MONTH TO DATE  942                      1185   -243     1240
  SINCE DEC 1    942                      1185   -243     1240
  SINCE JUL 1   3272                      3675   -403     3500

 COOLING
  YESTERDAY        0                         0      0        0
  MONTH TO DATE    0                         0      0        0
  SINCE DEC 1      0                         0      0        0
  SINCE JAN 1     78                        81     -3      104
..................................................................


WIND (MPH)
  HIGHEST WIND SPEED    22   HIGHEST WIND DIRECTION     N (10)
  HIGHEST GUST SPEED    27   HIGHEST GUST DIRECTION     N (10)
  AVERAGE WIND SPEED     7.7


SKY COVER
  POSSIBLE SUNSHINE  MM
  AVERAGE SKY COVER 0.9


WEATHER CONDITIONS
 THE FOLLOWING WEATHER WAS RECORDED YESTERDAY.
  LIGHT SNOW


RELATIVE HUMIDITY (PERCENT)
 HIGHEST    88           700 PM
 LOWEST     65           700 AM
 AVERAGE    77

..........................................................


THE BUTTE MT CLIMATE NORMALS FOR TODAY
                         NORMAL    RECORD    YEAR
 MAXIMUM TEMPERATURE (F)   29        53      1980
 MINIMUM TEMPERATURE (F)    5       -23      1996


SUNRISE AND SUNSET
DECEMBER 26 2014......SUNRISE   811 AM MST   SUNSET   451 PM MST
DECEMBER 27 2014......SUNRISE   811 AM MST   SUNSET   451 PM MST


-  INDICATES NEGATIVE NUMBERS.
R  INDICATES RECORD WAS SET OR TIED.
MM INDICATES DATA IS MISSING.
T  INDICATES TRACE AMOUNT.




$$
