000
CDUS45 KMSO 220738
CLIBTM


CLIMATE REPORT
NATIONAL WEATHER SERVICE MISSOULA, MT
137 AM MDT WED OCT 22 2014


...................................

...THE BUTTE MT CLIMATE SUMMARY FOR OCTOBER 21 2014...

CLIMATE NORMAL PERIOD 1981 TO 2010
CLIMATE RECORD PERIOD 1895 TO 2014


WEATHER ITEM   OBSERVED TIME   RECORD YEAR NORMAL DEPARTURE LAST
                VALUE   (LST)  VALUE       VALUE  FROM      YEAR
                                                  NORMAL
..................................................................
TEMPERATURE (F)
 YESTERDAY
  MAXIMUM         58    906 AM  75    2003  53      5       59
  MINIMUM         35    942 PM   9    1996  25     10       22
  AVERAGE         47                        39      8       41

PRECIPITATION (IN)
  YESTERDAY        0.61          0.73 1974   0.03   0.58     0.00
  MONTH TO DATE    0.72                      0.57   0.15     0.17
  SINCE OCT 1      0.72                      0.57   0.15     0.17
  SINCE JAN 1     13.16                     11.45   1.71    10.45

SNOWFALL (IN)
  YESTERDAY       MM
  MONTH TO DATE   MM
  SINCE JAN 1     MM
  SINCE JUL 1     MM
  SNOW DEPTH      MM

DEGREE DAYS
 HEATING
  YESTERDAY       18                        26     -8       24
  MONTH TO DATE  364                       471   -107      569
  SINCE SEP 1    732                       864   -132      877
  SINCE JUL 1    895                      1092   -197      944

 COOLING
  YESTERDAY        0                         0      0        0
  MONTH TO DATE    0                         0      0        0
  SINCE SEP 1      1                         2     -1        8
  SINCE JAN 1     78                        81     -3      104
..................................................................


WIND (MPH)
  HIGHEST WIND SPEED    32   HIGHEST WIND DIRECTION     W (260)
  HIGHEST GUST SPEED    46   HIGHEST GUST DIRECTION     W (250)
  AVERAGE WIND SPEED     4.4


SKY COVER
  POSSIBLE SUNSHINE  MM
  AVERAGE SKY COVER 0.7


WEATHER CONDITIONS
 THE FOLLOWING WEATHER WAS RECORDED YESTERDAY.
  THUNDERSTORM
  HEAVY RAIN
  RAIN
  LIGHT RAIN
  FOG


RELATIVE HUMIDITY (PERCENT)
 HIGHEST    92           300 PM
 LOWEST     50          1200 AM
 AVERAGE    71

..........................................................


THE BUTTE MT CLIMATE NORMALS FOR TODAY
                         NORMAL    RECORD    YEAR
 MAXIMUM TEMPERATURE (F)   53        79      2003
 MINIMUM TEMPERATURE (F)   25        13      1957


SUNRISE AND SUNSET
OCTOBER 22 2014.......SUNRISE   756 AM MDT   SUNSET   632 PM MDT
OCTOBER 23 2014.......SUNRISE   758 AM MDT   SUNSET   630 PM MDT


-  INDICATES NEGATIVE NUMBERS.
R  INDICATES RECORD WAS SET OR TIED.
MM INDICATES DATA IS MISSING.
T  INDICATES TRACE AMOUNT.




$$
