000
CDUS44 KLIX 300720
CLIBTR


CLIMATE REPORT
NATIONAL WEATHER SERVICE NEW ORLEANS
220 AM CDT SUN APR 30 2017


...................................

...THE BATON ROUGE  ASOS CLIMATE SUMMARY FOR APRIL 29 2017...

CLIMATE NORMAL PERIOD 1981 TO 2010
CLIMATE RECORD PERIOD 1894 TO 2017


WEATHER ITEM   OBSERVED TIME   RECORD YEAR NORMAL DEPARTURE LAST
                VALUE   (LST)  VALUE       VALUE  FROM      YEAR
                                                  NORMAL
..................................................................
TEMPERATURE (F)
 YESTERDAY
  MAXIMUM         90   1252 PM  91    1955  82      8       89
                                      1915
  MINIMUM         77    532 AM  47    1965  61     16       71
  AVERAGE         84                        71     13       80

PRECIPITATION (IN)
  YESTERDAY        0.00          3.04 1991   0.13  -0.13     0.00
  MONTH TO DATE    4.57                      4.32   0.25     3.12
  SINCE MAR 1      8.31                      8.73  -0.42    13.12
  SINCE JAN 1     19.74                     19.49   0.25    22.43

SNOWFALL (IN)
  YESTERDAY        0.0
  MONTH TO DATE    0.0
  SINCE MAR 1      0.0
  SINCE JUL 1      0.0
  SNOW DEPTH       0

DEGREE DAYS
 HEATING
  YESTERDAY        0                         0      0        0
  MONTH TO DATE   11                        51    -40       19
  SINCE MAR 1     95                       218   -123       88
  SINCE JUL 1    799                      1553   -754     1079

 COOLING
  YESTERDAY       19                         7     12       15
  MONTH TO DATE  195                       135     60      151
  SINCE MAR 1    333                       193    140      248
  SINCE JAN 1    476                       224    252      265
..................................................................


WIND (MPH)
  HIGHEST WIND SPEED    31   HIGHEST WIND DIRECTION    SE (140)
  HIGHEST GUST SPEED    42   HIGHEST GUST DIRECTION    SE (140)
  AVERAGE WIND SPEED    17.7


SKY COVER
  POSSIBLE SUNSHINE  MM
  AVERAGE SKY COVER 0.9


WEATHER CONDITIONS
 THE FOLLOWING WEATHER WAS RECORDED YESTERDAY.
  NO SIGNIFICANT WEATHER WAS OBSERVED.


RELATIVE HUMIDITY (PERCENT)
 HIGHEST    88           200 AM
 LOWEST     56           100 PM
 AVERAGE    72

..........................................................


THE BATON ROUGE  ASOS CLIMATE NORMALS FOR TODAY
                         NORMAL    RECORD    YEAR
 MAXIMUM TEMPERATURE (F)   83        92      1952
 MINIMUM TEMPERATURE (F)   61        42      1908


SUNRISE AND SUNSET
APRIL 30 2017.........SUNRISE   622 AM CDT   SUNSET   742 PM CDT
MAY  1 2017...........SUNRISE   621 AM CDT   SUNSET   743 PM CDT


-  INDICATES NEGATIVE NUMBERS.
R  INDICATES RECORD WAS SET OR TIED.
MM INDICATES DATA IS MISSING.
T  INDICATES TRACE AMOUNT.




$$
