000
CDUS44 KLIX 200720
CLIBTR


CLIMATE REPORT
NATIONAL WEATHER SERVICE NEW ORLEANS
220 AM CDT WED AUG 20 2014


...................................

...THE BATON ROUGE  ASOS CLIMATE SUMMARY FOR AUGUST 19 2014...

CLIMATE NORMAL PERIOD 1981 TO 2010
CLIMATE RECORD PERIOD 1894 TO 2014


WEATHER ITEM   OBSERVED TIME   RECORD YEAR NORMAL DEPARTURE LAST
                VALUE   (LST)  VALUE       VALUE  FROM      YEAR
                                                  NORMAL
..................................................................
TEMPERATURE (F)
 YESTERDAY
  MAXIMUM         95    208 PM 110    1909  93      2       88
  MINIMUM         74   1159 PM  65    1943  74      0       71
  AVERAGE         85                        83      2       80

PRECIPITATION (IN)
  YESTERDAY        0.00          2.50 1897   0.20  -0.20     0.03
  MONTH TO DATE    1.77                      3.67  -1.90     2.24
  SINCE JUN 1     18.91                     15.04   3.87    13.36
  SINCE JAN 1     43.25                     39.56   3.69    51.54

SNOWFALL (IN)
  YESTERDAY        0.0
  MONTH TO DATE    0.0
  SINCE JUN 1      0.0
  SINCE JUL 1      0.0
  SNOW DEPTH       0

DEGREE DAYS
 HEATING
  YESTERDAY        0                         0      0        0
  MONTH TO DATE    0                         0      0        0
  SINCE JUN 1      0                         0      0        0
  SINCE JUL 1      0                         0      0        0

 COOLING
  YESTERDAY       20                        18      2       15
  MONTH TO DATE  329                       342    -13      341
  SINCE JUN 1   1302                      1382    -80     1357
  SINCE JAN 1   1808                      1947   -139     1780
..................................................................


WIND (MPH)
  HIGHEST WIND SPEED    21   HIGHEST WIND DIRECTION     W (260)
  HIGHEST GUST SPEED    25   HIGHEST GUST DIRECTION     W (250)
  AVERAGE WIND SPEED     5.8


SKY COVER
  POSSIBLE SUNSHINE  MM
  AVERAGE SKY COVER 0.3


WEATHER CONDITIONS
 THE FOLLOWING WEATHER WAS RECORDED YESTERDAY.
  NO SIGNIFICANT WEATHER WAS OBSERVED.


RELATIVE HUMIDITY (PERCENT)
 HIGHEST    94           500 AM
 LOWEST     44           100 PM
 AVERAGE    69

..........................................................


THE BATON ROUGE  ASOS CLIMATE NORMALS FOR TODAY
                         NORMAL    RECORD    YEAR
 MAXIMUM TEMPERATURE (F)   93       108      1909
 MINIMUM TEMPERATURE (F)   74        64      1927


SUNRISE AND SUNSET
AUGUST 20 2014........SUNRISE   634 AM CDT   SUNSET   741 PM CDT
AUGUST 21 2014........SUNRISE   635 AM CDT   SUNSET   740 PM CDT


-  INDICATES NEGATIVE NUMBERS.
R  INDICATES RECORD WAS SET OR TIED.
MM INDICATES DATA IS MISSING.
T  INDICATES TRACE AMOUNT.




$$
