000
CDUS44 KLIX 280720
CLIBTR


CLIMATE REPORT
NATIONAL WEATHER SERVICE NEW ORLEANS
220 AM CDT THU MAY 28 2015


...................................

...THE BATON ROUGE  ASOS CLIMATE SUMMARY FOR MAY 27 2015...

CLIMATE NORMAL PERIOD 1981 TO 2010
CLIMATE RECORD PERIOD 1894 TO 2015


WEATHER ITEM   OBSERVED TIME   RECORD YEAR NORMAL DEPARTURE LAST
                VALUE   (LST)  VALUE       VALUE  FROM      YEAR
                                                  NORMAL
..................................................................
TEMPERATURE (F)
 YESTERDAY
  MAXIMUM         80    440 PM  98    1922  89     -9       87
  MINIMUM         66   1155 PM  49    1961  68     -2       70
  AVERAGE         73                        78     -5       79

PRECIPITATION (IN)
  YESTERDAY        0.25          2.94 1948   0.17   0.08     0.46
  MONTH TO DATE    5.96                      4.22   1.74     4.88
  SINCE MAR 1     17.42                     13.09   4.33    11.63
  SINCE JAN 1     27.17                     23.85   3.32    20.90

SNOWFALL (IN)
  YESTERDAY        0.0
  MONTH TO DATE    0.0
  SINCE MAR 1      T
  SINCE JUL 1      T
  SNOW DEPTH       0

DEGREE DAYS
 HEATING
  YESTERDAY        0                         0      0        0
  MONTH TO DATE    0                         0      0        6
  SINCE MAR 1     99                       218   -119      278
  SINCE JUL 1   1641                      1553     88     1984

 COOLING
  YESTERDAY        8                        13     -5       14
  MONTH TO DATE  306                       279     27      247
  SINCE MAR 1    613                       479    134      440
  SINCE JAN 1    617                       510    107      460
..................................................................


WIND (MPH)
  HIGHEST WIND SPEED    26   HIGHEST WIND DIRECTION    NW (310)
  HIGHEST GUST SPEED    36   HIGHEST GUST DIRECTION    NW (310)
  AVERAGE WIND SPEED     4.1


SKY COVER
  POSSIBLE SUNSHINE  MM
  AVERAGE SKY COVER 0.4


WEATHER CONDITIONS
 THE FOLLOWING WEATHER WAS RECORDED YESTERDAY.
  HEAVY RAIN
  LIGHT RAIN
  FOG


RELATIVE HUMIDITY (PERCENT)
 HIGHEST   100           200 AM
 LOWEST     67           500 PM
 AVERAGE    84

..........................................................


THE BATON ROUGE  ASOS CLIMATE NORMALS FOR TODAY
                         NORMAL    RECORD    YEAR
 MAXIMUM TEMPERATURE (F)   89        98      1953
 MINIMUM TEMPERATURE (F)   68        47      1961


SUNRISE AND SUNSET
MAY 28 2015...........SUNRISE   604 AM CDT   SUNSET   800 PM CDT
MAY 29 2015...........SUNRISE   604 AM CDT   SUNSET   801 PM CDT


-  INDICATES NEGATIVE NUMBERS.
R  INDICATES RECORD WAS SET OR TIED.
MM INDICATES DATA IS MISSING.
T  INDICATES TRACE AMOUNT.




$$
