000
CDUS44 KLIX 270714
CLIBTR


CLIMATE REPORT
NATIONAL WEATHER SERVICE NEW ORLEANS
213 AM CDT FRI MAR 27 2015


...................................

...THE BATON ROUGE  ASOS CLIMATE SUMMARY FOR MARCH 26 2015...

CLIMATE NORMAL PERIOD 1981 TO 2010
CLIMATE RECORD PERIOD 1894 TO 2015


WEATHER ITEM   OBSERVED TIME   RECORD YEAR NORMAL DEPARTURE LAST
                VALUE   (LST)  VALUE       VALUE  FROM      YEAR
                                                  NORMAL
..................................................................
TEMPERATURE (F)
 YESTERDAY
  MAXIMUM         72    106 PM  89    1921  75     -3       61
  MINIMUM         54   1159 PM  32    1955  52      2       38
  AVERAGE         63                        64     -1       50

PRECIPITATION (IN)
  YESTERDAY        0.03          2.69 2009   0.15  -0.12      T
  MONTH TO DATE    3.38                      3.65  -0.27     1.55
  SINCE MAR 1      3.38                      3.65  -0.27     1.55
  SINCE JAN 1     13.13                     14.41  -1.28    10.82

SNOWFALL (IN)
  YESTERDAY        0.0
  MONTH TO DATE    T
  SINCE MAR 1      T
  SINCE JUL 1      T
  SNOW DEPTH       0

DEGREE DAYS
 HEATING
  YESTERDAY        2                         4     -2       15
  MONTH TO DATE   79                       150    -71      202
  SINCE MAR 1     79                       150    -71      202
  SINCE JUL 1   1621                      1485    136     1908

 COOLING
  YESTERDAY        0                         2     -2        0
  MONTH TO DATE   91                        45     46       19
  SINCE MAR 1     91                        45     46       19
  SINCE JAN 1     95                        76     19       39
..................................................................


WIND (MPH)
  HIGHEST WIND SPEED    21   HIGHEST WIND DIRECTION     S (170)
  HIGHEST GUST SPEED    26   HIGHEST GUST DIRECTION     S (180)
  AVERAGE WIND SPEED     5.9


SKY COVER
  POSSIBLE SUNSHINE  MM
  AVERAGE SKY COVER 0.6


WEATHER CONDITIONS
 THE FOLLOWING WEATHER WAS RECORDED YESTERDAY.
  RAIN
  LIGHT RAIN
  FOG
  HAZE


RELATIVE HUMIDITY (PERCENT)
 HIGHEST    93           300 AM
 LOWEST     73          1200 AM
 AVERAGE    83

..........................................................


THE BATON ROUGE  ASOS CLIMATE NORMALS FOR TODAY
                         NORMAL    RECORD    YEAR
 MAXIMUM TEMPERATURE (F)   75        89      1899
 MINIMUM TEMPERATURE (F)   52        28      1955


SUNRISE AND SUNSET
MARCH 27 2015.........SUNRISE   700 AM CDT   SUNSET   720 PM CDT
MARCH 28 2015.........SUNRISE   659 AM CDT   SUNSET   721 PM CDT


-  INDICATES NEGATIVE NUMBERS.
R  INDICATES RECORD WAS SET OR TIED.
MM INDICATES DATA IS MISSING.
T  INDICATES TRACE AMOUNT.




$$
