773
CDUS44 KLIX 062116
CLIBTR


CLIMATE REPORT
NATIONAL WEATHER SERVICE NEW ORLEANS
416 PM CDT FRI MAY 6 2016


...................................

...THE BATON ROUGE  ASOS CLIMATE SUMMARY FOR MAY 6 2016...
VALID TODAY AS OF 0400 PM LOCAL TIME.

CLIMATE NORMAL PERIOD 1981 TO 2010
CLIMATE RECORD PERIOD 1894 TO 2016


WEATHER ITEM   OBSERVED TIME   RECORD YEAR NORMAL DEPARTURE LAST
                VALUE   (LST)  VALUE       VALUE  FROM      YEAR
                                                  NORMAL
..................................................................
TEMPERATURE (F)
 TODAY
  MAXIMUM         79    259 PM  94    1952  84     -5       85
  MINIMUM         51    457 AM  46    1945  63    -12       61
  AVERAGE         65

PRECIPITATION (IN)
  TODAY            0.00          2.02 1960   0.15  -0.15     0.00
  MONTH TO DATE    1.79                      0.88   0.91     0.00
  SINCE MAR 1     16.53                      9.75   6.78    11.46
  SINCE JAN 1     25.84                     20.51   5.33    21.21

SNOWFALL (IN)
  TODAY            0.0
  MONTH TO DATE    0.0
  SINCE MAR 1      0.0
  SINCE JUL 1      0.0
  SNOW DEPTH       0

DEGREE DAYS
 HEATING
  TODAY            0                         0      0        0
  MONTH TO DATE    0                         0      0        0
  SINCE MAR 1     88                       218   -130       99
  SINCE JUL 1   1079                      1553   -474     1641

 COOLING
  TODAY            0                         8     -8        8
  MONTH TO DATE   21                        47    -26       41
  SINCE MAR 1    277                       247     30      348
  SINCE JAN 1    294                       278     16      352
..................................................................


WIND (MPH)
  HIGHEST WIND SPEED    13   HIGHEST WIND DIRECTION    NW (330)
  HIGHEST GUST SPEED    17   HIGHEST GUST DIRECTION    NW (330)
  AVERAGE WIND SPEED     4.9


SKY COVER
  POSSIBLE SUNSHINE  MM
  AVERAGE SKY COVER 0.0


WEATHER CONDITIONS
 THE FOLLOWING WEATHER WAS RECORDED TODAY.
  NO SIGNIFICANT WEATHER WAS OBSERVED.


RELATIVE HUMIDITY (PERCENT)
 HIGHEST    89           100 AM
 LOWEST     28           200 PM
 AVERAGE    59

..........................................................


THE BATON ROUGE  ASOS CLIMATE NORMALS FOR TOMORROW
                         NORMAL    RECORD    YEAR
 MAXIMUM TEMPERATURE (F)   84        96      1922
 MINIMUM TEMPERATURE (F)   63        45      1992


SUNRISE AND SUNSET
MAY  6 2016...........SUNRISE   616 AM CDT   SUNSET   746 PM CDT
MAY  7 2016...........SUNRISE   615 AM CDT   SUNSET   747 PM CDT


-  INDICATES NEGATIVE NUMBERS.
R  INDICATES RECORD WAS SET OR TIED.
MM INDICATES DATA IS MISSING.
T  INDICATES TRACE AMOUNT.




$$
