000
CDUS41 KBTV 170627
CLIBTV


CLIMATE REPORT
NATIONAL WEATHER SERVICE BURLINGTON VT
126 AM EST TUE JAN 17 2017


...................................

...THE BURLINGTON VT CLIMATE SUMMARY FOR JANUARY 16 2017...

CLIMATE NORMAL PERIOD 1981 TO 2010
CLIMATE RECORD PERIOD 1884 TO 2017


WEATHER ITEM   OBSERVED TIME   RECORD YEAR NORMAL DEPARTURE LAST
                VALUE   (LST)  VALUE       VALUE  FROM      YEAR
                                                  NORMAL
..................................................................
TEMPERATURE (F)
 YESTERDAY
  MAXIMUM         38    331 PM  63    1995  27     11       38
  MINIMUM         11    737 AM -21    2009  10      1       23
  AVERAGE         25                        18      7       31

PRECIPITATION (IN)
  YESTERDAY        0.00          0.94 1959   0.07  -0.07     0.09
  MONTH TO DATE    0.55                      1.06  -0.51     0.75
  SINCE DEC 1      2.90                      3.44  -0.54     5.19
  SINCE JAN 1      0.55                      1.06  -0.51     0.75

SNOWFALL (IN)
  YESTERDAY        0.0          13.4  1983   0.7   -0.7       T
  MONTH TO DATE    1.3                      10.9   -9.6      6.9
  SINCE DEC 1     18.0                      28.8  -10.8     14.0
  SINCE JUL 1     22.3                      34.2  -11.9     14.2
  SNOW DEPTH       0

DEGREE DAYS
 HEATING
  YESTERDAY       40                        47     -7       34
  MONTH TO DATE  605                       737   -132      626
  SINCE DEC 1   1713                      1951   -238     1420
  SINCE JUL 1   2918                      3496   -578     2659

 COOLING
  YESTERDAY        0                         0      0        0
  MONTH TO DATE    0                         0      0        0
  SINCE DEC 1      0                         0      0        0
  SINCE JAN 1      0                         0      0        0
..................................................................


WIND (MPH)
  HIGHEST WIND SPEED    22   HIGHEST WIND DIRECTION     S (200)
  HIGHEST GUST SPEED    28   HIGHEST GUST DIRECTION     S (190)
  AVERAGE WIND SPEED     7.3


SKY COVER
  POSSIBLE SUNSHINE  MM
  AVERAGE SKY COVER 0.1


WEATHER CONDITIONS
 THE FOLLOWING WEATHER WAS RECORDED YESTERDAY.
  NO SIGNIFICANT WEATHER WAS OBSERVED.


RELATIVE HUMIDITY (PERCENT)
 HIGHEST    84           200 AM
 LOWEST     44           300 PM
 AVERAGE    64

..........................................................


THE BURLINGTON VT CLIMATE NORMALS FOR TODAY
                         NORMAL    RECORD    YEAR
 MAXIMUM TEMPERATURE (F)   27        56      1889
 MINIMUM TEMPERATURE (F)   10       -22      1974


SUNRISE AND SUNSET
JANUARY 17 2017.......SUNRISE   724 AM EST   SUNSET   442 PM EST
JANUARY 18 2017.......SUNRISE   724 AM EST   SUNSET   443 PM EST


-  INDICATES NEGATIVE NUMBERS.
R  INDICATES RECORD WAS SET OR TIED.
MM INDICATES DATA IS MISSING.
T  INDICATES TRACE AMOUNT.

&&

LAKE CHAMPLAIN DATA:
LEVEL...............95.02 FEET
TEMPERATURE.........38 DEGREES

MOUNT MANSFIELD DATA:
HIGH................23 DEGREES
LOW.................3 DEGREES
PRECIPITATION.......NONE
NEW SNOW............NONE
SNOW AT STAKE.......48 INCHES

$$
