000
CDUS41 KBTV 120925
CLIBTV

CLIMATE REPORT
NATIONAL WEATHER SERVICE BURLINGTON VT
423 AM EST TUE DEC 12 2017

...................................

...THE BURLINGTON VT CLIMATE SUMMARY FOR DECEMBER 11 2017...

CLIMATE NORMAL PERIOD 1981 TO 2010
CLIMATE RECORD PERIOD 1884 TO 2017


WEATHER ITEM   OBSERVED TIME   RECORD YEAR NORMAL DEPARTURE LAST
                VALUE   (LST)  VALUE       VALUE  FROM      YEAR
                                                  NORMAL
..................................................................
TEMPERATURE (F)
 YESTERDAY
  MAXIMUM         31    341 AM  61    1966  35     -4       29
  MINIMUM         16    901 PM -13    1958  21     -5       14
  AVERAGE         24                        28     -4       22

PRECIPITATION (IN)
  YESTERDAY        0.05          1.43 1952   0.08  -0.03      T
  MONTH TO DATE    0.39                      0.95  -0.56     0.75
  SINCE DEC 1      0.39                      0.95  -0.56     0.75
  SINCE JAN 1     38.11                     35.39   2.72    26.13

SNOWFALL (IN)
  YESTERDAY        1.0           4.5  1920   0.6    0.4       T
  MONTH TO DATE    1.5                       5.4   -3.9      4.0
  SINCE DEC 1      1.5                       5.4   -3.9      4.0
  SINCE JUL 1      4.5                      10.8   -6.3      8.3
  SNOW DEPTH       1

DEGREE DAYS
 HEATING
  YESTERDAY       41                        37      4       43
  MONTH TO DATE  324                       386    -62      350
  SINCE DEC 1    324                       386    -62      350
  SINCE JUL 1   1463                      1931   -468     1555

 COOLING
  YESTERDAY        0                         0      0        0
  MONTH TO DATE    0                         0      0        0
  SINCE DEC 1      0                         0      0        0
  SINCE JAN 1    652                       491    161      855
..................................................................


WIND (MPH)
  HIGHEST WIND SPEED    17   HIGHEST WIND DIRECTION     N (10)
  HIGHEST GUST SPEED    22   HIGHEST GUST DIRECTION     N (10)
  AVERAGE WIND SPEED     6.6


SKY COVER
  POSSIBLE SUNSHINE  MM
  AVERAGE SKY COVER 0.8


WEATHER CONDITIONS
 THE FOLLOWING WEATHER WAS RECORDED YESTERDAY.
  LIGHT SNOW
  FOG
  HAZE


RELATIVE HUMIDITY (PERCENT)
 HIGHEST    92           500 AM
 LOWEST     57           300 PM
 AVERAGE    75

..........................................................


THE BURLINGTON VT CLIMATE NORMALS FOR TODAY
                         NORMAL    RECORD    YEAR
 MAXIMUM TEMPERATURE (F)   34        59      1899
 MINIMUM TEMPERATURE (F)   20       -13      1977


SUNRISE AND SUNSET
DECEMBER 12 2017......SUNRISE   720 AM EST   SUNSET   413 PM EST
DECEMBER 13 2017......SUNRISE   721 AM EST   SUNSET   413 PM EST


-  INDICATES NEGATIVE NUMBERS.
R  INDICATES RECORD WAS SET OR TIED.
MM INDICATES DATA IS MISSING.
T  INDICATES TRACE AMOUNT.

&&

LAKE CHAMPLAIN DATA:
LEVEL...............94.76 FEET
TEMPERATURE.........45 DEGREES

MOUNT MANSFIELD DATA:
HIGH................15 DEGREES
LOW.................6 DEGREES
PRECIPITATION.......0.25 INCHES
NEW SNOW............3.0 INCHES
SNOW AT STAKE.......20 INCHES

$$
