000
CDUS41 KBUF 301009
CLIBUF


CLIMATE REPORT
NATIONAL WEATHER SERVICE BUFFALO NY
606 AM EDT TUE JUN 30 2015


...................................

...THE BUFFALO NY CLIMATE SUMMARY FOR JUNE 29 2015...

CLIMATE NORMAL PERIOD 1981 TO 2010
CLIMATE RECORD PERIOD 1871 TO 2015


WEATHER ITEM   OBSERVED TIME   RECORD YEAR NORMAL DEPARTURE LAST
                VALUE   (LST)  VALUE       VALUE  FROM      YEAR
                                                  NORMAL
..................................................................
TEMPERATURE (F)
 YESTERDAY
  MAXIMUM         73    340 PM  97    1933  79     -6       86
  MINIMUM         58    548 AM  45    1988  61     -3       71
  AVERAGE         66                        70     -4       79

PRECIPITATION (IN)
  YESTERDAY        T             0.84 1897   0.11  -0.11     0.27
  MONTH TO DATE    4.97                      3.55   1.42     3.80
  SINCE JUN 1      4.97                      3.55   1.42     3.80
  SINCE JAN 1     17.60                     18.56  -0.96    21.33

SNOWFALL (IN)
  YESTERDAY        0.0           0.0    MM   0.0    0.0      0.0
  MONTH TO DATE    0.0                       0.0    0.0      0.0
  SINCE JUN 1      0.0                       0.0    0.0      0.0
  SINCE JUL 1    112.9                      94.7   18.2    129.9
  SNOW DEPTH       0

DEGREE DAYS
 HEATING
  YESTERDAY        0                         1     -1        0
  MONTH TO DATE   50                        64    -14       28
  SINCE JUN 1     50                        64    -14       28
  SINCE JUL 1   7028                      6617    411     7125

 COOLING
  YESTERDAY        1                         5     -4       14
  MONTH TO DATE   73                        97    -24      135
  SINCE JUN 1     73                        97    -24      135
  SINCE JAN 1    164                       123     41      158
..................................................................


WIND (MPH)
  HIGHEST WIND SPEED    15   HIGHEST WIND DIRECTION    SW (230)
  HIGHEST GUST SPEED    20   HIGHEST GUST DIRECTION    SW (240)
  AVERAGE WIND SPEED     8.2


SKY COVER
  AVERAGE SKY COVER 0.7


WEATHER CONDITIONS
 THE FOLLOWING WEATHER WAS RECORDED YESTERDAY.
  LIGHT RAIN
  FOG


RELATIVE HUMIDITY (PERCENT)
 HIGHEST    93          1200 AM
 LOWEST     49           500 PM
 AVERAGE    71

..........................................................


THE BUFFALO NY CLIMATE NORMALS FOR TODAY
                         NORMAL    RECORD    YEAR
 MAXIMUM TEMPERATURE (F)   79        94      1963
 MINIMUM TEMPERATURE (F)   61        46      1943


SUNRISE AND SUNSET
JUNE 30 2015..........SUNRISE   539 AM EDT   SUNSET   858 PM EDT
JULY  1 2015..........SUNRISE   540 AM EDT   SUNSET   858 PM EDT


-  INDICATES NEGATIVE NUMBERS.
R  INDICATES RECORD WAS SET OR TIED.
MM INDICATES DATA IS MISSING.
T  INDICATES TRACE AMOUNT.




$$
