000
CDUS46 KLOX 280907
CLIBUR


CLIMATE REPORT
NATIONAL WEATHER SERVICE LOS ANGELES/OXNARD CA
107 AM PST FRI NOV 28 2014


...................................

...THE BOB HOPE AIRPORT (BURBANK) CA CLIMATE SUMMARY FOR NOVEMBER 27 2014...

CLIMATE NORMAL PERIOD 1981 TO 2010
CLIMATE RECORD PERIOD 1939 TO 2014


WEATHER ITEM   OBSERVED TIME   RECORD YEAR NORMAL DEPARTURE LAST
                VALUE   (LST)  VALUE       VALUE  FROM      YEAR
                                                  NORMAL
..................................................................
TEMPERATURE (F)
 YESTERDAY
  MAXIMUM         88R   334 PM  86    1980  70     18       76
  MINIMUM         52    636 AM  32    1973  43      9       54
  AVERAGE         70                        56     14       65

PRECIPITATION (IN)
  YESTERDAY        0.00          0.84 1981   0.05  -0.05     0.00
  MONTH TO DATE    0.07                      0.93  -0.86     0.24
  SINCE JUL 1      0.45                      2.22  -1.77     0.35
  SINCE JAN 1      5.36                     14.77  -9.41     2.95

SNOWFALL (IN)
  YESTERDAY        0.0
  MONTH TO DATE    0.0
  SINCE SEP 1      0.0
  SINCE JUL 1      0.0

DEGREE DAYS
 HEATING
  YESTERDAY        0                         9     -9        0
  MONTH TO DATE   50                       152   -102       52
  SINCE SEP 1     51                       201   -150       79
  SINCE JUL 1     51                       201   -150       79

 COOLING
  YESTERDAY        5                         0      5        0
  MONTH TO DATE   45                        12     33       52
  SINCE SEP 1    655                       361    294      582
  SINCE JAN 1   1955                      1243    712     2011
..................................................................


WIND (MPH)
  HIGHEST WIND SPEED     8   HIGHEST WIND DIRECTION     S (180)
  HIGHEST GUST SPEED     9   HIGHEST GUST DIRECTION     S (180)
  AVERAGE WIND SPEED     1.4


SKY COVER
  POSSIBLE SUNSHINE  MM
  AVERAGE SKY COVER 0.0


WEATHER CONDITIONS
 THE FOLLOWING WEATHER WAS RECORDED YESTERDAY.
  NO SIGNIFICANT WEATHER WAS OBSERVED.


RELATIVE HUMIDITY (PERCENT)
 HIGHEST    33          1100 PM
 LOWEST      7           100 PM
 AVERAGE    20

..........................................................


THE BOB HOPE AIRPORT (BURBANK) CA CLIMATE NORMALS FOR TODAY
                         NORMAL    RECORD    YEAR
 MAXIMUM TEMPERATURE (F)   69        90      1977
 MINIMUM TEMPERATURE (F)   43        30      1976


SUNRISE AND SUNSET
NOVEMBER 28 2014......SUNRISE   639 AM PST   SUNSET   444 PM PST
NOVEMBER 29 2014......SUNRISE   639 AM PST   SUNSET   444 PM PST


-  INDICATES NEGATIVE NUMBERS.
R  INDICATES RECORD WAS SET OR TIED.
MM INDICATES DATA IS MISSING.
T  INDICATES TRACE AMOUNT.




$$
