000
CDUS46 KLOX 260901
CLIBUR


CLIMATE REPORT
NATIONAL WEATHER SERVICE LOS ANGELES/OXNARD CA
101 AM PST FRI DEC 26 2014


...................................

...THE BOB HOPE AIRPORT (BURBANK) CA CLIMATE SUMMARY FOR DECEMBER 25 2014...

CLIMATE NORMAL PERIOD 1981 TO 2010
CLIMATE RECORD PERIOD 1939 TO 2014


WEATHER ITEM   OBSERVED TIME   RECORD YEAR NORMAL DEPARTURE LAST
                VALUE   (LST)  VALUE       VALUE  FROM      YEAR
                                                  NORMAL
..................................................................
TEMPERATURE (F)
 YESTERDAY
  MAXIMUM         62    256 PM  85    1980  67     -5       84
  MINIMUM         49   1159 PM  26    1978  41      8       47
  AVERAGE         56                        54      2       66

PRECIPITATION (IN)
  YESTERDAY        0.00          2.29 1946   0.09  -0.09     0.00
  MONTH TO DATE    3.36                      1.78   1.58     0.20
  SINCE JUL 1      4.54                      4.14   0.40     0.64
  SINCE JAN 1      9.45                     16.69  -7.24     3.24

SNOWFALL (IN)
  YESTERDAY        0.0
  MONTH TO DATE    0.0
  SINCE DEC 1      0.0
  SINCE JUL 1      0.0

DEGREE DAYS
 HEATING
  YESTERDAY        9                        11     -2        0
  MONTH TO DATE  146                       269   -123      193
  SINCE DEC 1    146                       269   -123      193
  SINCE JUL 1    206                       497   -291      281

 COOLING
  YESTERDAY        0                         0      0        1
  MONTH TO DATE    3                         0      3       14
  SINCE DEC 1      3                         0      3       14
  SINCE JAN 1   1958                      1245    713     2025
..................................................................


WIND (MPH)
  HIGHEST WIND SPEED    28   HIGHEST WIND DIRECTION     N (340)
  HIGHEST GUST SPEED    36   HIGHEST GUST DIRECTION    NW (330)
  AVERAGE WIND SPEED    11.7


SKY COVER
  POSSIBLE SUNSHINE  MM
  AVERAGE SKY COVER 0.1


WEATHER CONDITIONS
 THE FOLLOWING WEATHER WAS RECORDED YESTERDAY.
  NO SIGNIFICANT WEATHER WAS OBSERVED.


RELATIVE HUMIDITY (PERCENT)
 HIGHEST    66          1200 AM
 LOWEST     17           300 PM
 AVERAGE    42

..........................................................


THE BOB HOPE AIRPORT (BURBANK) CA CLIMATE NORMALS FOR TODAY
                         NORMAL    RECORD    YEAR
 MAXIMUM TEMPERATURE (F)   67        83      1947
 MINIMUM TEMPERATURE (F)   41        25      1978


SUNRISE AND SUNSET
DECEMBER 26 2014......SUNRISE   658 AM PST   SUNSET   451 PM PST
DECEMBER 27 2014......SUNRISE   658 AM PST   SUNSET   451 PM PST


-  INDICATES NEGATIVE NUMBERS.
R  INDICATES RECORD WAS SET OR TIED.
MM INDICATES DATA IS MISSING.
T  INDICATES TRACE AMOUNT.




$$
