000
CDUS46 KLOX 300909
CLIBUR


CLIMATE REPORT
NATIONAL WEATHER SERVICE LOS ANGELES/OXNARD CA
208 AM PDT SUN APR 30 2017


...................................

...THE BOB HOPE AIRPORT (BURBANK) CA CLIMATE SUMMARY FOR APRIL 29 2017...

CLIMATE NORMAL PERIOD 1981 TO 2010
CLIMATE RECORD PERIOD 1939 TO 2017


WEATHER ITEM   OBSERVED TIME   RECORD YEAR NORMAL DEPARTURE LAST
                VALUE   (LST)  VALUE       VALUE  FROM      YEAR
                                                  NORMAL
..................................................................
TEMPERATURE (F)
 YESTERDAY
  MAXIMUM         84   1247 PM  99    1981  75      9       69
  MINIMUM         63   1136 PM  40    1970  52     11       52
  AVERAGE         74                        64     10       61

PRECIPITATION (IN)
  YESTERDAY        0.00          0.79 1983   0.03  -0.03     0.00
  MONTH TO DATE    0.09                      1.09  -1.00     0.30
  SINCE OCT 1     13.70                     16.51  -2.81     7.64
  SINCE JAN 1      9.44                     12.07  -2.63     6.54

SNOWFALL (IN)
  YESTERDAY        0.0
  MONTH TO DATE    0.0
  SINCE MAR 1      0.0
  SINCE JUL 1      0.0

DEGREE DAYS
 HEATING
  YESTERDAY        0                         3     -3        4
  MONTH TO DATE   38                       136    -98       53
  SINCE MAR 1    126                       354   -228      168
  SINCE JUL 1   1119                      1495   -376     1075

 COOLING
  YESTERDAY        9                         2      7        0
  MONTH TO DATE   74                        37     37       73
  SINCE MAR 1    140                        47     93       89
  SINCE JAN 1    141                        53     88      144
..................................................................


WIND (MPH)
  HIGHEST WIND SPEED    29   HIGHEST WIND DIRECTION    NE (40)
  HIGHEST GUST SPEED    46   HIGHEST GUST DIRECTION    NE (50)
  AVERAGE WIND SPEED    10.8


SKY COVER
  POSSIBLE SUNSHINE  MM
  AVERAGE SKY COVER 0.0


WEATHER CONDITIONS
 THE FOLLOWING WEATHER WAS RECORDED YESTERDAY.
  NO SIGNIFICANT WEATHER WAS OBSERVED.


RELATIVE HUMIDITY (PERCENT)
 HIGHEST    22          1100 PM
 LOWEST      6          1000 AM
 AVERAGE    14

..........................................................


THE BOB HOPE AIRPORT (BURBANK) CA CLIMATE NORMALS FOR TODAY
                         NORMAL    RECORD    YEAR
 MAXIMUM TEMPERATURE (F)   75        95      1976
 MINIMUM TEMPERATURE (F)   53        42      1970


SUNRISE AND SUNSET
APRIL 30 2017.........SUNRISE   605 AM PDT   SUNSET   737 PM PDT
MAY  1 2017...........SUNRISE   604 AM PDT   SUNSET   738 PM PDT


-  INDICATES NEGATIVE NUMBERS.
R  INDICATES RECORD WAS SET OR TIED.
MM INDICATES DATA IS MISSING.
T  INDICATES TRACE AMOUNT.




$$
