815
CDUS46 KLOX 100904
CLIBUR


CLIMATE REPORT
NATIONAL WEATHER SERVICE LOS ANGELES/OXNARD CA
104 AM PST WED FEB 10 2016


...................................

...THE BOB HOPE AIRPORT (BURBANK) CA CLIMATE SUMMARY FOR FEBRUARY 9 2016...

CLIMATE NORMAL PERIOD 1981 TO 2010
CLIMATE RECORD PERIOD 1939 TO 2016


WEATHER ITEM   OBSERVED TIME   RECORD YEAR NORMAL DEPARTURE LAST
                VALUE   (LST)  VALUE       VALUE  FROM      YEAR
                                                  NORMAL
..................................................................
TEMPERATURE (F)
 YESTERDAY
  MAXIMUM         87    406 PM  91    1996  68     19       77
  MINIMUM         51    545 AM  35    1980  43      8       55
  AVERAGE         69                        56     13       66

PRECIPITATION (IN)
  YESTERDAY        0.00          3.05 1963   0.15  -0.15     0.00
  MONTH TO DATE    T                         1.32  -1.32     0.01
  SINCE OCT 1      4.84                      9.29  -4.45     5.62
  SINCE JAN 1      3.74                      4.85  -1.11     1.12

SNOWFALL (IN)
  YESTERDAY        0.0
  MONTH TO DATE    0.0
  SINCE DEC 1      0.0
  SINCE JUL 1      0.0

DEGREE DAYS
 HEATING
  YESTERDAY        0                        10    -10        0
  MONTH TO DATE   65                        90    -25       22
  SINCE DEC 1    705                       745    -40      429
  SINCE JUL 1    881                       973    -92      489

 COOLING
  YESTERDAY        4                         0      4        1
  MONTH TO DATE   13                         0     13        4
  SINCE DEC 1     17                         3     14       13
  SINCE JAN 1     13                         2     11       10
..................................................................


WIND (MPH)
  HIGHEST WIND SPEED    12   HIGHEST WIND DIRECTION    NW (330)
  HIGHEST GUST SPEED    16   HIGHEST GUST DIRECTION    SE (120)
  AVERAGE WIND SPEED     3.1


SKY COVER
  POSSIBLE SUNSHINE  MM
  AVERAGE SKY COVER 0.0


WEATHER CONDITIONS
 THE FOLLOWING WEATHER WAS RECORDED YESTERDAY.
  NO SIGNIFICANT WEATHER WAS OBSERVED.


RELATIVE HUMIDITY (PERCENT)
 HIGHEST    38           500 AM
 LOWEST      9           200 PM
 AVERAGE    24

..........................................................


THE BOB HOPE AIRPORT (BURBANK) CA CLIMATE NORMALS FOR TODAY
                         NORMAL    RECORD    YEAR
 MAXIMUM TEMPERATURE (F)   68        87      1971
 MINIMUM TEMPERATURE (F)   43        31      1946


SUNRISE AND SUNSET
FEBRUARY 10 2016......SUNRISE   644 AM PST   SUNSET   532 PM PST
FEBRUARY 11 2016......SUNRISE   643 AM PST   SUNSET   533 PM PST


-  INDICATES NEGATIVE NUMBERS.
R  INDICATES RECORD WAS SET OR TIED.
MM INDICATES DATA IS MISSING.
T  INDICATES TRACE AMOUNT.




$$
