000
CDUS46 KLOX 180926
CLIBUR


CLIMATE REPORT
NATIONAL WEATHER SERVICE LOS ANGELES/OXNARD CA
126 AM PST SAT NOV 18 2017


...................................

...THE BOB HOPE AIRPORT (BURBANK) CA CLIMATE SUMMARY FOR NOVEMBER 17 2017...

CLIMATE NORMAL PERIOD 1981 TO 2010
CLIMATE RECORD PERIOD 1939 TO 2017


WEATHER ITEM   OBSERVED TIME   RECORD YEAR NORMAL DEPARTURE LAST
                VALUE   (LST)  VALUE       VALUE  FROM      YEAR
                                                  NORMAL
..................................................................
TEMPERATURE (F)
 YESTERDAY
  MAXIMUM         74    206 PM  90    1949  73      1       69
  MINIMUM         58   1159 PM  30    1978  46     12       48
  AVERAGE         66                        59      7       59

PRECIPITATION (IN)
  YESTERDAY        T             1.68 1965   0.03  -0.03     0.00
  MONTH TO DATE    T                         0.52  -0.52     0.00
  SINCE OCT 1      0.08                      1.49  -1.41     0.22
  SINCE JAN 1      9.70                     14.36  -4.66     6.78

SNOWFALL (IN)
  YESTERDAY        0.0
  MONTH TO DATE    0.0
  SINCE SEP 1      0.0
  SINCE JUL 1      0.0

DEGREE DAYS
 HEATING
  YESTERDAY        0                         6     -6        6
  MONTH TO DATE   22                        75    -53       14
  SINCE SEP 1     27                       124    -97       20
  SINCE JUL 1     27                       124    -97       20

 COOLING
  YESTERDAY        1                         0      1        0
  MONTH TO DATE   13                        12      1       87
  SINCE SEP 1    555                       361    194      517
  SINCE JAN 1   1883                      1243    640     1730
..................................................................


WIND (MPH)
  HIGHEST WIND SPEED    13   HIGHEST WIND DIRECTION     S (180)
  HIGHEST GUST SPEED    16   HIGHEST GUST DIRECTION    SE (130)
  AVERAGE WIND SPEED     3.9


SKY COVER
  POSSIBLE SUNSHINE  MM
  AVERAGE SKY COVER 0.3


WEATHER CONDITIONS
 THE FOLLOWING WEATHER WAS RECORDED YESTERDAY.
  LIGHT RAIN


RELATIVE HUMIDITY (PERCENT)
 HIGHEST    97          1100 PM
 LOWEST     53          1200 PM
 AVERAGE    75

..........................................................


THE BOB HOPE AIRPORT (BURBANK) CA CLIMATE NORMALS FOR TODAY
                         NORMAL    RECORD    YEAR
 MAXIMUM TEMPERATURE (F)   72        88      2008
 MINIMUM TEMPERATURE (F)   45        32      1980


SUNRISE AND SUNSET
NOVEMBER 18 2017......SUNRISE   629 AM PST   SUNSET   448 PM PST
NOVEMBER 19 2017......SUNRISE   630 AM PST   SUNSET   447 PM PST


-  INDICATES NEGATIVE NUMBERS.
R  INDICATES RECORD WAS SET OR TIED.
MM INDICATES DATA IS MISSING.
T  INDICATES TRACE AMOUNT.




$$
