000
CDUS43 KLMK 030628
CLIBWG


CLIMATE REPORT
NATIONAL WEATHER SERVICE LOUISVILLE KY
228 AM EDT THU SEP 3 2015


...................................

...THE BOWLING GREEN KY CLIMATE SUMMARY FOR SEPTEMBER 2 2015...

CLIMATE NORMAL PERIOD 1981 TO 2010
CLIMATE RECORD PERIOD 1870 TO 2015


WEATHER ITEM   OBSERVED TIME   RECORD YEAR NORMAL DEPARTURE LAST
                VALUE   (LST)  VALUE       VALUE  FROM      YEAR
                                                  NORMAL
..................................................................
TEMPERATURE (F)
 YESTERDAY
  MAXIMUM         94    154 PM 103    1913  87      7       88
  MINIMUM         68    711 AM  45    1987  63      5       72
  AVERAGE         81                        75      6       80

PRECIPITATION (IN)
  YESTERDAY        0.00          2.60 1981   0.13  -0.13     0.03
  MONTH TO DATE    0.00                      0.25  -0.25     0.11
  SINCE SEP 1      0.00                      0.25  -0.25     0.11
  SINCE JAN 1     35.01                     33.81   1.20    36.27

SNOWFALL (IN)
  YESTERDAY        0.0           0.0    MM   0.0    0.0      0.0
  MONTH TO DATE    0.0                       0.0    0.0      0.0
  SINCE SEP 1      0.0                       0.0    0.0      0.0
  SINCE JUL 1      0.0                       0.0    0.0      0.0
  SNOW DEPTH       0

DEGREE DAYS
 HEATING
  YESTERDAY        0                         0      0        0
  MONTH TO DATE    0                         0      0        0
  SINCE SEP 1      0                         0      0        0
  SINCE JUL 1      0                         1     -1        0

 COOLING
  YESTERDAY       16                        10      6       15
  MONTH TO DATE   29                        20      9       31
  SINCE SEP 1     29                        20      9       31
  SINCE JAN 1   1412                      1289    123     1308
..................................................................


WIND (MPH)
  HIGHEST WIND SPEED     9   HIGHEST WIND DIRECTION     E (80)
  HIGHEST GUST SPEED    13   HIGHEST GUST DIRECTION    SE (140)
  AVERAGE WIND SPEED     2.0


SKY COVER
  POSSIBLE SUNSHINE  MM
  AVERAGE SKY COVER 0.1


WEATHER CONDITIONS
 THE FOLLOWING WEATHER WAS RECORDED YESTERDAY.
  FOG


RELATIVE HUMIDITY (PERCENT)
 HIGHEST    97           300 AM
 LOWEST     36           200 PM
 AVERAGE    67

..........................................................


THE BOWLING GREEN KY CLIMATE NORMALS FOR TODAY
                         NORMAL    RECORD    YEAR
 MAXIMUM TEMPERATURE (F)   86       102      1925
                                             1913
 MINIMUM TEMPERATURE (F)   63        46      1893


SUNRISE AND SUNSET
SEPTEMBER  3 2015.....SUNRISE   618 AM CDT   SUNSET   712 PM CDT
SEPTEMBER  4 2015.....SUNRISE   619 AM CDT   SUNSET   710 PM CDT


-  INDICATES NEGATIVE NUMBERS.
R  INDICATES RECORD WAS SET OR TIED.
MM INDICATES DATA IS MISSING.
T  INDICATES TRACE AMOUNT.




$$
