000
CDUS43 KLMK 210636
CLIBWG


CLIMATE REPORT
NATIONAL WEATHER SERVICE LOUISVILLE KY
235 AM EDT THU SEP 21 2017


...................................

...THE BOWLING GREEN KY CLIMATE SUMMARY FOR SEPTEMBER 20 2017...

CLIMATE NORMAL PERIOD 1981 TO 2010
CLIMATE RECORD PERIOD 1870 TO 2017


WEATHER ITEM   OBSERVED TIME   RECORD YEAR NORMAL DEPARTURE LAST
                VALUE   (LST)  VALUE       VALUE  FROM      YEAR
                                                  NORMAL
..................................................................
TEMPERATURE (F)
 YESTERDAY
  MAXIMUM         89    135 PM  98    1931  81      8       89
                                      1925
  MINIMUM         65    601 AM  40    1916  56      9       60
                                      1903
  AVERAGE         77                        68      9       75

PRECIPITATION (IN)
  YESTERDAY        0.00          3.91 1954   0.13  -0.13     0.00
  MONTH TO DATE    6.47                      2.61   3.86     1.02
  SINCE SEP 1      6.47                      2.61   3.86     1.02
  SINCE JAN 1     43.55                     36.17   7.38    38.94

SNOWFALL (IN)
  YESTERDAY        0.0           0.0    MM   0.0    0.0      0.0
  MONTH TO DATE    0.0                       0.0    0.0      0.0
  SINCE SEP 1      0.0                       0.0    0.0      0.0
  SINCE JUL 1      0.0                       0.0    0.0      0.0
  SNOW DEPTH       0

DEGREE DAYS
 HEATING
  YESTERDAY        0                         1     -1        0
  MONTH TO DATE   18                         7     11        0
  SINCE SEP 1     18                         7     11        0
  SINCE JUL 1     18                         8     10        0

 COOLING
  YESTERDAY       12                         5      7       10
  MONTH TO DATE   82                       150    -68      244
  SINCE SEP 1     82                       150    -68      244
  SINCE JAN 1   1434                      1419     15     1803
..................................................................


WIND (MPH)
  HIGHEST WIND SPEED    12   HIGHEST WIND DIRECTION    SE (140)
  HIGHEST GUST SPEED    15   HIGHEST GUST DIRECTION    SE (140)
  AVERAGE WIND SPEED     2.8


SKY COVER
  POSSIBLE SUNSHINE  MM
  AVERAGE SKY COVER 0.1


WEATHER CONDITIONS
 THE FOLLOWING WEATHER WAS RECORDED YESTERDAY.
  FOG


RELATIVE HUMIDITY (PERCENT)
 HIGHEST   100          1200 AM
 LOWEST     59           100 PM
 AVERAGE    80

..........................................................


THE BOWLING GREEN KY CLIMATE NORMALS FOR TODAY
                         NORMAL    RECORD    YEAR
 MAXIMUM TEMPERATURE (F)   80       100      1931
 MINIMUM TEMPERATURE (F)   56        37      1927


SUNRISE AND SUNSET
SEPTEMBER 21 2017.....SUNRISE   633 AM CDT   SUNSET   644 PM CDT
SEPTEMBER 22 2017.....SUNRISE   634 AM CDT   SUNSET   642 PM CDT


-  INDICATES NEGATIVE NUMBERS.
R  INDICATES RECORD WAS SET OR TIED.
MM INDICATES DATA IS MISSING.
T  INDICATES TRACE AMOUNT.




$$
