000
CDUS43 KLMK 280627
CLIBWG


CLIMATE REPORT
NATIONAL WEATHER SERVICE LOUISVILLE KY
227 AM EDT TUE MAR 28 2017


...................................

...THE BOWLING GREEN KY CLIMATE SUMMARY FOR MARCH 27 2017...

CLIMATE NORMAL PERIOD 1981 TO 2010
CLIMATE RECORD PERIOD 1870 TO 2017


WEATHER ITEM   OBSERVED TIME   RECORD YEAR NORMAL DEPARTURE LAST
                VALUE   (LST)  VALUE       VALUE  FROM      YEAR
                                                  NORMAL
..................................................................
TEMPERATURE (F)
 YESTERDAY
  MAXIMUM         77    144 PM  90    1910  64     13       74
  MINIMUM         49    341 AM  15    1955  40      9       48
                                      1947
  AVERAGE         63                        52     11       61

PRECIPITATION (IN)
  YESTERDAY        0.77          2.38 1932   0.15   0.62     0.20
  MONTH TO DATE    3.50                      3.80  -0.30     2.60
  SINCE MAR 1      3.50                      3.80  -0.30     2.60
  SINCE JAN 1     10.08                     11.37  -1.29     9.18

SNOWFALL (IN)
  YESTERDAY        0.0           7.4  1947   0.1   -0.1      0.0
  MONTH TO DATE    T                         1.0   -1.0       T
  SINCE MAR 1      T                         1.0   -1.0       T
  SINCE JUL 1      0.7                       8.8   -8.1     24.0
  SNOW DEPTH       0

DEGREE DAYS
 HEATING
  YESTERDAY        2                        13    -11        4
  MONTH TO DATE  420                       469    -49      313
  SINCE MAR 1    420                       469    -49      313
  SINCE JUL 1   2801                      3667   -866     2913

 COOLING
  YESTERDAY        0                         0      0        0
  MONTH TO DATE    5                         0      5        0
  SINCE MAR 1      5                         0      5        0
  SINCE JAN 1      9                         0      9        0
..................................................................


WIND (MPH)
  HIGHEST WIND SPEED    36   HIGHEST WIND DIRECTION     W (290)
  HIGHEST GUST SPEED    49   HIGHEST GUST DIRECTION     W (280)
  AVERAGE WIND SPEED     5.0


SKY COVER
  POSSIBLE SUNSHINE  MM
  AVERAGE SKY COVER 0.5


WEATHER CONDITIONS
 THE FOLLOWING WEATHER WAS RECORDED YESTERDAY.
  HEAVY RAIN
  RAIN
  LIGHT RAIN
  FOG


RELATIVE HUMIDITY (PERCENT)
 HIGHEST    96           300 AM
 LOWEST     54           200 PM
 AVERAGE    75

..........................................................


THE BOWLING GREEN KY CLIMATE NORMALS FOR TODAY
                         NORMAL    RECORD    YEAR
 MAXIMUM TEMPERATURE (F)   64        89      1907
 MINIMUM TEMPERATURE (F)   40         4      1947


SUNRISE AND SUNSET
MARCH 28 2017.........SUNRISE   637 AM CDT   SUNSET   705 PM CDT
MARCH 29 2017.........SUNRISE   636 AM CDT   SUNSET   706 PM CDT


-  INDICATES NEGATIVE NUMBERS.
R  INDICATES RECORD WAS SET OR TIED.
MM INDICATES DATA IS MISSING.
T  INDICATES TRACE AMOUNT.




$$
