000
CDUS41 KLWX 272130
CLIBWI


CLIMATE REPORT
NATIONAL WEATHER SERVICE BALTIMORE MD/WASHINGTON DC
529 PM EDT SAT AUG 27 2016


...................................

...THE BALTIMORE MD CLIMATE SUMMARY FOR AUGUST 27 2016...
VALID TODAY AS OF 0500 PM LOCAL TIME.

CLIMATE NORMAL PERIOD 1981 TO 2010
CLIMATE RECORD PERIOD 1870 TO 2016


WEATHER ITEM   OBSERVED TIME   RECORD YEAR NORMAL DEPARTURE LAST
                VALUE   (LST)  VALUE       VALUE  FROM      YEAR
                                                  NORMAL
..................................................................
TEMPERATURE (F)
 TODAY
  MAXIMUM         90    255 PM 102    1948  84      6       80
  MINIMUM         69    510 AM  53    1885  64      5       57
  AVERAGE         80                        74      6       69

PRECIPITATION (IN)
  TODAY            0.00          4.04 1971   0.10  -0.10     0.00
  MONTH TO DATE    3.96                      2.90   1.06     2.46
  SINCE JUN 1     13.25                     10.43   2.82    19.04
  SINCE JAN 1     31.10                     27.46   3.64    36.24

SNOWFALL (IN)
  TODAY            0.0          MM      MM   0.0    0.0
  MONTH TO DATE    0.0                       0.0    0.0
  SINCE JUL 1      0.0                       0.0    0.0
  SNOW DEPTH       0

DEGREE DAYS
 HEATING
  TODAY            0                         0      0        0
  MONTH TO DATE    0                         0      0        0
  SINCE JUN 1      4                        15    -11       14
  SINCE JUL 1      0                         0      0        0

 COOLING
  TODAY           15                         9      6        4
  MONTH TO DATE  392                       282    110      283
  SINCE JUN 1   1109                       892    217      961
  SINCE JAN 1   1211                       976    235     1150
..................................................................


WIND (MPH)
  HIGHEST WIND SPEED    13   HIGHEST WIND DIRECTION     E (100)
  HIGHEST GUST SPEED    18   HIGHEST GUST DIRECTION    NE (30)
  AVERAGE WIND SPEED     4.7


SKY COVER
  POSSIBLE SUNSHINE  MM
  AVERAGE SKY COVER 0.3


WEATHER CONDITIONS
 THE FOLLOWING WEATHER WAS RECORDED TODAY.
  NO SIGNIFICANT WEATHER WAS OBSERVED.


RELATIVE HUMIDITY (PERCENT)
 HIGHEST    93           300 AM
 LOWEST     41           200 PM
 AVERAGE    67

..........................................................


THE BALTIMORE MD CLIMATE NORMALS FOR TOMORROW
                         NORMAL    RECORD    YEAR
 MAXIMUM TEMPERATURE (F)   84       101      1948
 MINIMUM TEMPERATURE (F)   64        48      1986


SUNRISE AND SUNSET
AUGUST 27 2016........SUNRISE   631 AM EDT   SUNSET   744 PM EDT
AUGUST 28 2016........SUNRISE   632 AM EDT   SUNSET   743 PM EDT


-  INDICATES NEGATIVE NUMBERS.
R  INDICATES RECORD WAS SET OR TIED.
MM INDICATES DATA IS MISSING.
T  INDICATES TRACE AMOUNT.




$$
