000
CDUS41 KLWX 280525
CLIBWI


CLIMATE REPORT
NATIONAL WEATHER SERVICE BALTIMORE MD/WASHINGTON DC
122 AM EDT WED SEP 28 2016


...................................

...THE BALTIMORE MD CLIMATE SUMMARY FOR SEPTEMBER 27 2016...

CLIMATE NORMAL PERIOD 1981 TO 2010
CLIMATE RECORD PERIOD 1870 TO 2016


WEATHER ITEM   OBSERVED TIME   RECORD YEAR NORMAL DEPARTURE LAST
                VALUE   (LST)  VALUE       VALUE  FROM      YEAR
                                                  NORMAL
..................................................................
TEMPERATURE (F)
 YESTERDAY
  MAXIMUM         76    355 PM  95    1998  74      2       75
  MINIMUM         57   1159 PM  39    1957  53      4       60
  AVERAGE         67                        63      4       68

PRECIPITATION (IN)
  YESTERDAY        0.17          5.00 1985   0.14   0.03      T
  MONTH TO DATE    0.91                      3.60  -2.69     0.54
  SINCE SEP 1      0.91                      3.60  -2.69     0.54
  SINCE JAN 1     32.01                     31.45   0.56    36.78

SNOWFALL (IN)
  YESTERDAY        0.0          MM      MM   0.0    0.0
  MONTH TO DATE    0.0                       0.0    0.0
  SINCE JUL 1      0.0                       0.0    0.0
  SNOW DEPTH       0

DEGREE DAYS
 HEATING
  YESTERDAY        0                         4     -4        0
  MONTH TO DATE    8                        37    -29        1
  SINCE SEP 1      8                        37    -29        1
  SINCE JUL 1      8                        38    -30        1

 COOLING
  YESTERDAY        2                         2      0        3
  MONTH TO DATE  243                       128    115      195
  SINCE SEP 1    243                       128    115      195
  SINCE JAN 1   1510                      1138    372     1384
..................................................................


WIND (MPH)
  HIGHEST WIND SPEED     9   HIGHEST WIND DIRECTION    SE (140)
  HIGHEST GUST SPEED    13   HIGHEST GUST DIRECTION     N (360)
  AVERAGE WIND SPEED     2.8


SKY COVER
  POSSIBLE SUNSHINE  MM
  AVERAGE SKY COVER 0.7


WEATHER CONDITIONS
 THE FOLLOWING WEATHER WAS RECORDED YESTERDAY.
  RAIN
  LIGHT RAIN
  FOG


RELATIVE HUMIDITY (PERCENT)
 HIGHEST   100           300 AM
 LOWEST     33          1200 PM
 AVERAGE    67

..........................................................


THE BALTIMORE MD CLIMATE NORMALS FOR TODAY
                         NORMAL    RECORD    YEAR
 MAXIMUM TEMPERATURE (F)   73        91      1886
 MINIMUM TEMPERATURE (F)   53        40      1989


SUNRISE AND SUNSET
SEPTEMBER 28 2016.....SUNRISE   700 AM EDT   SUNSET   653 PM EDT
SEPTEMBER 29 2016.....SUNRISE   701 AM EDT   SUNSET   652 PM EDT


-  INDICATES NEGATIVE NUMBERS.
R  INDICATES RECORD WAS SET OR TIED.
MM INDICATES DATA IS MISSING.
T  INDICATES TRACE AMOUNT.




$$
