000
CDUS41 KLWX 290532
CLIBWI


CLIMATE REPORT
NATIONAL WEATHER SERVICE BALTIMORE MD/WASHINGTON DC
131 AM EDT SUN MAR 29 2015


...................................

...THE BALTIMORE MD CLIMATE SUMMARY FOR MARCH 28 2015...

CLIMATE NORMAL PERIOD 1981 TO 2010
CLIMATE RECORD PERIOD 1870 TO 2015


WEATHER ITEM   OBSERVED TIME   RECORD YEAR NORMAL DEPARTURE LAST
                VALUE   (LST)  VALUE       VALUE  FROM      YEAR
                                                  NORMAL
..................................................................
TEMPERATURE (F)
 YESTERDAY
  MAXIMUM         39   1221 AM  87    1945  58    -19       66
  MINIMUM         27   1151 PM  21    1982  37    -10       35
  AVERAGE         33                        47    -14       51

PRECIPITATION (IN)
  YESTERDAY        T             1.83 2005   0.13  -0.13     0.05
  MONTH TO DATE    4.62                      3.50   1.12     1.99
  SINCE MAR 1      4.62                      3.50   1.12     1.99
  SINCE JAN 1     10.75                      9.45   1.30     9.28

SNOWFALL (IN)
  YESTERDAY        T             0.2  1956   0.0    0.0
  MONTH TO DATE    7.7                       1.9    5.8
  SINCE JUL 1     28.7                      20.1    8.6
  SNOW DEPTH       0

DEGREE DAYS
 HEATING
  YESTERDAY       32                        18     14       14
  MONTH TO DATE  718                       616    102      770
  SINCE MAR 1    718                       616    102      770
  SINCE JUL 1   4533                      4211    322     4527

 COOLING
  YESTERDAY        0                         0      0        0
  MONTH TO DATE    0                         0      0        0
  SINCE MAR 1      0                         0      0        0
  SINCE JAN 1      0                         0      0        0
..................................................................


WIND (MPH)
  HIGHEST WIND SPEED    23   HIGHEST WIND DIRECTION     W (280)
  HIGHEST GUST SPEED    36   HIGHEST GUST DIRECTION    NW (310)
  AVERAGE WIND SPEED    13.2


SKY COVER
  POSSIBLE SUNSHINE  MM
  AVERAGE SKY COVER 0.7


WEATHER CONDITIONS
 THE FOLLOWING WEATHER WAS RECORDED YESTERDAY.
  LIGHT SNOW


RELATIVE HUMIDITY (PERCENT)
 HIGHEST    54          1200 AM
 LOWEST     36           900 AM
 AVERAGE    45

..........................................................


THE BALTIMORE MD CLIMATE NORMALS FOR TODAY
                         NORMAL    RECORD    YEAR
 MAXIMUM TEMPERATURE (F)   58        90      1945
 MINIMUM TEMPERATURE (F)   37        18      1923


SUNRISE AND SUNSET
MARCH 29 2015.........SUNRISE   656 AM EDT   SUNSET   727 PM EDT
MARCH 30 2015.........SUNRISE   655 AM EDT   SUNSET   728 PM EDT


-  INDICATES NEGATIVE NUMBERS.
R  INDICATES RECORD WAS SET OR TIED.
MM INDICATES DATA IS MISSING.
T  INDICATES TRACE AMOUNT.




$$
