000
CDUS41 KLWX 240533
CLIBWI


CLIMATE REPORT
NATIONAL WEATHER SERVICE BALTIMORE MD/WASHINGTON DC
131 AM EDT MON APR 24 2017


...................................

...THE BALTIMORE MD CLIMATE SUMMARY FOR APRIL 23 2017...

CLIMATE NORMAL PERIOD 1981 TO 2010
CLIMATE RECORD PERIOD 1870 TO 2017


WEATHER ITEM   OBSERVED TIME   RECORD YEAR NORMAL DEPARTURE LAST
                VALUE   (LST)  VALUE       VALUE  FROM      YEAR
                                                  NORMAL
..................................................................
TEMPERATURE (F)
 YESTERDAY
  MAXIMUM         60    215 PM  94    1960  67     -7       70
  MINIMUM         46    623 AM  31    1982  45      1       53
  AVERAGE         53                        56     -3       62

PRECIPITATION (IN)
  YESTERDAY        0.00          1.11 1907   0.11  -0.11     0.09
  MONTH TO DATE    2.85                      2.46   0.39     1.07
  SINCE MAR 1      6.67                      6.36   0.31     3.17
  SINCE JAN 1     10.82                     12.31  -1.49    12.37

SNOWFALL (IN)
  YESTERDAY        0.0           T    1986   0.0    0.0
  MONTH TO DATE    0.0                       0.0    0.0
  SINCE JUL 1      3.0                      20.1  -17.1
  SNOW DEPTH       0

DEGREE DAYS
 HEATING
  YESTERDAY       12                        10      2        3
  MONTH TO DATE  158                       295   -137      287
  SINCE MAR 1    805                       961   -156      747
  SINCE JUL 1   3696                      4556   -860     3768

 COOLING
  YESTERDAY        0                         1     -1        0
  MONTH TO DATE   23                         5     18       15
  SINCE MAR 1     23                         6     17       19
  SINCE JAN 1     23                         6     17       19
..................................................................


WIND (MPH)
  HIGHEST WIND SPEED    14   HIGHEST WIND DIRECTION    NE (50)
  HIGHEST GUST SPEED    25   HIGHEST GUST DIRECTION    NE (30)
  AVERAGE WIND SPEED     5.5


SKY COVER
  POSSIBLE SUNSHINE  MM
  AVERAGE SKY COVER 0.9


WEATHER CONDITIONS
 THE FOLLOWING WEATHER WAS RECORDED YESTERDAY.
  NO SIGNIFICANT WEATHER WAS OBSERVED.


RELATIVE HUMIDITY (PERCENT)
 HIGHEST   100          1200 AM
 LOWEST     51           100 PM
 AVERAGE    76

..........................................................


THE BALTIMORE MD CLIMATE NORMALS FOR TODAY
                         NORMAL    RECORD    YEAR
 MAXIMUM TEMPERATURE (F)   68        93      1960
 MINIMUM TEMPERATURE (F)   45        32      2003


SUNRISE AND SUNSET
APRIL 24 2017.........SUNRISE   617 AM EDT   SUNSET   753 PM EDT
APRIL 25 2017.........SUNRISE   616 AM EDT   SUNSET   754 PM EDT


-  INDICATES NEGATIVE NUMBERS.
R  INDICATES RECORD WAS SET OR TIED.
MM INDICATES DATA IS MISSING.
T  INDICATES TRACE AMOUNT.




$$
