000
CDUS41 KLWX 270524
CLIBWI


CLIMATE REPORT
NATIONAL WEATHER SERVICE BALTIMORE MD/WASHINGTON DC
123 AM EDT WED MAY 27 2015


...................................

...THE BALTIMORE MD CLIMATE SUMMARY FOR MAY 26 2015...

CLIMATE NORMAL PERIOD 1981 TO 2010
CLIMATE RECORD PERIOD 1870 TO 2015


WEATHER ITEM   OBSERVED TIME   RECORD YEAR NORMAL DEPARTURE LAST
                VALUE   (LST)  VALUE       VALUE  FROM      YEAR
                                                  NORMAL
..................................................................
TEMPERATURE (F)
 YESTERDAY
  MAXIMUM         87    257 PM  94    1914  77     10       86
  MINIMUM         62    438 AM  41    1967  55      7       57
  AVERAGE         75                        66      9       72

PRECIPITATION (IN)
  YESTERDAY        0.00          2.29 2009   0.14  -0.14     0.00
  MONTH TO DATE    2.08                      3.33  -1.25     2.68
  SINCE MAR 1     11.05                     10.42   0.63    15.66
  SINCE JAN 1     17.18                     16.37   0.81    22.95

SNOWFALL (IN)
  YESTERDAY        0.0          MM      MM   0.0    0.0
  MONTH TO DATE    0.0                       0.0    0.0
  SINCE JUL 1     28.7                      20.1    8.6
  SNOW DEPTH       0

DEGREE DAYS
 HEATING
  YESTERDAY        0                         3     -3        0
  MONTH TO DATE   48                       124    -76       65
  SINCE MAR 1   1135                      1144     -9     1238
  SINCE JUL 1   4950                      4739    211     4995

 COOLING
  YESTERDAY       10                         4      6        7
  MONTH TO DATE  116                        50     66       58
  SINCE MAR 1    121                        64     57       65
  SINCE JAN 1    121                        64     57       65
..................................................................


WIND (MPH)
  HIGHEST WIND SPEED    14   HIGHEST WIND DIRECTION    SW (240)
  HIGHEST GUST SPEED    20   HIGHEST GUST DIRECTION    SW (220)
  AVERAGE WIND SPEED     5.2


SKY COVER
  POSSIBLE SUNSHINE  MM
  AVERAGE SKY COVER 0.6


WEATHER CONDITIONS
 THE FOLLOWING WEATHER WAS RECORDED YESTERDAY.
  NO SIGNIFICANT WEATHER WAS OBSERVED.


RELATIVE HUMIDITY (PERCENT)
 HIGHEST    84           200 AM
 LOWEST     46           300 PM
 AVERAGE    65

..........................................................


THE BALTIMORE MD CLIMATE NORMALS FOR TODAY
                         NORMAL    RECORD    YEAR
 MAXIMUM TEMPERATURE (F)   77        95      1965
                                             1941
 MINIMUM TEMPERATURE (F)   56        43      1961
                                             1915


SUNRISE AND SUNSET
MAY 27 2015...........SUNRISE   545 AM EDT   SUNSET   823 PM EDT
MAY 28 2015...........SUNRISE   544 AM EDT   SUNSET   824 PM EDT


-  INDICATES NEGATIVE NUMBERS.
R  INDICATES RECORD WAS SET OR TIED.
MM INDICATES DATA IS MISSING.
T  INDICATES TRACE AMOUNT.




$$
