000
CDUS41 KLWX 242121
CLIBWI


CLIMATE REPORT
NATIONAL WEATHER SERVICE BALTIMORE MD/WASHINGTON DC
421 PM EST FRI NOV 24 2017


...................................

...THE BALTIMORE MD CLIMATE SUMMARY FOR NOVEMBER 24 2017...
VALID TODAY AS OF 0400 PM LOCAL TIME.

CLIMATE NORMAL PERIOD 1981 TO 2010
CLIMATE RECORD PERIOD 1871 TO 2017


WEATHER ITEM   OBSERVED TIME   RECORD YEAR NORMAL DEPARTURE LAST
                VALUE   (LST)  VALUE       VALUE  FROM      YEAR
                                                  NORMAL
..................................................................
TEMPERATURE (F)
 TODAY
  MAXIMUM         54    334 PM  73    1979  53      1       57
  MINIMUM         25    630 AM  17    1989  34     -9       35
                                      1956
                                      1880
  AVERAGE         40                        44     -4       46

PRECIPITATION (IN)
  TODAY            0.00          2.82 1877   0.11  -0.11      T
  MONTH TO DATE    2.13                      2.62  -0.49     0.22
  SINCE SEP 1      7.07                      9.98  -2.91     5.36
  SINCE JAN 1     37.31                     37.83  -0.52    36.46

SNOWFALL (IN)
  TODAY            0.0           5.0  1938   0.0    0.0
  MONTH TO DATE    0.0                       0.2   -0.2
  SINCE JUL 1      0.0                       0.2   -0.2
  SNOW DEPTH       0

DEGREE DAYS
 HEATING
  TODAY           25                        21      4       19
  MONTH TO DATE  446                       421     25      379
  SINCE SEP 1    637                       767   -130      592
  SINCE JUL 1    637                       768   -131      592

 COOLING
  TODAY            0                         0      0        0
  MONTH TO DATE    0                         0      0        0
  SINCE SEP 1    224                       153     71      284
  SINCE JAN 1   1316                      1163    153     1551
..................................................................


WIND (MPH)
  HIGHEST WIND SPEED     9   HIGHEST WIND DIRECTION    SE (130)
  HIGHEST GUST SPEED    12   HIGHEST GUST DIRECTION    SE (140)
  AVERAGE WIND SPEED     2.0


SKY COVER
  POSSIBLE SUNSHINE  MM
  AVERAGE SKY COVER 0.0


WEATHER CONDITIONS
 THE FOLLOWING WEATHER WAS RECORDED TODAY.
  NO SIGNIFICANT WEATHER WAS OBSERVED.


RELATIVE HUMIDITY (PERCENT)
 HIGHEST    92           400 AM
 LOWEST     29           300 PM
 AVERAGE    61

..........................................................


THE BALTIMORE MD CLIMATE NORMALS FOR TOMORROW
                         NORMAL    RECORD    YEAR
 MAXIMUM TEMPERATURE (F)   53        75      1973
 MINIMUM TEMPERATURE (F)   34        18      1956
                                             1950


SUNRISE AND SUNSET
NOVEMBER 24 2017......SUNRISE   700 AM EST   SUNSET   447 PM EST
NOVEMBER 25 2017......SUNRISE   701 AM EST   SUNSET   446 PM EST


-  INDICATES NEGATIVE NUMBERS.
R  INDICATES RECORD WAS SET OR TIED.
MM INDICATES DATA IS MISSING.
T  INDICATES TRACE AMOUNT.




$$
