000
CDUS45 KRIW 020731
CLIBYG


CLIMATE REPORT
NATIONAL WEATHER SERVICE RIVERTON WY
131 AM MDT THU OCT 2 2014


...................................

...THE BUFFALO WY CLIMATE SUMMARY FOR OCTOBER 1 2014...

CLIMATE NORMAL PERIOD 1981 TO 2010
CLIMATE RECORD PERIOD 1998 TO 2014


WEATHER ITEM   OBSERVED TIME   RECORD YEAR NORMAL DEPARTURE LAST
                VALUE   (LST)  VALUE       VALUE  FROM      YEAR
                                                  NORMAL
..................................................................
TEMPERATURE (F)
 YESTERDAY
  MAXIMUM         52    429 PM  89    2011  63    -11       71
  MINIMUM         36   1038 PM  29    2004  39     -3       39
  AVERAGE         44                        51     -7       55

PRECIPITATION (IN)
  YESTERDAY        0.09          0.32 2002   0.05   0.04     0.00
  MONTH TO DATE    0.09                      0.05   0.04     0.00
  SINCE SEP 1      1.19                      1.36  -0.17     3.34
  SINCE JAN 1     11.40                     11.63  -0.23     7.76

DEGREE DAYS
 HEATING
  YESTERDAY       21                        14      7       10
  MONTH TO DATE   21                        14      7       10
  SINCE SEP 1    259                       263     -4      161
  SINCE JUL 1    318                       328    -10      162

 COOLING
  YESTERDAY        0                         0      0        0
  MONTH TO DATE    0                         0      0        0
  SINCE SEP 1     51                        45      6       95
  SINCE JAN 1    385                       491   -106      709
..................................................................


WIND (MPH)
  HIGHEST WIND SPEED    26   HIGHEST WIND DIRECTION     N (340)
  HIGHEST GUST SPEED    39   HIGHEST GUST DIRECTION     N (340)
  AVERAGE WIND SPEED    13.8


SKY COVER
  POSSIBLE SUNSHINE  MM
  AVERAGE SKY COVER 0.8


WEATHER CONDITIONS
 THE FOLLOWING WEATHER WAS RECORDED YESTERDAY.
  LIGHT RAIN


RELATIVE HUMIDITY (PERCENT)
 HIGHEST    89           500 AM
 LOWEST     50           400 PM
 AVERAGE    70

..........................................................


THE BUFFALO WY CLIMATE NORMALS FOR TODAY
                         NORMAL    RECORD    YEAR
 MAXIMUM TEMPERATURE (F)   63        86      2011
 MINIMUM TEMPERATURE (F)   38        28      1999


SUNRISE AND SUNSET
OCTOBER  2 2014.......SUNRISE   706 AM MDT   SUNSET   646 PM MDT
OCTOBER  3 2014.......SUNRISE   707 AM MDT   SUNSET   644 PM MDT


-  INDICATES NEGATIVE NUMBERS.
R  INDICATES RECORD WAS SET OR TIED.
MM INDICATES DATA IS MISSING.
T  INDICATES TRACE AMOUNT.




$$
