000
CDUS45 KRIW 270034
CLIBYG


CLIMATE REPORT
NATIONAL WEATHER SERVICE RIVERTON WY
631 PM MDT FRI MAY 26 2017


...................................

...THE BUFFALO WY CLIMATE SUMMARY FOR MAY 26 2017...
VALID TODAY AS OF 0500 PM LOCAL TIME.

CLIMATE NORMAL PERIOD 1981 TO 2010
CLIMATE RECORD PERIOD 1998 TO 2017


WEATHER ITEM   OBSERVED TIME   RECORD YEAR NORMAL DEPARTURE LAST
                VALUE   (LST)  VALUE       VALUE  FROM      YEAR
                                                  NORMAL
..................................................................
TEMPERATURE (F)
 TODAY
  MAXIMUM         54        MM  83    2006  66    -12       63
  MINIMUM         39        MM  31    2007  43     -4       41
  AVERAGE         47

PRECIPITATION (IN)
  TODAY            0.02          0.78 2008   0.07  -0.05      T
  MONTH TO DATE    2.59                      2.14   0.45     1.35
  SINCE MAR 1      7.79                      4.36   3.43     4.17
  SINCE JAN 1      8.22                      5.13   3.09     4.76

DEGREE DAYS
 HEATING
  TODAY           18                        11      7       13
  MONTH TO DATE  305                       359    -54      300
  SINCE MAR 1   1560                      1963   -403     1454
  SINCE JUL 1   6402                      7203   -801     5845

 COOLING
  TODAY            0                         0      0        0
  MONTH TO DATE   11                         0     11        4
  SINCE MAR 1     11                         0     11        5
  SINCE JAN 1     11                         0     11        5
..................................................................


WIND (MPH)
  HIGHEST WIND SPEED    10   HIGHEST WIND DIRECTION     S (160)
  HIGHEST GUST SPEED    MM   HIGHEST GUST DIRECTION    MM
  AVERAGE WIND SPEED     5.5


SKY COVER
  POSSIBLE SUNSHINE  MM
  AVERAGE SKY COVER 0.8


WEATHER CONDITIONS
 THE FOLLOWING WEATHER WAS RECORDED TODAY.
  LIGHT RAIN


RELATIVE HUMIDITY (PERCENT)
 HIGHEST    79           500 AM
 LOWEST     44           900 AM
 AVERAGE    62

..........................................................


THE BUFFALO WY CLIMATE NORMALS FOR TOMORROW
                         NORMAL    RECORD    YEAR
 MAXIMUM TEMPERATURE (F)   67        84      2010
 MINIMUM TEMPERATURE (F)   43        33      2008


SUNRISE AND SUNSET
MAY 26 2017...........SUNRISE   529 AM MDT   SUNSET   839 PM MDT
MAY 27 2017...........SUNRISE   529 AM MDT   SUNSET   840 PM MDT


-  INDICATES NEGATIVE NUMBERS.
R  INDICATES RECORD WAS SET OR TIED.
MM INDICATES DATA IS MISSING.
T  INDICATES TRACE AMOUNT.




$$
