000
CDUS45 KRIW 030733
CLIBYG


CLIMATE REPORT
NATIONAL WEATHER SERVICE RIVERTON WY
133 AM MDT TUE MAY 3 2016


...................................

...THE BUFFALO WY CLIMATE SUMMARY FOR MAY 2 2016...

CLIMATE NORMAL PERIOD 1981 TO 2010
CLIMATE RECORD PERIOD 1998 TO 2016


WEATHER ITEM   OBSERVED TIME   RECORD YEAR NORMAL DEPARTURE LAST
                VALUE   (LST)  VALUE       VALUE  FROM      YEAR
                                                  NORMAL
..................................................................
TEMPERATURE (F)
 YESTERDAY
  MAXIMUM         MM        MM  82    2000  59     MM       74
  MINIMUM         MM        MM  17    2005  38     MM       48
  AVERAGE         MM                        48     MM       61

PRECIPITATION (IN)
  YESTERDAY       MM             0.08 2008   0.06  MM        0.00
  MONTH TO DATE    0.00                      0.12  -0.12     0.00
  SINCE MAR 1      2.82                      2.34   0.48     0.86
  SINCE JAN 1      3.41                      3.11   0.30     1.50

DEGREE DAYS
 HEATING
  YESTERDAY       MM                        17     MM        4
  MONTH TO DATE   MM                        34     MM       14
  SINCE MAR 1   1154                      1638   -484     1269
  SINCE JUL 1   5545                      6878  -1333     5965

 COOLING
  YESTERDAY       MM                         0     MM        0
  MONTH TO DATE   MM                         0     MM        0
  SINCE MAR 1      1                         0      1        0
  SINCE JAN 1      1                         0      1        0
..................................................................


WIND (MPH)
  HIGHEST WIND SPEED    MM   HIGHEST WIND DIRECTION    MM
  HIGHEST GUST SPEED    MM   HIGHEST GUST DIRECTION    MM
  AVERAGE WIND SPEED    MM


SKY COVER
  POSSIBLE SUNSHINE  MM
  AVERAGE SKY COVER 0.0


WEATHER CONDITIONS
 THE FOLLOWING WEATHER WAS RECORDED YESTERDAY.
  NO SIGNIFICANT WEATHER WAS OBSERVED.


RELATIVE HUMIDITY (PERCENT)
 HIGHEST    MM
 LOWEST     MM
 AVERAGE    MM

..........................................................


THE BUFFALO WY CLIMATE NORMALS FOR TODAY
                         NORMAL    RECORD    YEAR
 MAXIMUM TEMPERATURE (F)   60        76      2000
 MINIMUM TEMPERATURE (F)   38        25      2005


SUNRISE AND SUNSET
MAY  3 2016...........SUNRISE   554 AM MDT   SUNSET   814 PM MDT
MAY  4 2016...........SUNRISE   553 AM MDT   SUNSET   815 PM MDT


-  INDICATES NEGATIVE NUMBERS.
R  INDICATES RECORD WAS SET OR TIED.
MM INDICATES DATA IS MISSING.
T  INDICATES TRACE AMOUNT.




$$
