000
CDUS45 KRIW 050045
CLIBYG


CLIMATE REPORT
NATIONAL WEATHER SERVICE RIVERTON WY
644 PM MDT TUE AUG 4 2015


...................................

...THE BUFFALO WY CLIMATE SUMMARY FOR AUGUST 4 2015...
VALID TODAY AS OF 0500 PM LOCAL TIME.

CLIMATE NORMAL PERIOD 1981 TO 2010
CLIMATE RECORD PERIOD 1998 TO 2015


WEATHER ITEM   OBSERVED TIME   RECORD YEAR NORMAL DEPARTURE LAST
                VALUE   (LST)  VALUE       VALUE  FROM      YEAR
                                                  NORMAL
..................................................................
TEMPERATURE (F)
 TODAY
  MAXIMUM         80        MM  94    2001  86     -6       78
  MINIMUM         60        MM  45    2012  58      2       61
  AVERAGE         70

PRECIPITATION (IN)
  TODAY            0.02          1.32 2010   0.03  -0.01     0.07
  MONTH TO DATE    0.02                      0.15  -0.13     0.08
  SINCE JUN 1      4.02                      4.09  -0.07     3.93
  SINCE JAN 1     11.28                      9.61   1.67     7.69

DEGREE DAYS
 HEATING
  TODAY            0                         1     -1        0
  MONTH TO DATE    0                         4     -4        0
  SINCE JUN 1     84                       192   -108      217
  SINCE JUL 1     30                        29      1       11

 COOLING
  TODAY            5                         7     -2        5
  MONTH TO DATE   36                        31      5       33
  SINCE JUN 1    254                       285    -31      227
  SINCE JAN 1    254                       292    -38      238
..................................................................


WIND (MPH)
  HIGHEST WIND SPEED    21   HIGHEST WIND DIRECTION     N (350)
  HIGHEST GUST SPEED    27   HIGHEST GUST DIRECTION     N (350)
  AVERAGE WIND SPEED     7.3


SKY COVER
  POSSIBLE SUNSHINE  MM
  AVERAGE SKY COVER 0.4


WEATHER CONDITIONS
 THE FOLLOWING WEATHER WAS RECORDED TODAY.
  THUNDERSTORM
  LIGHT RAIN


RELATIVE HUMIDITY (PERCENT)
 HIGHEST    66           400 PM
 LOWEST     37          1000 AM
 AVERAGE    52

..........................................................


THE BUFFALO WY CLIMATE NORMALS FOR TOMORROW
                         NORMAL    RECORD    YEAR
 MAXIMUM TEMPERATURE (F)   86        93      2012
                                             2001
 MINIMUM TEMPERATURE (F)   58        49      2005


SUNRISE AND SUNSET
AUGUST  4 2015........SUNRISE   557 AM MDT   SUNSET   828 PM MDT
AUGUST  5 2015........SUNRISE   558 AM MDT   SUNSET   827 PM MDT


-  INDICATES NEGATIVE NUMBERS.
R  INDICATES RECORD WAS SET OR TIED.
MM INDICATES DATA IS MISSING.
T  INDICATES TRACE AMOUNT.




$$
