000
CDUS45 KRIW 270739
CLIBYG


CLIMATE REPORT
NATIONAL WEATHER SERVICE RIVERTON WY
1239 AM MST TUE JAN 27 2015


...................................

...THE BUFFALO WY CLIMATE SUMMARY FOR JANUARY 26 2015...

CLIMATE NORMAL PERIOD 1981 TO 2010
CLIMATE RECORD PERIOD 1998 TO 2015


WEATHER ITEM   OBSERVED TIME   RECORD YEAR NORMAL DEPARTURE LAST
                VALUE   (LST)  VALUE       VALUE  FROM      YEAR
                                                  NORMAL
..................................................................
TEMPERATURE (F)
 YESTERDAY
  MAXIMUM         67R   304 PM  57    2003  38     29       41
                                      2002
  MINIMUM         39    218 AM -12    2009  17     22       11
  AVERAGE         53                        28     25       26

PRECIPITATION (IN)
  YESTERDAY        0.00          0.07 2009   0.02  -0.02     0.06
  MONTH TO DATE    0.16                      0.34  -0.18     0.21
  SINCE DEC 1      0.24                      0.74  -0.50     0.45
  SINCE JAN 1      0.16                      0.34  -0.18     0.21

DEGREE DAYS
 HEATING
  YESTERDAY       12                        37    -25       39
  MONTH TO DATE  941                       968    -27      911
  SINCE DEC 1   1855                      2181   -326     2001
  SINCE JUL 1   3611                      4015   -404     3709

 COOLING
  YESTERDAY        0                         0      0        0
  MONTH TO DATE    0                         0      0        0
  SINCE DEC 1      0                         0      0        0
  SINCE JAN 1      0                         0      0        0
..................................................................


WIND (MPH)
  HIGHEST WIND SPEED    16   HIGHEST WIND DIRECTION    NW (320)
  HIGHEST GUST SPEED    28   HIGHEST GUST DIRECTION    NW (330)
  AVERAGE WIND SPEED     6.7


SKY COVER
  POSSIBLE SUNSHINE  MM
  AVERAGE SKY COVER 0.0


WEATHER CONDITIONS
 THE FOLLOWING WEATHER WAS RECORDED YESTERDAY.
  NO SIGNIFICANT WEATHER WAS OBSERVED.


RELATIVE HUMIDITY (PERCENT)
 HIGHEST    55           200 AM
 LOWEST     22           100 PM
 AVERAGE    39

..........................................................


THE BUFFALO WY CLIMATE NORMALS FOR TODAY
                         NORMAL    RECORD    YEAR
 MAXIMUM TEMPERATURE (F)   38        53      2003
 MINIMUM TEMPERATURE (F)   17        -9      2009


SUNRISE AND SUNSET
JANUARY 27 2015.......SUNRISE   731 AM MST   SUNSET   509 PM MST
JANUARY 28 2015.......SUNRISE   730 AM MST   SUNSET   511 PM MST


-  INDICATES NEGATIVE NUMBERS.
R  INDICATES RECORD WAS SET OR TIED.
MM INDICATES DATA IS MISSING.
T  INDICATES TRACE AMOUNT.




$$
