879
CDUS45 KRIW 230744
CLIBYG


CLIMATE REPORT
NATIONAL WEATHER SERVICE RIVERTON WY
1238 AM MST THU NOV 23 2017


...................................

...THE BUFFALO WY CLIMATE SUMMARY FOR NOVEMBER 22 2017...

CLIMATE NORMAL PERIOD 1981 TO 2010
CLIMATE RECORD PERIOD 1998 TO 2017


WEATHER ITEM   OBSERVED TIME   RECORD YEAR NORMAL DEPARTURE LAST
                VALUE   (LST)  VALUE       VALUE  FROM      YEAR
                                                  NORMAL
..................................................................
TEMPERATURE (F)
 YESTERDAY
  MAXIMUM         66R  1056 AM  61    2005  41     25       43
  MINIMUM         39    350 AM  -4    2003  20     19       32
  AVERAGE         53                        31     22       38

PRECIPITATION (IN)
  YESTERDAY        0.00          0.15 2001   0.02  -0.02      T
  MONTH TO DATE    0.61                      0.39   0.22     0.49
  SINCE SEP 1      2.67                      2.63   0.04     5.72
  SINCE JAN 1     14.57                     12.90   1.67    12.04

DEGREE DAYS
 HEATING
  YESTERDAY       12                        34    -22       27
  MONTH TO DATE  667                       640     27      342
  SINCE SEP 1   1469                      1481    -12      916
  SINCE JUL 1   1491                      1546    -55      955

 COOLING
  YESTERDAY        0                         0      0        0
  MONTH TO DATE    0                         0      0        0
  SINCE SEP 1     90                        46     44       38
  SINCE JAN 1    622                       492    130      632
..................................................................


WIND (MPH)
  HIGHEST WIND SPEED    17   HIGHEST WIND DIRECTION    NW (310)
  HIGHEST GUST SPEED    24   HIGHEST GUST DIRECTION     N (340)
  AVERAGE WIND SPEED     6.5


SKY COVER
  POSSIBLE SUNSHINE  MM
  AVERAGE SKY COVER 0.2


WEATHER CONDITIONS
 THE FOLLOWING WEATHER WAS RECORDED YESTERDAY.
  NO SIGNIFICANT WEATHER WAS OBSERVED.


RELATIVE HUMIDITY (PERCENT)
 HIGHEST    54           400 AM
 LOWEST     25           100 AM
 AVERAGE    40

..........................................................


THE BUFFALO WY CLIMATE NORMALS FOR TODAY
                         NORMAL    RECORD    YEAR
 MAXIMUM TEMPERATURE (F)   41        60      2006
 MINIMUM TEMPERATURE (F)   20        -7      2010


SUNRISE AND SUNSET
NOVEMBER 23 2017......SUNRISE   714 AM MST   SUNSET   433 PM MST
NOVEMBER 24 2017......SUNRISE   715 AM MST   SUNSET   432 PM MST


-  INDICATES NEGATIVE NUMBERS.
R  INDICATES RECORD WAS SET OR TIED.
MM INDICATES DATA IS MISSING.
T  INDICATES TRACE AMOUNT.




$$
