000
CDUS45 KRIW 270032
CLIBYG


CLIMATE REPORT
NATIONAL WEATHER SERVICE RIVERTON WY
631 PM MDT WED JUL 26 2017


...................................

...THE BUFFALO WY CLIMATE SUMMARY FOR JULY 26 2017...
VALID TODAY AS OF 0500 PM LOCAL TIME.

CLIMATE NORMAL PERIOD 1981 TO 2010
CLIMATE RECORD PERIOD 1998 TO 2017


WEATHER ITEM   OBSERVED TIME   RECORD YEAR NORMAL DEPARTURE LAST
                VALUE   (LST)  VALUE       VALUE  FROM      YEAR
                                                  NORMAL
..................................................................
TEMPERATURE (F)
 TODAY
  MAXIMUM         84        MM  96    2010  86     -2       91
                                      2008
  MINIMUM         58        MM  47    2005  58      0       64
  AVERAGE         71

PRECIPITATION (IN)
  TODAY            T             0.46 2007   0.05  -0.05     0.21
  MONTH TO DATE    1.03                      1.38  -0.35     0.35
  SINCE JUN 1      2.73                      3.66  -0.93     0.74
  SINCE JAN 1     11.01                      9.18   1.83     5.66

DEGREE DAYS
 HEATING
  TODAY            0                         1     -1        0
  MONTH TO DATE    0                        29    -29        1
  SINCE JUN 1     98                       192    -94       16
  SINCE JUL 1      0                        29    -29        1

 COOLING
  TODAY            6                         8     -2       13
  MONTH TO DATE  274                       166    108      214
  SINCE JUN 1    321                       217    104      349
  SINCE JAN 1    332                       224    108      354
..................................................................


WIND (MPH)
  HIGHEST WIND SPEED    16   HIGHEST WIND DIRECTION     S (170)
  HIGHEST GUST SPEED    24   HIGHEST GUST DIRECTION     S (170)
  AVERAGE WIND SPEED     9.4


SKY COVER
  POSSIBLE SUNSHINE  MM
  AVERAGE SKY COVER 0.4


WEATHER CONDITIONS
 THE FOLLOWING WEATHER WAS RECORDED TODAY.
  LIGHT RAIN


RELATIVE HUMIDITY (PERCENT)
 HIGHEST    80           500 AM
 LOWEST     32           300 PM
 AVERAGE    56

..........................................................


THE BUFFALO WY CLIMATE NORMALS FOR TOMORROW
                         NORMAL    RECORD    YEAR
 MAXIMUM TEMPERATURE (F)   86        97      2006
 MINIMUM TEMPERATURE (F)   58        49      2015


SUNRISE AND SUNSET
JULY 26 2017..........SUNRISE   548 AM MDT   SUNSET   838 PM MDT
JULY 27 2017..........SUNRISE   549 AM MDT   SUNSET   837 PM MDT


-  INDICATES NEGATIVE NUMBERS.
R  INDICATES RECORD WAS SET OR TIED.
MM INDICATES DATA IS MISSING.
T  INDICATES TRACE AMOUNT.




$$
