000
CDUS45 KRIW 270740
CLIBYG


CLIMATE REPORT
NATIONAL WEATHER SERVICE RIVERTON WY
130 AM MDT MON MAR 27 2017


...................................

...THE BUFFALO WY CLIMATE SUMMARY FOR MARCH 26 2017...

CLIMATE NORMAL PERIOD 1981 TO 2010
CLIMATE RECORD PERIOD 1998 TO 2017


WEATHER ITEM   OBSERVED TIME   RECORD YEAR NORMAL DEPARTURE LAST
                VALUE   (LST)  VALUE       VALUE  FROM      YEAR
                                                  NORMAL
..................................................................
TEMPERATURE (F)
 YESTERDAY
  MAXIMUM         55    123 PM  73    2012  49      6       44
  MINIMUM         35    543 AM   8    2009  26      9       25
  AVERAGE         45                        37      8       35

PRECIPITATION (IN)
  YESTERDAY        0.04          0.37 2003   0.04   0.00     0.00
  MONTH TO DATE    1.14                      0.71   0.43     0.53
  SINCE MAR 1      1.14                      0.71   0.43     0.53
  SINCE JAN 1      1.57                      1.48   0.09     1.12

DEGREE DAYS
 HEATING
  YESTERDAY       20                        28     -8       30
  MONTH TO DATE  588                       815   -227      625
  SINCE MAR 1    588                       815   -227      625
  SINCE JUL 1   5430                      6055   -625     5016

 COOLING
  YESTERDAY        0                         0      0        0
  MONTH TO DATE    0                         0      0        0
  SINCE MAR 1      0                         0      0        0
  SINCE JAN 1      0                         0      0        0
..................................................................


WIND (MPH)
  HIGHEST WIND SPEED    15   HIGHEST WIND DIRECTION     N (10)
  HIGHEST GUST SPEED    25   HIGHEST GUST DIRECTION     N (340)
  AVERAGE WIND SPEED     6.0


SKY COVER
  POSSIBLE SUNSHINE  MM
  AVERAGE SKY COVER 0.4


WEATHER CONDITIONS
 THE FOLLOWING WEATHER WAS RECORDED YESTERDAY.
  LIGHT RAIN


RELATIVE HUMIDITY (PERCENT)
 HIGHEST    92           100 AM
 LOWEST     30           200 PM
 AVERAGE    61

..........................................................


THE BUFFALO WY CLIMATE NORMALS FOR TODAY
                         NORMAL    RECORD    YEAR
 MAXIMUM TEMPERATURE (F)   49        70      2015
 MINIMUM TEMPERATURE (F)   26         7      2009


SUNRISE AND SUNSET
MARCH 27 2017.........SUNRISE   657 AM MDT   SUNSET   728 PM MDT
MARCH 28 2017.........SUNRISE   655 AM MDT   SUNSET   730 PM MDT


-  INDICATES NEGATIVE NUMBERS.
R  INDICATES RECORD WAS SET OR TIED.
MM INDICATES DATA IS MISSING.
T  INDICATES TRACE AMOUNT.




$$
