000
CDUS45 KRIW 260757
CLIBYG


CLIMATE REPORT
NATIONAL WEATHER SERVICE RIVERTON WY
1245 AM MST WED NOV 26 2014


...................................

...THE BUFFALO WY CLIMATE SUMMARY FOR NOVEMBER 25 2014...

CLIMATE NORMAL PERIOD 1981 TO 2010
CLIMATE RECORD PERIOD 1998 TO 2014


WEATHER ITEM   OBSERVED TIME   RECORD YEAR NORMAL DEPARTURE LAST
                VALUE   (LST)  VALUE       VALUE  FROM      YEAR
                                                  NORMAL
..................................................................
TEMPERATURE (F)
 YESTERDAY
  MAXIMUM         36   1151 AM  57    2008  40     -4       39
  MINIMUM         25    244 AM   0    2010  19      6       23
  AVERAGE         31                        30      1       31

PRECIPITATION (IN)
  YESTERDAY        0.08          0.52 2012   0.02   0.06     0.00
  MONTH TO DATE    0.21                      0.45  -0.24     0.12
  SINCE SEP 1      1.52                      2.69  -1.17     5.71
  SINCE JAN 1     11.73                     12.96  -1.23    10.13

DEGREE DAYS
 HEATING
  YESTERDAY       34                        35     -1       34
  MONTH TO DATE  878                       745    133      736
  SINCE SEP 1   1521                      1586    -65     1574
  SINCE JUL 1   1580                      1651    -71     1575

 COOLING
  YESTERDAY        0                         0      0        0
  MONTH TO DATE    0                         0      0        0
  SINCE SEP 1     53                        46      7       95
  SINCE JAN 1    387                       492   -105      709
..................................................................


WIND (MPH)
  HIGHEST WIND SPEED    40   HIGHEST WIND DIRECTION     N (350)
  HIGHEST GUST SPEED    49   HIGHEST GUST DIRECTION     N (350)
  AVERAGE WIND SPEED    14.2


SKY COVER
  POSSIBLE SUNSHINE  MM
  AVERAGE SKY COVER 0.8


WEATHER CONDITIONS
 THE FOLLOWING WEATHER WAS RECORDED YESTERDAY.
  HEAVY SNOW
  SNOW
  LIGHT SNOW
  FOG
  FOG W/VISIBILITY <= 1/4 MILE


RELATIVE HUMIDITY (PERCENT)
 HIGHEST    92           900 AM
 LOWEST     38           500 AM
 AVERAGE    65

..........................................................


THE BUFFALO WY CLIMATE NORMALS FOR TODAY
                         NORMAL    RECORD    YEAR
 MAXIMUM TEMPERATURE (F)   40        70      1998
 MINIMUM TEMPERATURE (F)   19         7      2002


SUNRISE AND SUNSET
NOVEMBER 26 2014......SUNRISE   717 AM MST   SUNSET   431 PM MST
NOVEMBER 27 2014......SUNRISE   718 AM MST   SUNSET   431 PM MST


-  INDICATES NEGATIVE NUMBERS.
R  INDICATES RECORD WAS SET OR TIED.
MM INDICATES DATA IS MISSING.
T  INDICATES TRACE AMOUNT.




$$
