000
CDUS45 KPIH 260732
CLIBYI


CLIMATE REPORT
NATIONAL WEATHER SERVICE POCATELLO ID
1231 AM MST WED NOV 26 2014


...................................

...THE BURLEY ID CLIMATE SUMMARY FOR NOVEMBER 25 2014...

CLIMATE NORMAL PERIOD 1981 TO 2010
CLIMATE RECORD PERIOD 1948 TO 2014


WEATHER ITEM   OBSERVED TIME   RECORD YEAR NORMAL DEPARTURE LAST
                VALUE   (LST)  VALUE       VALUE  FROM      YEAR
                                                  NORMAL
..................................................................
TEMPERATURE (F)
 YESTERDAY
  MAXIMUM         52    448 PM  63    1990  41     11       47
  MINIMUM         38    322 AM  -6    1952  23     15       15
  AVERAGE         45                        32     13       31

PRECIPITATION (IN)
  YESTERDAY        T             0.44 1970   0.04  -0.04     0.00
  MONTH TO DATE    1.05                      0.77   0.28     0.19
  SINCE OCT 1      1.17                      1.53  -0.36     0.44
  SINCE JAN 1     11.09                      8.84   2.25     4.52

SNOWFALL (IN)
  YESTERDAY       MM
  MONTH TO DATE   MM
  SINCE SEP 1     MM
  SINCE JUL 1     MM
  SNOW DEPTH      MM

DEGREE DAYS
 HEATING
  YESTERDAY       20                        33    -13       34
  MONTH TO DATE  749                       707     42      677
  SINCE SEP 1   1252                      1458   -206     1426
  SINCE JUL 1   1282                      1515   -233     1426

 COOLING
  YESTERDAY        0                         0      0        0
  MONTH TO DATE    0                         0      0        0
  SINCE SEP 1     27                        21      6       54
  SINCE JAN 1    428                       365     63      642
..................................................................


WIND (MPH)
  HIGHEST WIND SPEED    28   HIGHEST WIND DIRECTION     W (260)
  HIGHEST GUST SPEED    38   HIGHEST GUST DIRECTION     W (260)
  AVERAGE WIND SPEED    15.6


SKY COVER
  POSSIBLE SUNSHINE  MM
  AVERAGE SKY COVER 0.9


WEATHER CONDITIONS
 THE FOLLOWING WEATHER WAS RECORDED YESTERDAY.
  NO SIGNIFICANT WEATHER WAS OBSERVED.


RELATIVE HUMIDITY (PERCENT)
 HIGHEST    67          1000 AM
 LOWEST     52          1200 AM
 AVERAGE    60

..........................................................


THE BURLEY ID CLIMATE NORMALS FOR TODAY
                         NORMAL    RECORD    YEAR
 MAXIMUM TEMPERATURE (F)   40        64      1950
 MINIMUM TEMPERATURE (F)   22       -12      1952


SUNRISE AND SUNSET
NOVEMBER 26 2014......SUNRISE   740 AM MST   SUNSET   505 PM MST
NOVEMBER 27 2014......SUNRISE   741 AM MST   SUNSET   504 PM MST


-  INDICATES NEGATIVE NUMBERS.
R  INDICATES RECORD WAS SET OR TIED.
MM INDICATES DATA IS MISSING.
T  INDICATES TRACE AMOUNT.




$$
