000
CDUS45 KPIH 080800
CLIBYI


CLIMATE REPORT
NATIONAL WEATHER SERVICE POCATELLO ID
1258 AM MST THU DEC 8 2016


...................................

...THE BURLEY ID CLIMATE SUMMARY FOR DECEMBER 7 2016...

CLIMATE NORMAL PERIOD 1981 TO 2010
CLIMATE RECORD PERIOD 1948 TO 2016


WEATHER ITEM   OBSERVED TIME   RECORD YEAR NORMAL DEPARTURE LAST
                VALUE   (LST)  VALUE       VALUE  FROM      YEAR
                                                  NORMAL
..................................................................
TEMPERATURE (F)
 YESTERDAY
  MAXIMUM         21    359 PM  58    1981  36    -15       45
  MINIMUM          5   1144 PM  -1    1951  19    -14       37
  AVERAGE         13                        28    -15       41

PRECIPITATION (IN)
  YESTERDAY        T             0.39 1970   0.04  -0.04     0.30
  MONTH TO DATE    0.10                      0.27  -0.17     0.30
  SINCE OCT 1      3.36                      1.97   1.39     2.25
  SINCE JAN 1     12.06                      9.28   2.78     9.12

SNOWFALL (IN)
  YESTERDAY       MM
  MONTH TO DATE   MM
  SINCE DEC 1     MM
  SINCE JUL 1     MM
  SNOW DEPTH      MM

DEGREE DAYS
 HEATING
  YESTERDAY       52                        37     15       24
  MONTH TO DATE  277                       256     21      273
  SINCE DEC 1    277                       256     21      273
  SINCE JUL 1   1675                      1944   -269     1694

 COOLING
  YESTERDAY        0                         0      0        0
  MONTH TO DATE    0                         0      0        0
  SINCE DEC 1      0                         0      0        0
  SINCE JAN 1    353                       365    -12      472
..................................................................


WIND (MPH)
  HIGHEST WIND SPEED    17   HIGHEST WIND DIRECTION     W (250)
  HIGHEST GUST SPEED    21   HIGHEST GUST DIRECTION     W (250)
  AVERAGE WIND SPEED     6.3


SKY COVER
  POSSIBLE SUNSHINE  MM
  AVERAGE SKY COVER 0.5


WEATHER CONDITIONS
 THE FOLLOWING WEATHER WAS RECORDED YESTERDAY.
  LIGHT SNOW
  FOG
  HAZE


RELATIVE HUMIDITY (PERCENT)
 HIGHEST    92           900 PM
 LOWEST     68           400 PM
 AVERAGE    80

..........................................................


THE BURLEY ID CLIMATE NORMALS FOR TODAY
                         NORMAL    RECORD    YEAR
 MAXIMUM TEMPERATURE (F)   36        60      1976
 MINIMUM TEMPERATURE (F)   19        -9      1972


SUNRISE AND SUNSET
DECEMBER  8 2016......SUNRISE   753 AM MST   SUNSET   502 PM MST
DECEMBER  9 2016......SUNRISE   753 AM MST   SUNSET   502 PM MST


-  INDICATES NEGATIVE NUMBERS.
R  INDICATES RECORD WAS SET OR TIED.
MM INDICATES DATA IS MISSING.
T  INDICATES TRACE AMOUNT.




$$
