000
CDUS45 KPIH 040738
CLIBYI


CLIMATE REPORT
NATIONAL WEATHER SERVICE POCATELLO ID
136 AM MDT FRI SEP 4 2015


...................................

...THE BURLEY ID CLIMATE SUMMARY FOR SEPTEMBER 3 2015...

CLIMATE NORMAL PERIOD 1981 TO 2010
CLIMATE RECORD PERIOD 1948 TO 2015


WEATHER ITEM   OBSERVED TIME   RECORD YEAR NORMAL DEPARTURE LAST
                VALUE   (LST)  VALUE       VALUE  FROM      YEAR
                                                  NORMAL
..................................................................
TEMPERATURE (F)
 YESTERDAY
  MAXIMUM         73    308 PM  97    1998  80     -7       68
  MINIMUM         53   1159 PM  35    1975  47      6       48
  AVERAGE         63                        63      0       58

PRECIPITATION (IN)
  YESTERDAY        0.00          0.23 1997   0.02  -0.02     0.00
  MONTH TO DATE    0.00                      0.05  -0.05     0.00
  SINCE OCT 1      8.49                      9.64  -1.15    10.09
  SINCE JAN 1      6.44                      6.81  -0.37     9.48

SNOWFALL (IN)
  YESTERDAY       MM
  MONTH TO DATE   MM
  SINCE SEP 1     MM
  SINCE JUL 1     MM
  SNOW DEPTH      MM

DEGREE DAYS
 HEATING
  YESTERDAY        2                         3     -1        7
  MONTH TO DATE    2                         9     -7       14
  SINCE SEP 1      2                         9     -7       14
  SINCE JUL 1     31                        66    -35       44

 COOLING
  YESTERDAY        0                         2     -2        0
  MONTH TO DATE    5                         6     -1        0
  SINCE SEP 1      5                         6     -1        0
  SINCE JAN 1    451                       350    101      401
..................................................................


WIND (MPH)
  HIGHEST WIND SPEED    17   HIGHEST WIND DIRECTION     W (260)
  HIGHEST GUST SPEED    24   HIGHEST GUST DIRECTION     W (280)
  AVERAGE WIND SPEED    10.0


SKY COVER
  POSSIBLE SUNSHINE  MM
  AVERAGE SKY COVER 0.0


WEATHER CONDITIONS
 THE FOLLOWING WEATHER WAS RECORDED YESTERDAY.
  NO SIGNIFICANT WEATHER WAS OBSERVED.


RELATIVE HUMIDITY (PERCENT)
 HIGHEST    57          1200 AM
 LOWEST     35           100 PM
 AVERAGE    46

..........................................................


THE BURLEY ID CLIMATE NORMALS FOR TODAY
                         NORMAL    RECORD    YEAR
 MAXIMUM TEMPERATURE (F)   79        97      1998
 MINIMUM TEMPERATURE (F)   47        33      1965


SUNRISE AND SUNSET
SEPTEMBER  4 2015.....SUNRISE   703 AM MDT   SUNSET   804 PM MDT
SEPTEMBER  5 2015.....SUNRISE   704 AM MDT   SUNSET   803 PM MDT


-  INDICATES NEGATIVE NUMBERS.
R  INDICATES RECORD WAS SET OR TIED.
MM INDICATES DATA IS MISSING.
T  INDICATES TRACE AMOUNT.




$$
