000
CDUS45 KPIH 300734
CLIBYI


CLIMATE REPORT
NATIONAL WEATHER SERVICE POCATELLO ID
134 AM MDT THU OCT 30 2014


...................................

...THE BURLEY ID CLIMATE SUMMARY FOR OCTOBER 29 2014...

CLIMATE NORMAL PERIOD 1981 TO 2010
CLIMATE RECORD PERIOD 1948 TO 2014


WEATHER ITEM   OBSERVED TIME   RECORD YEAR NORMAL DEPARTURE LAST
                VALUE   (LST)  VALUE       VALUE  FROM      YEAR
                                                  NORMAL
..................................................................
TEMPERATURE (F)
 YESTERDAY
  MAXIMUM         63    130 PM  75    1968  55      8       51
  MINIMUM         31   1219 AM   9    1971  31      0       30
  AVERAGE         47                        43      4       41

PRECIPITATION (IN)
  YESTERDAY        0.00          0.60 2000   0.03  -0.03      T
  MONTH TO DATE    0.12                      0.70  -0.58     0.25
  SINCE OCT 1      0.12                      0.70  -0.58     0.25
  SINCE JAN 1     10.04                      8.01   2.03     4.33

SNOWFALL (IN)
  YESTERDAY       MM
  MONTH TO DATE   MM
  SINCE SEP 1     MM
  SINCE JUL 1     MM
  SNOW DEPTH      MM

DEGREE DAYS
 HEATING
  YESTERDAY       18                        22     -4       24
  MONTH TO DATE  353                       494   -141      560
  SINCE SEP 1    478                       707   -229      703
  SINCE JUL 1    508                       764   -256      703

 COOLING
  YESTERDAY        0                         0      0        0
  MONTH TO DATE    0                         0      0        0
  SINCE SEP 1     27                        21      6       54
  SINCE JAN 1    428                       365     63      642
..................................................................


WIND (MPH)
  HIGHEST WIND SPEED    14   HIGHEST WIND DIRECTION     W (260)
  HIGHEST GUST SPEED    19   HIGHEST GUST DIRECTION     W (260)
  AVERAGE WIND SPEED     4.4


SKY COVER
  POSSIBLE SUNSHINE  MM
  AVERAGE SKY COVER 0.5


WEATHER CONDITIONS
 THE FOLLOWING WEATHER WAS RECORDED YESTERDAY.
  NO SIGNIFICANT WEATHER WAS OBSERVED.


RELATIVE HUMIDITY (PERCENT)
 HIGHEST    75           100 AM
 LOWEST     32          1100 AM
 AVERAGE    54

..........................................................


THE BURLEY ID CLIMATE NORMALS FOR TODAY
                         NORMAL    RECORD    YEAR
 MAXIMUM TEMPERATURE (F)   55        73      1990
 MINIMUM TEMPERATURE (F)   31        14      1972


SUNRISE AND SUNSET
OCTOBER 30 2014.......SUNRISE   806 AM MDT   SUNSET   631 PM MDT
OCTOBER 31 2014.......SUNRISE   808 AM MDT   SUNSET   629 PM MDT


-  INDICATES NEGATIVE NUMBERS.
R  INDICATES RECORD WAS SET OR TIED.
MM INDICATES DATA IS MISSING.
T  INDICATES TRACE AMOUNT.




$$
