000
CDUS45 KPIH 230733
CLIBYI


CLIMATE REPORT
NATIONAL WEATHER SERVICE POCATELLO ID
1231 AM MST THU FEB 23 2017


...................................

...THE BURLEY ID CLIMATE SUMMARY FOR FEBRUARY 22 2017...

CLIMATE NORMAL PERIOD 1981 TO 2010
CLIMATE RECORD PERIOD 1948 TO 2017


WEATHER ITEM   OBSERVED TIME   RECORD YEAR NORMAL DEPARTURE LAST
                VALUE   (LST)  VALUE       VALUE  FROM      YEAR
                                                  NORMAL
..................................................................
TEMPERATURE (F)
 YESTERDAY
  MAXIMUM         44    114 PM  66    1958  42      2       44
  MINIMUM         30    707 AM -10    1952  23      7       28
  AVERAGE         37                        33      4       36

PRECIPITATION (IN)
  YESTERDAY        0.05          0.25 1986   0.03   0.02     0.00
  MONTH TO DATE    1.80                      0.59   1.21     0.25
  SINCE OCT 1      8.64                      4.33   4.31     4.13
  SINCE JAN 1      3.85                      1.50   2.35     1.33

SNOWFALL (IN)
  YESTERDAY       MM
  MONTH TO DATE   MM
  SINCE DEC 1     MM
  SINCE JUL 1     MM
  SNOW DEPTH      MM

DEGREE DAYS
 HEATING
  YESTERDAY       28                        32     -4       29
  MONTH TO DATE  589                       769   -180      648
  SINCE DEC 1   3188                      3147     41     2909
  SINCE JUL 1   4586                      4835   -249     4330

 COOLING
  YESTERDAY        0                         0      0        0
  MONTH TO DATE    0                         0      0        0
  SINCE DEC 1      0                         0      0        0
  SINCE JAN 1      0                         0      0        0
..................................................................


WIND (MPH)
  HIGHEST WIND SPEED    18   HIGHEST WIND DIRECTION    SW (230)
  HIGHEST GUST SPEED    22   HIGHEST GUST DIRECTION    SW (230)
  AVERAGE WIND SPEED     6.0


SKY COVER
  POSSIBLE SUNSHINE  MM
  AVERAGE SKY COVER 0.5


WEATHER CONDITIONS
 THE FOLLOWING WEATHER WAS RECORDED YESTERDAY.
  HEAVY SNOW
  LIGHT SNOW
  FOG
  HAZE


RELATIVE HUMIDITY (PERCENT)
 HIGHEST    85          1000 PM
 LOWEST     41           100 PM
 AVERAGE    63

..........................................................


THE BURLEY ID CLIMATE NORMALS FOR TODAY
                         NORMAL    RECORD    YEAR
 MAXIMUM TEMPERATURE (F)   43        66      1995
 MINIMUM TEMPERATURE (F)   23         5      1955


SUNRISE AND SUNSET
FEBRUARY 23 2017......SUNRISE   720 AM MST   SUNSET   618 PM MST
FEBRUARY 24 2017......SUNRISE   718 AM MST   SUNSET   619 PM MST


-  INDICATES NEGATIVE NUMBERS.
R  INDICATES RECORD WAS SET OR TIED.
MM INDICATES DATA IS MISSING.
T  INDICATES TRACE AMOUNT.




$$
