000
CDUS45 KPIH 180740
CLIBYI


CLIMATE REPORT
NATIONAL WEATHER SERVICE POCATELLO ID
1239 AM MST SUN FEB 18 2018


...................................

...THE BURLEY ID CLIMATE SUMMARY FOR FEBRUARY 17 2018...

CLIMATE NORMAL PERIOD 1981 TO 2010
CLIMATE RECORD PERIOD 1948 TO 2018


WEATHER ITEM   OBSERVED TIME   RECORD YEAR NORMAL DEPARTURE LAST
                VALUE   (LST)  VALUE       VALUE  FROM      YEAR
                                                  NORMAL
..................................................................
TEMPERATURE (F)
 YESTERDAY
  MAXIMUM         56    318 PM  58    1977  41     15       49
  MINIMUM         31    617 AM   1    1993  22      9       28
  AVERAGE         44                        31     13       39

PRECIPITATION (IN)
  YESTERDAY        T             1.72 1986   0.03  -0.03      T
  MONTH TO DATE    0.13                      0.44  -0.31     1.26
  SINCE OCT 1      3.01                      4.18  -1.17     8.10
  SINCE JAN 1      1.39                      1.35   0.04     3.31

SNOWFALL (IN)
  YESTERDAY       MM
  MONTH TO DATE   MM
  SINCE DEC 1     MM
  SINCE JUL 1     MM
  SNOW DEPTH      MM

DEGREE DAYS
 HEATING
  YESTERDAY       21                        34    -13       26
  MONTH TO DATE  449                       605   -156      478
  SINCE DEC 1   2319                      2983   -664     3077
  SINCE JUL 1   3873                      4671   -798     4475

 COOLING
  YESTERDAY        0                         0      0        0
  MONTH TO DATE    0                         0      0        0
  SINCE DEC 1      0                         0      0        0
  SINCE JAN 1      0                         0      0        0
..................................................................


WIND (MPH)
  HIGHEST WIND SPEED    32   HIGHEST WIND DIRECTION     W (250)
  HIGHEST GUST SPEED    44   HIGHEST GUST DIRECTION    SW (240)
  AVERAGE WIND SPEED    13.2


SKY COVER
  POSSIBLE SUNSHINE  MM
  AVERAGE SKY COVER 0.8


WEATHER CONDITIONS
 THE FOLLOWING WEATHER WAS RECORDED YESTERDAY.
  LIGHT RAIN


RELATIVE HUMIDITY (PERCENT)
 HIGHEST    72           600 AM
 LOWEST     26           300 PM
 AVERAGE    49

..........................................................


THE BURLEY ID CLIMATE NORMALS FOR TODAY
                         NORMAL    RECORD    YEAR
 MAXIMUM TEMPERATURE (F)   41        62      1958
 MINIMUM TEMPERATURE (F)   22         4      1984


SUNRISE AND SUNSET
FEBRUARY 18 2018......SUNRISE   727 AM MST   SUNSET   611 PM MST
FEBRUARY 19 2018......SUNRISE   726 AM MST   SUNSET   612 PM MST


-  INDICATES NEGATIVE NUMBERS.
R  INDICATES RECORD WAS SET OR TIED.
MM INDICATES DATA IS MISSING.
T  INDICATES TRACE AMOUNT.




$$
