000
CDUS45 KTFX 241002
CLIBZN


CLIMATE REPORT
NATIONAL WEATHER SERVICE GREAT FALLS MT
301 AM MST FRI NOV 24 2017


...................................

...THE BOZEMAN/GALLATIN FIELD MT CLIMATE SUMMARY FOR NOVEMBER 23 2017...

CLIMATE NORMAL PERIOD 1981 TO 2010
CLIMATE RECORD PERIOD 1935 TO 2017


WEATHER ITEM   OBSERVED TIME   RECORD YEAR NORMAL DEPARTURE LAST
                VALUE   (LST)  VALUE       VALUE  FROM      YEAR
                                                  NORMAL
..................................................................
TEMPERATURE (F)
 YESTERDAY
  MAXIMUM         62R   333 PM  60    2011  40     22       41
                                      1942
  MINIMUM         33    607 AM -27    1985  16     17       23
  AVERAGE         48                        28     20       32

PRECIPITATION (IN)
  YESTERDAY        0.02          0.44 1988   0.03  -0.01     0.01
  MONTH TO DATE    1.56                      0.61   0.95     0.40
  SINCE OCT 1      1.97                      1.71   0.26     2.85
  SINCE JAN 1     12.07                     13.32  -1.25    12.74

SNOWFALL (IN)
  YESTERDAY        0.0           4.0  1988   0.2   -0.2      0.4
  MONTH TO DATE   15.9                       3.7   12.2      0.6
  SINCE SEP 1     16.2                       5.9   10.3      3.6
  SINCE JUL 1     16.2                       5.9   10.3      3.6
  SNOW DEPTH       0

DEGREE DAYS
 HEATING
  YESTERDAY       17                        37    -20       33
  MONTH TO DATE  895                       711    184      566
  SINCE SEP 1   1908                      1541    367     1431
  SINCE JUL 1   1919                      1608    311     1540

 COOLING
  YESTERDAY        0                         0      0        0
  MONTH TO DATE    0                         0      0        0
  SINCE SEP 1     27                        22      5       10
  SINCE JAN 1    327                       368    -41      232
..................................................................


WIND (MPH)
  HIGHEST WIND SPEED    38   HIGHEST WIND DIRECTION     W (290)
  HIGHEST GUST SPEED    50   HIGHEST GUST DIRECTION    NW (300)
  AVERAGE WIND SPEED    12.1


SKY COVER
  AVERAGE SKY COVER 0.2


WEATHER CONDITIONS
 THE FOLLOWING WEATHER WAS RECORDED YESTERDAY.
  LIGHT RAIN


RELATIVE HUMIDITY (PERCENT)
 HIGHEST    89
 LOWEST     36
 AVERAGE    63

..........................................................


THE BOZEMAN/GALLATIN FIELD MT CLIMATE NORMALS FOR TODAY
                         NORMAL    RECORD    YEAR
 MAXIMUM TEMPERATURE (F)   40        62      1990
 MINIMUM TEMPERATURE (F)   16       -21      2010


SUNRISE AND SUNSET
NOVEMBER 24 2017......SUNRISE   737 AM MST   SUNSET   445 PM MST
NOVEMBER 25 2017......SUNRISE   738 AM MST   SUNSET   445 PM MST


-  INDICATES NEGATIVE NUMBERS.
R  INDICATES RECORD WAS SET OR TIED.
MM INDICATES DATA IS MISSING.
T  INDICATES TRACE AMOUNT.




$$
