000
CDUS45 KTFX 231005
CLIBZN


CLIMATE REPORT
NATIONAL WEATHER SERVICE GREAT FALLS MT
404 AM MDT WED APR 23 2014


...................................

...THE BOZEMAN/GALLATIN FIELD MT CLIMATE SUMMARY FOR APRIL 22 2014...

CLIMATE NORMAL PERIOD 1981 TO 2010
CLIMATE RECORD PERIOD 1935 TO 2014


WEATHER ITEM   OBSERVED TIME   RECORD YEAR NORMAL DEPARTURE
                VALUE   (LST)  VALUE       VALUE  FROM
                                                  NORMAL
...............................................................
TEMPERATURE (F)
 YESTERDAY
  MAXIMUM         70    137 PM  80    2012  61      9
                                      2009
  MINIMUM         38   1159 PM  16    2011  32      6
  AVERAGE         54                        47      7

PRECIPITATION (IN)
  YESTERDAY        0.30          0.75 1992   0.06   0.24
  MONTH TO DATE    0.44                      1.12  -0.68
  SINCE OCT 1      3.93                      5.35  -1.42
  SINCE JAN 1      2.88                      2.97  -0.09

SNOWFALL (IN)
  YESTERDAY        0.0           3.5  1992   0.3   -0.3
  MONTH TO DATE    0.3                       6.1   -5.8
  SINCE MAR 1      4.8                      13.8   -9.0
  SINCE JUL 1     29.8                      36.1   -6.3
  SNOW DEPTH       0

DEGREE DAYS
 HEATING
  YESTERDAY       11                               -7
  MONTH TO DATE  494                               32
  SINCE MAR 1   1465                              119
  SINCE JUL 1   7480                              554

 COOLING
  YESTERDAY        0                                0
  MONTH TO DATE    0                                0
  SINCE MAR 1      0                                0
  SINCE JAN 1      0                                0
...............................................................


WIND (MPH)
  HIGHEST WIND SPEED    46   HIGHEST WIND DIRECTION     S (190)
  HIGHEST GUST SPEED    54   HIGHEST GUST DIRECTION     S (190)
  AVERAGE WIND SPEED    13.2



WEATHER CONDITIONS
 THE FOLLOWING WEATHER WAS RECORDED YESTERDAY.
  RAIN
  LIGHT RAIN
  FOG


RELATIVE HUMIDITY (PERCENT)
 HIGHEST    86
 LOWEST     26
 AVERAGE    56

..........................................................


THE BOZEMAN/GALLATIN FIELD MT CLIMATE NORMALS FOR TODAY
                         NORMAL    RECORD    YEAR
 MAXIMUM TEMPERATURE (F)   61        83      2012
 MINIMUM TEMPERATURE (F)   33        14      2013


SUNRISE AND SUNSET
APRIL 23 2014.........SUNRISE   625 AM MDT   SUNSET   822 PM MDT
APRIL 24 2014.........SUNRISE   623 AM MDT   SUNSET   823 PM MDT


-  INDICATES NEGATIVE NUMBERS.
R  INDICATES RECORD WAS SET OR TIED.
MM INDICATES DATA IS MISSING.
T  INDICATES TRACE AMOUNT.




$$
