000
CDUS45 KTFX 312230
CLIBZN


CLIMATE REPORT
NATIONAL WEATHER SERVICE GREAT FALLS MT
430 PM MDT TUE MAY 31 2016


...................................

...THE BOZEMAN/GALLATIN FIELD MT CLIMATE SUMMARY FOR MAY 31 2016...
VALID TODAY AS OF 0400 PM LOCAL TIME.

CLIMATE NORMAL PERIOD 1981 TO 2010
CLIMATE RECORD PERIOD 1935 TO 2016


WEATHER ITEM   OBSERVED TIME   RECORD YEAR NORMAL DEPARTURE LAST
                VALUE   (LST)  VALUE       VALUE  FROM      YEAR
                                                  NORMAL
..................................................................
TEMPERATURE (F)
 TODAY
  MAXIMUM         62    259 PM  88    1986  72    -10       79
  MINIMUM         34    451 AM  26    1982  43     -9       44
  AVERAGE         48                        58    -10       62

PRECIPITATION (IN)
  TODAY            0.00          0.75 1958   0.10  -0.10     0.22
  MONTH TO DATE    2.51                      2.45   0.06     3.33
  SINCE OCT 1      7.75                      8.28  -0.53     7.89
  SINCE JAN 1      4.90                      5.90  -1.00     5.96

SNOWFALL (IN)
  TODAY            0.0           T    1951   0.0    0.0      0.0
                                      1995
  MONTH TO DATE    T                         2.4   -2.4      0.0
  SINCE MAR 1      2.1                      17.6  -15.5      7.0
  SINCE JUL 1     25.7                      39.9  -14.2     37.4

DEGREE DAYS
 HEATING
  TODAY           17                         8      9        3
  MONTH TO DATE  438                       356     82      440
  SINCE MAR 1   1812                      1837    -25     1882
  SINCE JUL 1   7497                      7417     80     7464

 COOLING
  TODAY            0                         0      0        0
  MONTH TO DATE    0                         4     -4        0
  SINCE MAR 1      0                         4     -4        0
  SINCE JAN 1      0                         4     -4        0
..................................................................


WIND (MPH)
  HIGHEST WIND SPEED    10   HIGHEST WIND DIRECTION    NW (300)
  HIGHEST GUST SPEED    16   HIGHEST GUST DIRECTION     W (270)
  AVERAGE WIND SPEED     4.5


SKY COVER
  AVERAGE SKY COVER 0.3


WEATHER CONDITIONS
 THE FOLLOWING WEATHER WAS RECORDED TODAY.
  NO SIGNIFICANT WEATHER WAS OBSERVED.


RELATIVE HUMIDITY (PERCENT)
 HIGHEST    96           400 AM
 LOWEST     36           300 PM
 AVERAGE    66

..........................................................


THE BOZEMAN/GALLATIN FIELD MT CLIMATE NORMALS FOR TOMORROW
                         NORMAL    RECORD    YEAR
 MAXIMUM TEMPERATURE (F)   73        89      1977
 MINIMUM TEMPERATURE (F)   43        31      2000
                                             1996


SUNRISE AND SUNSET
MAY 31 2016...........SUNRISE   538 AM MDT   SUNSET   907 PM MDT
JUNE  1 2016..........SUNRISE   538 AM MDT   SUNSET   908 PM MDT


-  INDICATES NEGATIVE NUMBERS.
R  INDICATES RECORD WAS SET OR TIED.
MM INDICATES DATA IS MISSING.
T  INDICATES TRACE AMOUNT.




$$
