000
CDUS45 KTFX 290943
CLIBZN


CLIMATE REPORT
NATIONAL WEATHER SERVICE GREAT FALLS MT
242 AM MST THU JAN 29 2015


...................................

...THE BOZEMAN/GALLATIN FIELD MT CLIMATE SUMMARY FOR JANUARY 28 2015...

CLIMATE NORMAL PERIOD 1981 TO 2010
CLIMATE RECORD PERIOD 1935 TO 2015


WEATHER ITEM   OBSERVED TIME   RECORD YEAR NORMAL DEPARTURE
                VALUE   (LST)  VALUE       VALUE  FROM
                                                  NORMAL
...............................................................
TEMPERATURE (F)
 YESTERDAY
  MAXIMUM         49    313 PM  53    1967  37     12
  MINIMUM         25   1159 PM -38    1951  13     12
  AVERAGE         37                        25     12

PRECIPITATION (IN)
  YESTERDAY        0.00          0.42 1942   0.02  -0.02
  MONTH TO DATE    0.22                      0.44  -0.22
  SINCE OCT 1      2.15                      2.82  -0.67
  SINCE JAN 1      0.22                      0.44  -0.22

SNOWFALL (IN)
  YESTERDAY        0.0           4.7  1950   0.2   -0.2
  MONTH TO DATE    4.8                       3.6    1.2
  SINCE DEC 1     12.9                       9.6    3.3
  SINCE JUL 1     28.5                      17.0   11.5
  SNOW DEPTH       0

DEGREE DAYS
 HEATING
  YESTERDAY       28                              -12
  MONTH TO DATE 1150                              -17
  SINCE DEC 1   2439                              -82
  SINCE JUL 1   4566                              164

 COOLING
  YESTERDAY        0                                0
  MONTH TO DATE    0                                0
  SINCE DEC 1      0                                0
  SINCE JAN 1      0                                0
...............................................................


WIND (MPH)
  HIGHEST WIND SPEED    10   HIGHEST WIND DIRECTION     N (360)
  HIGHEST GUST SPEED    12   HIGHEST GUST DIRECTION    NW (330)
  AVERAGE WIND SPEED     4.0



WEATHER CONDITIONS
 THE FOLLOWING WEATHER WAS RECORDED YESTERDAY.
  NO SIGNIFICANT WEATHER WAS OBSERVED.


RELATIVE HUMIDITY (PERCENT)
 HIGHEST    96
 LOWEST     46
 AVERAGE    71

..........................................................


THE BOZEMAN/GALLATIN FIELD MT CLIMATE NORMALS FOR TODAY
                         NORMAL    RECORD    YEAR
 MAXIMUM TEMPERATURE (F)   37        52      2012
 MINIMUM TEMPERATURE (F)   13       -40      1951


SUNRISE AND SUNSET
JANUARY 29 2015.......SUNRISE   750 AM MST   SUNSET   526 PM MST
JANUARY 30 2015.......SUNRISE   749 AM MST   SUNSET   527 PM MST


-  INDICATES NEGATIVE NUMBERS.
R  INDICATES RECORD WAS SET OR TIED.
MM INDICATES DATA IS MISSING.
T  INDICATES TRACE AMOUNT.




$$
