000
CDUS45 KTFX 102324
CLIBZN


CLIMATE REPORT
NATIONAL WEATHER SERVICE GREAT FALLS MT
422 PM MST WED FEB 10 2016


...................................

...THE BOZEMAN/GALLATIN FIELD MT CLIMATE SUMMARY FOR FEBRUARY 10 2016...
VALID TODAY AS OF 0400 PM LOCAL TIME.

CLIMATE NORMAL PERIOD 1981 TO 2010
CLIMATE RECORD PERIOD 1935 TO 2016


WEATHER ITEM   OBSERVED TIME   RECORD YEAR NORMAL DEPARTURE LAST
                VALUE   (LST)  VALUE       VALUE  FROM      YEAR
                                                  NORMAL
..................................................................
TEMPERATURE (F)
 TODAY
  MAXIMUM         39    355 PM  62    1961  38      1       48
  MINIMUM          9    405 AM -39    1981  14     -5       31
  AVERAGE         24                        26     -2       40

PRECIPITATION (IN)
  TODAY            0.00          0.28 1940   0.02  -0.02      T
  MONTH TO DATE    T                         0.14  -0.14     0.04
  SINCE OCT 1      3.21                      3.00   0.21     2.19
  SINCE JAN 1      0.36                      0.62  -0.26     0.26

SNOWFALL (IN)
  TODAY            0.0           3.9  2012   0.2   -0.2      0.0
  MONTH TO DATE    T                         1.6   -1.6      0.4
  SINCE DEC 1     17.0                      11.6    5.4     13.3
  SINCE JUL 1     23.6                      19.0    4.6     28.9

DEGREE DAYS
 HEATING
  TODAY           41                        39      2       25
  MONTH TO DATE  433                       396     37      265
  SINCE DEC 1   3184                      3037    147     2809
  SINCE JUL 1   5148                      4918    230     4936

 COOLING
  TODAY            0                         0      0        0
  MONTH TO DATE    0                         0      0        0
  SINCE DEC 1      0                         0      0        0
  SINCE JAN 1      0                         0      0        0
..................................................................


WIND (MPH)
  HIGHEST WIND SPEED    10   HIGHEST WIND DIRECTION    SE (150)
  HIGHEST GUST SPEED    11   HIGHEST GUST DIRECTION    SE (140)
  AVERAGE WIND SPEED     3.3


SKY COVER
  AVERAGE SKY COVER 0.0


WEATHER CONDITIONS
 THE FOLLOWING WEATHER WAS RECORDED TODAY.
  FOG
  HAZE


RELATIVE HUMIDITY (PERCENT)
 HIGHEST    92           400 AM
 LOWEST     64           200 PM
 AVERAGE    78

..........................................................


THE BOZEMAN/GALLATIN FIELD MT CLIMATE NORMALS FOR TOMORROW
                         NORMAL    RECORD    YEAR
 MAXIMUM TEMPERATURE (F)   38        63      1961
 MINIMUM TEMPERATURE (F)   14       -32      1948


SUNRISE AND SUNSET
FEBRUARY 10 2016......SUNRISE   735 AM MST   SUNSET   543 PM MST
FEBRUARY 11 2016......SUNRISE   733 AM MST   SUNSET   545 PM MST


-  INDICATES NEGATIVE NUMBERS.
R  INDICATES RECORD WAS SET OR TIED.
MM INDICATES DATA IS MISSING.
T  INDICATES TRACE AMOUNT.




$$
