000
CDUS45 KTFX 240746
CLIBZN


CLIMATE REPORT
NATIONAL WEATHER SERVICE GREAT FALLS MT
146 AM MDT MON JUL 24 2017


...................................

...THE BOZEMAN/GALLATIN FIELD MT CLIMATE SUMMARY FOR JULY 23 2017...

CLIMATE NORMAL PERIOD 1981 TO 2010
CLIMATE RECORD PERIOD 1935 TO 2017


WEATHER ITEM   OBSERVED TIME   RECORD YEAR NORMAL DEPARTURE LAST
                VALUE   (LST)  VALUE       VALUE  FROM      YEAR
                                                  NORMAL
..................................................................
TEMPERATURE (F)
 YESTERDAY
  MAXIMUM         94    510 PM 105    2007  90      4       81
  MINIMUM         48    436 AM  38    1954  52     -4       46
  AVERAGE         71                        71      0       64

PRECIPITATION (IN)
  YESTERDAY        0.00          0.55 2015   0.03  -0.03     0.00
  MONTH TO DATE    0.13                      0.89  -0.76     1.25
  SINCE OCT 1     11.58                     11.57   0.01    10.17
  SINCE JAN 1      8.25                      9.19  -0.94     7.32

SNOWFALL (IN)
  YESTERDAY        0.0           0.0  1999   0.0    0.0      0.0
                                      1994
  MONTH TO DATE    0.0                       0.0    0.0      0.0
  SINCE JUN 1      0.0                       0.0    0.0      0.0
  SINCE JUL 1      0.0                       0.0    0.0      0.0
  SNOW DEPTH       0

DEGREE DAYS
 HEATING
  YESTERDAY        0                         0      0        1
  MONTH TO DATE    0                        27    -27       42
  SINCE JUN 1    164                       168     -4      141
  SINCE JUL 1      0                        27    -27       42

 COOLING
  YESTERDAY        6                         6      0        0
  MONTH TO DATE  148                       114     34       68
  SINCE JUN 1    169                       152     17      123
  SINCE JAN 1    169                       156     13      123
..................................................................


WIND (MPH)
  HIGHEST WIND SPEED    14   HIGHEST WIND DIRECTION    SE (150)
  HIGHEST GUST SPEED    16   HIGHEST GUST DIRECTION    SE (140)
  AVERAGE WIND SPEED     5.1


SKY COVER
  AVERAGE SKY COVER 0.0


WEATHER CONDITIONS
 THE FOLLOWING WEATHER WAS RECORDED YESTERDAY.
  NO SIGNIFICANT WEATHER WAS OBSERVED.


RELATIVE HUMIDITY (PERCENT)
 HIGHEST    68
 LOWEST     14
 AVERAGE    41

..........................................................


THE BOZEMAN/GALLATIN FIELD MT CLIMATE NORMALS FOR TODAY
                         NORMAL    RECORD    YEAR
 MAXIMUM TEMPERATURE (F)   90        99      1963
 MINIMUM TEMPERATURE (F)   52        40      1964


SUNRISE AND SUNSET
JULY 24 2017..........SUNRISE   559 AM MDT   SUNSET   903 PM MDT
JULY 25 2017..........SUNRISE   600 AM MDT   SUNSET   901 PM MDT


-  INDICATES NEGATIVE NUMBERS.
R  INDICATES RECORD WAS SET OR TIED.
MM INDICATES DATA IS MISSING.
T  INDICATES TRACE AMOUNT.




$$
