000
CDUS45 KTFX 211006
CLIBZN


CLIMATE REPORT
NATIONAL WEATHER SERVICE GREAT FALLS MT
405 AM MDT MON APR 21 2014


...................................

...THE BOZEMAN/GALLATIN FIELD MT CLIMATE SUMMARY FOR APRIL 20 2014...

CLIMATE NORMAL PERIOD 1981 TO 2010
CLIMATE RECORD PERIOD 1935 TO 2014


WEATHER ITEM   OBSERVED TIME   RECORD YEAR NORMAL DEPARTURE
                VALUE   (LST)  VALUE       VALUE  FROM
                                                  NORMAL
...............................................................
TEMPERATURE (F)
 YESTERDAY
  MAXIMUM         62    452 PM  85    1980  61      1
  MINIMUM         36   1102 PM  14    1966  32      4
  AVERAGE         49                        46      3

PRECIPITATION (IN)
  YESTERDAY        0.00          0.58 1973   0.05  -0.05
  MONTH TO DATE    0.14                      1.01  -0.87
  SINCE OCT 1      3.63                      5.24  -1.61
  SINCE JAN 1      2.58                      2.86  -0.28

SNOWFALL (IN)
  YESTERDAY        0.0           7.2  1973   0.2   -0.2
  MONTH TO DATE    0.3                       5.6   -5.3
  SINCE MAR 1      4.8                      13.3   -8.5
  SINCE JUL 1     29.8                      35.6   -5.8
  SNOW DEPTH       0

DEGREE DAYS
 HEATING
  YESTERDAY       16                               -3
  MONTH TO DATE  465                               40
  SINCE MAR 1   1436                              127
  SINCE JUL 1   7451                              562

 COOLING
  YESTERDAY        0                                0
  MONTH TO DATE    0                                0
  SINCE MAR 1      0                                0
  SINCE JAN 1      0                                0
...............................................................


WIND (MPH)
  HIGHEST WIND SPEED    24   HIGHEST WIND DIRECTION    NW (300)
  HIGHEST GUST SPEED    32   HIGHEST GUST DIRECTION     W (290)
  AVERAGE WIND SPEED    10.7



WEATHER CONDITIONS
 THE FOLLOWING WEATHER WAS RECORDED YESTERDAY.
  NO SIGNIFICANT WEATHER WAS OBSERVED.


RELATIVE HUMIDITY (PERCENT)
 HIGHEST    64
 LOWEST     12
 AVERAGE    38

..........................................................


THE BOZEMAN/GALLATIN FIELD MT CLIMATE NORMALS FOR TODAY
                         NORMAL    RECORD    YEAR
 MAXIMUM TEMPERATURE (F)   61        82      1994
 MINIMUM TEMPERATURE (F)   32        15      2008
                                             1951


SUNRISE AND SUNSET
APRIL 21 2014.........SUNRISE   628 AM MDT   SUNSET   819 PM MDT
APRIL 22 2014.........SUNRISE   626 AM MDT   SUNSET   821 PM MDT


-  INDICATES NEGATIVE NUMBERS.
R  INDICATES RECORD WAS SET OR TIED.
MM INDICATES DATA IS MISSING.
T  INDICATES TRACE AMOUNT.




$$
