000
CDUS45 KTFX 291005
CLIBZN


CLIMATE REPORT
NATIONAL WEATHER SERVICE GREAT FALLS MT
405 AM MDT WED JUL 29 2015


...................................

...THE BOZEMAN/GALLATIN FIELD MT CLIMATE SUMMARY FOR JULY 28 2015...

CLIMATE NORMAL PERIOD 1981 TO 2010
CLIMATE RECORD PERIOD 1935 TO 2015


WEATHER ITEM   OBSERVED TIME   RECORD YEAR NORMAL DEPARTURE LAST
                VALUE   (LST)  VALUE       VALUE  FROM      YEAR
                                                  NORMAL
..................................................................
TEMPERATURE (F)
 YESTERDAY
  MAXIMUM         71    544 PM 101    2006  90    -19       85
  MINIMUM         45   1158 PM  34    1949  52     -7       51
  AVERAGE         58                        71    -13       68

PRECIPITATION (IN)
  YESTERDAY        0.00          0.49 1970   0.02  -0.02     0.00
  MONTH TO DATE    1.78                      1.03   0.75     0.38
  SINCE OCT 1     10.27                     11.71  -1.44    10.43
  SINCE JAN 1      8.34                      9.33  -0.99     9.38

SNOWFALL (IN)
  YESTERDAY        0.0           0.0  1999   0.0    0.0      0.0
                                      2001
                                      1994
  MONTH TO DATE    0.0                       0.0    0.0      0.0
  SINCE JUN 1      0.0                       0.0    0.0      0.0
  SINCE JUL 1      0.0                       0.0    0.0      0.0
  SNOW DEPTH       0

DEGREE DAYS
 HEATING
  YESTERDAY        7                         0      7        0
  MONTH TO DATE   26                        27     -1       13
  SINCE JUN 1     98                       168    -70      249
  SINCE JUL 1     26                        27     -1       13

 COOLING
  YESTERDAY        0                         6     -6        3
  MONTH TO DATE   73                       144    -71      109
  SINCE JUN 1    143                       182    -39      109
  SINCE JAN 1    143                       186    -43      109
..................................................................


WIND (MPH)
  HIGHEST WIND SPEED    21   HIGHEST WIND DIRECTION     W (260)
  HIGHEST GUST SPEED    25   HIGHEST GUST DIRECTION     W (250)
  AVERAGE WIND SPEED     7.4


SKY COVER
  AVERAGE SKY COVER 0.7


WEATHER CONDITIONS
 THE FOLLOWING WEATHER WAS RECORDED YESTERDAY.
  NO SIGNIFICANT WEATHER WAS OBSERVED.


RELATIVE HUMIDITY (PERCENT)
 HIGHEST    86
 LOWEST     25
 AVERAGE    56

..........................................................


THE BOZEMAN/GALLATIN FIELD MT CLIMATE NORMALS FOR TODAY
                         NORMAL    RECORD    YEAR
 MAXIMUM TEMPERATURE (F)   90       102      2007
 MINIMUM TEMPERATURE (F)   52        39      1959


SUNRISE AND SUNSET
JULY 29 2015..........SUNRISE   604 AM MDT   SUNSET   857 PM MDT
JULY 30 2015..........SUNRISE   605 AM MDT   SUNSET   856 PM MDT


-  INDICATES NEGATIVE NUMBERS.
R  INDICATES RECORD WAS SET OR TIED.
MM INDICATES DATA IS MISSING.
T  INDICATES TRACE AMOUNT.




$$
