000
CDUS45 KTFX 050900
CLIBZN


CLIMATE REPORT
NATIONAL WEATHER SERVICE GREAT FALLS MT
158 AM MST THU MAR 5 2015


...................................

...THE BOZEMAN/GALLATIN FIELD MT CLIMATE SUMMARY FOR MARCH 4 2015...

CLIMATE NORMAL PERIOD 1981 TO 2010
CLIMATE RECORD PERIOD 1935 TO 2015


WEATHER ITEM   OBSERVED TIME   RECORD YEAR NORMAL DEPARTURE LAST
                VALUE   (LST)  VALUE       VALUE  FROM      YEAR
                                                  NORMAL
..................................................................
TEMPERATURE (F)
 YESTERDAY
  MAXIMUM         33    435 PM  68    1987  45    -12       45
  MINIMUM         -4    453 AM -31    1989  19    -23       24
  AVERAGE         15                        32    -17       35

PRECIPITATION (IN)
  YESTERDAY        0.00          0.45 2009   0.02  -0.02     0.00
  MONTH TO DATE    0.01                      0.09  -0.08     0.05
  SINCE OCT 1      2.31                      3.38  -1.07     2.05
  SINCE JAN 1      0.38                      1.00  -0.62     1.00

SNOWFALL (IN)
  YESTERDAY        0.0           3.1  1980   0.2   -0.2      0.0
  MONTH TO DATE    0.0                       0.9   -0.9      2.0
  SINCE MAR 1      0.0                       0.9   -0.9      2.0
  SINCE JUL 1     30.4                      23.2    7.2     27.0
  SNOW DEPTH       2

DEGREE DAYS
 HEATING
  YESTERDAY       50                        33     17       30
  MONTH TO DATE  191                       134     57      195
  SINCE MAR 1    191                       134     57      195
  SINCE JUL 1   5773                      5714     59     6210

 COOLING
  YESTERDAY        0                         0      0        0
  MONTH TO DATE    0                         0      0        0
  SINCE MAR 1      0                         0      0        0
  SINCE JAN 1      0                         0      0        0
..................................................................


WIND (MPH)
  HIGHEST WIND SPEED     9   HIGHEST WIND DIRECTION     S (200)
  HIGHEST GUST SPEED    11   HIGHEST GUST DIRECTION    SE (150)
  AVERAGE WIND SPEED     3.1


SKY COVER
  AVERAGE SKY COVER 0.1


WEATHER CONDITIONS
 THE FOLLOWING WEATHER WAS RECORDED YESTERDAY.
  NO SIGNIFICANT WEATHER WAS OBSERVED.


RELATIVE HUMIDITY (PERCENT)
 HIGHEST    87
 LOWEST     31
 AVERAGE    59

..........................................................


THE BOZEMAN/GALLATIN FIELD MT CLIMATE NORMALS FOR TODAY
                         NORMAL    RECORD    YEAR
 MAXIMUM TEMPERATURE (F)   45        70      1987
 MINIMUM TEMPERATURE (F)   20       -27      1951


SUNRISE AND SUNSET
MARCH  5 2015.........SUNRISE   656 AM MST   SUNSET   617 PM MST
MARCH  6 2015.........SUNRISE   654 AM MST   SUNSET   618 PM MST


-  INDICATES NEGATIVE NUMBERS.
R  INDICATES RECORD WAS SET OR TIED.
MM INDICATES DATA IS MISSING.
T  INDICATES TRACE AMOUNT.




$$
