000
CDUS42 KCAE 202228
CLICAE


CLIMATE REPORT
NATIONAL WEATHER SERVICE COLUMBIA SC
526 PM EST SAT JAN 20 2018


...................................

...THE COLUMBIA METRO AIRPORT SC CLIMATE SUMMARY FOR JANUARY 20 2018...
VALID TODAY AS OF 0500 PM LOCAL TIME.

CLIMATE NORMAL PERIOD 1981 TO 2010
CLIMATE RECORD PERIOD 1887 TO 2018


WEATHER ITEM   OBSERVED TIME   RECORD YEAR NORMAL DEPARTURE LAST
                VALUE   (LST)  VALUE       VALUE  FROM      YEAR
                                                  NORMAL
..................................................................
TEMPERATURE (F)
 TODAY
  MAXIMUM         64    357 PM  79    2017  56      8       79
  MINIMUM         25    730 AM   5    1985  34     -9       55
  AVERAGE         45                        45      0       67

PRECIPITATION (IN)
  TODAY            0.00          1.62 1969   0.12  -0.12      T
  MONTH TO DATE    0.73                      2.28  -1.55     4.53
  SINCE DEC 1      4.02                      5.50  -1.48     7.88
  SINCE JAN 1      0.73                      2.28  -1.55     4.53

SNOWFALL (IN)
  TODAY            0.0          MM      MM   0.0             0.0
  MONTH TO DATE    T                         0.5             0.1
  SINCE DEC 1      T                         0.6             0.1
  SINCE JUL 1      T                         0.6             0.1

DEGREE DAYS
 HEATING
  TODAY           20                        20      0        0
  MONTH TO DATE  512                       413     99      219
  SINCE DEC 1    983                       982      1      688
  SINCE JUL 1   1361                      1423    -62      990

 COOLING
  TODAY            0                         0      0        2
  MONTH TO DATE    2                         0      2        4
  SINCE DEC 1      2                         3     -1        7
  SINCE JAN 1      2                         0      2        4
..................................................................


WIND (MPH)
  HIGHEST WIND SPEED    13   HIGHEST WIND DIRECTION    NW (310)
  HIGHEST GUST SPEED    16   HIGHEST GUST DIRECTION     W (260)
  AVERAGE WIND SPEED     5.3


SKY COVER
  AVERAGE SKY COVER 0.1


WEATHER CONDITIONS
 THE FOLLOWING WEATHER WAS RECORDED TODAY.
  NO SIGNIFICANT WEATHER WAS OBSERVED.


RELATIVE HUMIDITY (PERCENT)
 HIGHEST    85          1200 AM
 LOWEST     21           300 PM
 AVERAGE    53

..........................................................


THE COLUMBIA METRO AIRPORT SC CLIMATE NORMALS FOR TOMORROW
                         NORMAL    RECORD    YEAR
 MAXIMUM TEMPERATURE (F)   56        78      1959
                                             1922
 MINIMUM TEMPERATURE (F)   34        -1      1985


SUNRISE AND SUNSET
JANUARY 20 2018.......SUNRISE   728 AM EST   SUNSET   543 PM EST
JANUARY 21 2018.......SUNRISE   728 AM EST   SUNSET   544 PM EST


-  INDICATES NEGATIVE NUMBERS.
R  INDICATES RECORD WAS SET OR TIED.
MM INDICATES DATA IS MISSING.
T  INDICATES TRACE AMOUNT.




$$
