000
CDUS42 KCAE 152137
CLICAE


CLIMATE REPORT
NATIONAL WEATHER SERVICE COLUMBIA SC
537 PM EDT TUE APR 15 2014


...................................

...THE COLUMBIA METRO AIRPORT SC CLIMATE SUMMARY FOR APRIL 15 2014...
VALID TODAY AS OF 0500 PM LOCAL TIME.

CLIMATE NORMAL PERIOD 1981 TO 2010
CLIMATE RECORD PERIOD 1887 TO 2014


WEATHER ITEM   OBSERVED TIME   RECORD YEAR NORMAL DEPARTURE LAST
                VALUE   (LST)  VALUE       VALUE  FROM      YEAR
                                                  NORMAL
..................................................................
TEMPERATURE (F)
 TODAY
  MAXIMUM         73    203 PM  91    2006  76     -3       76
                                      1972
  MINIMUM         67    822 AM  29    1907  50     17       61
  AVERAGE         70                        63      7       69

PRECIPITATION (IN)
  TODAY            0.11          2.35 1958   0.08   0.03     0.01
  MONTH TO DATE    1.03                      1.32  -0.29     2.12
  SINCE MAR 1      4.96                      5.05  -0.09     5.77
  SINCE JAN 1     11.28                     12.24  -0.96    12.49

SNOWFALL (IN)
  TODAY            0.0          MM      MM   0.0             0.0
  MONTH TO DATE    0.0                       0.0             0.0
  SINCE MAR 1      0.0                       0.1             0.0
  SINCE JUL 1      4.2                       1.5              T

DEGREE DAYS
 HEATING
  TODAY            0                         4     -4        0
  MONTH TO DATE   22                        79    -57       54
  SINCE MAR 1    414                       389     25      493
  SINCE JUL 1   2498                      2488     10     2213

 COOLING
  TODAY            5                         2      3        4
  MONTH TO DATE   46                        26     20       47
  SINCE MAR 1     47                        44      3       60
  SINCE JAN 1     54                        48      6       85
..................................................................


WIND (MPH)
  HIGHEST WIND SPEED    29   HIGHEST WIND DIRECTION     S (200)
  HIGHEST GUST SPEED    36   HIGHEST GUST DIRECTION     S (180)
  AVERAGE WIND SPEED    12.4


SKY COVER
  AVERAGE SKY COVER 0.9


WEATHER CONDITIONS
 THE FOLLOWING WEATHER WAS RECORDED TODAY.
  HEAVY RAIN
  LIGHT RAIN
  FOG


RELATIVE HUMIDITY (PERCENT)
 HIGHEST    90           100 AM
 LOWEST     78          1000 AM
 AVERAGE    84

..........................................................


THE COLUMBIA METRO AIRPORT SC CLIMATE NORMALS FOR TOMORROW
                         NORMAL    RECORD    YEAR
 MAXIMUM TEMPERATURE (F)   76        92      2006
 MINIMUM TEMPERATURE (F)   50        29      1950


SUNRISE AND SUNSET
APRIL 15 2014.........SUNRISE   654 AM EDT   SUNSET   756 PM EDT
APRIL 16 2014.........SUNRISE   652 AM EDT   SUNSET   757 PM EDT


-  INDICATES NEGATIVE NUMBERS.
R  INDICATES RECORD WAS SET OR TIED.
MM INDICATES DATA IS MISSING.
T  INDICATES TRACE AMOUNT.




$$
