000
CDUS42 KCAE 260630
CLICAE


CLIMATE REPORT
NATIONAL WEATHER SERVICE COLUMBIA SC
130 AM EST MON JAN 26 2015


...................................

...THE COLUMBIA METRO AIRPORT SC CLIMATE SUMMARY FOR JANUARY 25 2015...

CLIMATE NORMAL PERIOD 1981 TO 2010
CLIMATE RECORD PERIOD 1887 TO 2015


WEATHER ITEM   OBSERVED TIME   RECORD YEAR NORMAL DEPARTURE LAST
                VALUE   (LST)  VALUE       VALUE  FROM      YEAR
                                                  NORMAL
..................................................................
TEMPERATURE (F)
 YESTERDAY
  MAXIMUM         62    322 PM  81    1950  57      5       52
  MINIMUM         29    703 AM  11    2014  34     -5       11
  AVERAGE         46                        45      1       32

PRECIPITATION (IN)
  YESTERDAY        0.00          2.56 1978   0.11  -0.11     0.00
  MONTH TO DATE    2.60                      2.87  -0.27     3.18
  SINCE DEC 1      6.50                      6.09   0.41     9.06
  SINCE JAN 1      2.60                      2.87  -0.27     3.18

SNOWFALL (IN)
  YESTERDAY        0.0          MM      MM   0.1             0.0
  MONTH TO DATE    0.0                       0.7             0.0
  SINCE DEC 1      0.0                       0.8             0.0
  SINCE JUL 1      T                         0.8              T

DEGREE DAYS
 HEATING
  YESTERDAY       19                        20     -1       33
  MONTH TO DATE  487                       513    -26      595
  SINCE DEC 1    945                      1082   -137     1020
  SINCE JUL 1   1450                      1523    -73     1467

 COOLING
  YESTERDAY        0                         0      0        0
  MONTH TO DATE    0                         0      0        0
  SINCE DEC 1      0                         3     -3       14
  SINCE JAN 1      0                         0      0        0
..................................................................


WIND (MPH)
  HIGHEST WIND SPEED    16   HIGHEST WIND DIRECTION     S (170)
  HIGHEST GUST SPEED    19   HIGHEST GUST DIRECTION    SW (220)
  AVERAGE WIND SPEED     4.8


SKY COVER
  AVERAGE SKY COVER 0.1


WEATHER CONDITIONS
 THE FOLLOWING WEATHER WAS RECORDED YESTERDAY.
  NO SIGNIFICANT WEATHER WAS OBSERVED.


RELATIVE HUMIDITY (PERCENT)
 HIGHEST    92           700 AM
 LOWEST     29           400 PM
 AVERAGE    61

..........................................................


THE COLUMBIA METRO AIRPORT SC CLIMATE NORMALS FOR TODAY
                         NORMAL    RECORD    YEAR
 MAXIMUM TEMPERATURE (F)   57        81      1950
 MINIMUM TEMPERATURE (F)   34        13      1940


SUNRISE AND SUNSET
JANUARY 26 2015.......SUNRISE   725 AM EST   SUNSET   549 PM EST
JANUARY 27 2015.......SUNRISE   725 AM EST   SUNSET   550 PM EST


-  INDICATES NEGATIVE NUMBERS.
R  INDICATES RECORD WAS SET OR TIED.
MM INDICATES DATA IS MISSING.
T  INDICATES TRACE AMOUNT.




$$
