000
CDUS42 KCAE 222153
CLICAE


CLIMATE REPORT
NATIONAL WEATHER SERVICE COLUMBIA SC
553 PM EDT SUN OCT 22 2017


...................................

...THE COLUMBIA METRO AIRPORT SC CLIMATE SUMMARY FOR OCTOBER 22 2017...
VALID TODAY AS OF 0500 PM LOCAL TIME.

CLIMATE NORMAL PERIOD 1981 TO 2010
CLIMATE RECORD PERIOD 1887 TO 2017


WEATHER ITEM   OBSERVED TIME   RECORD YEAR NORMAL DEPARTURE LAST
                VALUE   (LST)  VALUE       VALUE  FROM      YEAR
                                                  NORMAL
..................................................................
TEMPERATURE (F)
 TODAY
  MAXIMUM         83   1224 PM  90    1984  74      9       68
  MINIMUM         54    654 AM  23    1952  50      4       44
  AVERAGE         69                        62      7       56

PRECIPITATION (IN)
  TODAY            0.00          3.32 1990   0.10  -0.10     0.00
  MONTH TO DATE    1.01                      2.37  -1.36     4.45
  SINCE SEP 1      5.56                      5.91  -0.35    11.26
  SINCE JAN 1     42.31                     37.83   4.48    34.19

SNOWFALL (IN)
  TODAY            0.0          MM      MM   0.0             0.0
  MONTH TO DATE    0.0                       0.0             0.0
  SINCE SEP 1      0.0                       0.0             0.0
  SINCE JUL 1      0.0                       0.0             0.0

DEGREE DAYS
 HEATING
  TODAY            0                         5     -5        9
  MONTH TO DATE   21                        60    -39       17
  SINCE SEP 1     21                        68    -47       17
  SINCE JUL 1     21                        68    -47       17

 COOLING
  TODAY            4                         2      2        0
  MONTH TO DATE  175                        74    101      120
  SINCE SEP 1    545                       373    172      560
  SINCE JAN 1   2653                      2141    512     2847
..................................................................


WIND (MPH)
  HIGHEST WIND SPEED    16   HIGHEST WIND DIRECTION    SE (120)
  HIGHEST GUST SPEED    21   HIGHEST GUST DIRECTION     E (80)
  AVERAGE WIND SPEED     4.8


SKY COVER
  AVERAGE SKY COVER 0.6


WEATHER CONDITIONS
 THE FOLLOWING WEATHER WAS RECORDED TODAY.
  NO SIGNIFICANT WEATHER WAS OBSERVED.


RELATIVE HUMIDITY (PERCENT)
 HIGHEST   100           400 AM
 LOWEST     51          1200 PM
 AVERAGE    76

..........................................................


THE COLUMBIA METRO AIRPORT SC CLIMATE NORMALS FOR TOMORROW
                         NORMAL    RECORD    YEAR
 MAXIMUM TEMPERATURE (F)   74        90      2007
                                             1941
 MINIMUM TEMPERATURE (F)   49        27      1987
                                             1974


SUNRISE AND SUNSET
OCTOBER 22 2017.......SUNRISE   735 AM EDT   SUNSET   642 PM EDT
OCTOBER 23 2017.......SUNRISE   736 AM EDT   SUNSET   641 PM EDT


-  INDICATES NEGATIVE NUMBERS.
R  INDICATES RECORD WAS SET OR TIED.
MM INDICATES DATA IS MISSING.
T  INDICATES TRACE AMOUNT.




$$
