000
CDUS42 KCAE 270551
CLICAE


CLIMATE REPORT
NATIONAL WEATHER SERVICE COLUMBIA SC
150 AM EDT FRI MAY 27 2016


...................................

...THE COLUMBIA METRO AIRPORT SC CLIMATE SUMMARY FOR MAY 26 2016...

CLIMATE NORMAL PERIOD 1981 TO 2010
CLIMATE RECORD PERIOD 1887 TO 2016


WEATHER ITEM   OBSERVED TIME   RECORD YEAR NORMAL DEPARTURE LAST
                VALUE   (LST)  VALUE       VALUE  FROM      YEAR
                                                  NORMAL
..................................................................
TEMPERATURE (F)
 YESTERDAY
  MAXIMUM         90    450 PM 100    1953  86      4       90
                                      1926
  MINIMUM         64    514 AM  40    1979  63      1       67
  AVERAGE         77                        74      3       79

PRECIPITATION (IN)
  YESTERDAY        0.00          1.56 1996   0.10  -0.10      T
                                      1890
  MONTH TO DATE    2.10                      2.43  -0.33     1.71
  SINCE MAR 1      6.78                      8.78  -2.00     8.52
  SINCE JAN 1     13.41                     15.97  -2.56    15.88

SNOWFALL (IN)
  YESTERDAY        0.0          MM      MM   0.0             0.0
  MONTH TO DATE    0.0                       0.0             0.0
  SINCE MAR 1      0.0                       0.1             0.0
  SINCE JUL 1      T                         1.5              T

DEGREE DAYS
 HEATING
  YESTERDAY        0                         0      0        0
  MONTH TO DATE    6                        18    -12        6
  SINCE MAR 1    228                       450   -222      274
  SINCE JUL 1   1791                      2549   -758     2463

 COOLING
  YESTERDAY       12                        10      2       14
  MONTH TO DATE  191                       173     18      216
  SINCE MAR 1    374                       264    110      359
  SINCE JAN 1    378                       268    110      359
..................................................................


WIND (MPH)
  HIGHEST WIND SPEED    16   HIGHEST WIND DIRECTION     S (180)
  HIGHEST GUST SPEED    20   HIGHEST GUST DIRECTION     S (170)
  AVERAGE WIND SPEED     6.1


SKY COVER
  AVERAGE SKY COVER 0.3


WEATHER CONDITIONS
 THE FOLLOWING WEATHER WAS RECORDED YESTERDAY.
  NO SIGNIFICANT WEATHER WAS OBSERVED.


RELATIVE HUMIDITY (PERCENT)
 HIGHEST    84           500 AM
 LOWEST     36          1200 PM
 AVERAGE    60

..........................................................


THE COLUMBIA METRO AIRPORT SC CLIMATE NORMALS FOR TODAY
                         NORMAL    RECORD    YEAR
 MAXIMUM TEMPERATURE (F)   86        99      1916
 MINIMUM TEMPERATURE (F)   63        42      1979


SUNRISE AND SUNSET
MAY 27 2016...........SUNRISE   616 AM EDT   SUNSET   828 PM EDT
MAY 28 2016...........SUNRISE   616 AM EDT   SUNSET   828 PM EDT


-  INDICATES NEGATIVE NUMBERS.
R  INDICATES RECORD WAS SET OR TIED.
MM INDICATES DATA IS MISSING.
T  INDICATES TRACE AMOUNT.




$$
