000
CDUS45 KGJT 272359
CLICAG


CLIMATE REPORT
NATIONAL WEATHER SERVICE GRAND JUNCTION CO
530 PM MDT WED AUG 27 2014


...................................

...THE CRAIG CO CLIMATE SUMMARY FOR AUGUST 27 2014...
VALID TODAY AS OF 0500 PM LOCAL TIME.

CLIMATE NORMAL PERIOD 1981 TO 2010
CLIMATE RECORD PERIOD 9999 TO 9999


WEATHER ITEM   OBSERVED TIME   RECORD YEAR NORMAL DEPARTURE LAST
                VALUE   (LST)  VALUE       VALUE  FROM      YEAR
                                                  NORMAL
..................................................................
TEMPERATURE (F)
 TODAY
  MAXIMUM         65    116 PM  MM      MM  81    -16       87
  MINIMUM         51    154 PM  MM      MM  44      7       49
  AVERAGE         58                        62     -4       68

PRECIPITATION (IN)
  TODAY            0.62         MM      MM   0.06   0.56     0.00
  MONTH TO DATE    3.45                      1.18   2.27     0.39
  SINCE JUN 1      5.32                      3.66   1.66     0.86
  SINCE JAN 1      9.64                      9.85  -0.21     6.11

SNOWFALL (IN)
  TODAY           MM            MM      MM  MM     MM       MM
  MONTH TO DATE   MM                        MM     MM       MM
  SINCE JUN 1     MM                        MM     MM       MM
  SINCE JUL 1     MM                        MM     MM       MM
  SNOW DEPTH      MM

DEGREE DAYS
 HEATING
  TODAY            7                         3      4        0
  MONTH TO DATE   45                        38      7        5
  SINCE JUN 1    275                       238     37       93
  SINCE JUL 1     89                        63     26        5

 COOLING
  TODAY            0                         0      0        3
  MONTH TO DATE   29                        51    -22       78
  SINCE JUN 1     70                       140    -70      310
  SINCE JAN 1     70                       140    -70      310
..................................................................


WIND (MPH)
  HIGHEST WIND SPEED    29   HIGHEST WIND DIRECTION    SW (230)
  HIGHEST GUST SPEED    35   HIGHEST GUST DIRECTION    SW (230)
  AVERAGE WIND SPEED     5.5


SKY COVER
  POSSIBLE SUNSHINE  MM
  AVERAGE SKY COVER 0.8


WEATHER CONDITIONS
 THE FOLLOWING WEATHER WAS RECORDED TODAY.
  THUNDERSTORM
  HEAVY RAIN
  RAIN
  LIGHT RAIN
  FOG


RELATIVE HUMIDITY (PERCENT)
 HIGHEST   100           400 AM
 LOWEST     67           100 PM
 AVERAGE    84

..........................................................


THE CRAIG CO CLIMATE NORMALS FOR TOMORROW
                         NORMAL    RECORD    YEAR
 MAXIMUM TEMPERATURE (F)   81        MM        MM
 MINIMUM TEMPERATURE (F)   43        MM        MM


SUNRISE AND SUNSET
AUGUST 27 2014........SUNRISE   633 AM MDT   SUNSET   750 PM MDT
AUGUST 28 2014........SUNRISE   634 AM MDT   SUNSET   748 PM MDT


-  INDICATES NEGATIVE NUMBERS.
R  INDICATES RECORD WAS SET OR TIED.
MM INDICATES DATA IS MISSING.
T  INDICATES TRACE AMOUNT.




$$
