000
CDUS41 KCLE 301147
CLICAK


CLIMATE REPORT
NATIONAL WEATHER SERVICE CLEVELAND OH
746 AM EDT SAT MAY 30 2015


...................................

...THE AKRON CANTON OH CLIMATE SUMMARY FOR MAY 29 2015...

CLIMATE NORMAL PERIOD 1981 TO 2010
CLIMATE RECORD PERIOD 1887 TO 2015


WEATHER ITEM   OBSERVED TIME   RECORD YEAR NORMAL DEPARTURE LAST
                VALUE   (LST)  VALUE       VALUE  FROM      YEAR
                                                  NORMAL
..................................................................
TEMPERATURE (F)
 YESTERDAY
  MAXIMUM         85    310 PM  93    1991  73     12       78
  MINIMUM         63    455 AM  37    1949  53     10       57
  AVERAGE         74                        63     11       68

PRECIPITATION (IN)
  YESTERDAY        0.00                      0.14  -0.14      T
  MONTH TO DATE    3.13                      3.99  -0.86     4.30
  SINCE MAR 1      9.73                     10.52  -0.79    13.12
  SINCE JAN 1     15.21                     15.44  -0.23    16.63

SNOWFALL (IN)
  YESTERDAY        0.0                       0.0    0.0      0.0
  MONTH TO DATE    0.0                       0.1   -0.1       T
  SINCE MAR 1      6.9                      11.0   -4.1     10.6
  SINCE JUL 1     59.8                      47.5   12.3     69.9
  SNOW DEPTH       0

DEGREE DAYS
 HEATING
  YESTERDAY        0                         4     -4        0
  MONTH TO DATE  101                       218   -117      156
  SINCE MAR 1   1431                      1550   -119     1584
  SINCE JUL 1   6274                      6094    180     6407

 COOLING
  YESTERDAY        9                         2      7        3
  MONTH TO DATE  131                        31    100       70
  SINCE MAR 1    133                        37     96       73
  SINCE JAN 1    133                        37     96       73
..................................................................


WIND (MPH)
  HIGHEST WIND SPEED    18   HIGHEST WIND DIRECTION     S (200)
  HIGHEST GUST SPEED    30   HIGHEST GUST DIRECTION     E (110)
  AVERAGE WIND SPEED     9.2


SKY COVER
  POSSIBLE SUNSHINE  MM
  AVERAGE SKY COVER 0.5


WEATHER CONDITIONS
 THE FOLLOWING WEATHER WAS RECORDED YESTERDAY.
  NO SIGNIFICANT WEATHER WAS OBSERVED.


RELATIVE HUMIDITY (PERCENT)
 HIGHEST    73           900 PM
 LOWEST     51          1200 PM
 AVERAGE    62

..........................................................


THE AKRON CANTON OH CLIMATE NORMALS FOR TODAY
                         NORMAL    RECORD    YEAR
 MAXIMUM TEMPERATURE (F)   73        92      1895
 MINIMUM TEMPERATURE (F)   53        33      1964


SUNRISE AND SUNSET
MAY 30 2015...........SUNRISE   557 AM EDT   SUNSET   850 PM EDT
MAY 31 2015...........SUNRISE   557 AM EDT   SUNSET   850 PM EDT


-  INDICATES NEGATIVE NUMBERS.
R  INDICATES RECORD WAS SET OR TIED.
MM INDICATES DATA IS MISSING.
T  INDICATES TRACE AMOUNT.




$$
