000
CDUS41 KCLE 282115
CLICAK


CLIMATE REPORT
NATIONAL WEATHER SERVICE CLEVELAND OH
515 PM EDT WED JUN 28 2017


...................................

...THE AKRON CANTON OH CLIMATE SUMMARY FOR JUNE 28 2017...
VALID TODAY AS OF 0500 PM LOCAL TIME.

CLIMATE NORMAL PERIOD 1981 TO 2010
CLIMATE RECORD PERIOD 1887 TO 2017


WEATHER ITEM   OBSERVED TIME   RECORD YEAR NORMAL DEPARTURE LAST
                VALUE   (LST)  VALUE       VALUE  FROM      YEAR
                                                  NORMAL
..................................................................
TEMPERATURE (F)
 TODAY
  MAXIMUM         77    359 PM  97    1971  81     -4       79
                                      1944
                                      1934
  MINIMUM         51    509 AM  47    1950  61    -10       56
                                      1905
                                      1904
  AVERAGE         64                        71     -7       68

PRECIPITATION (IN)
  TODAY            0.00                      0.13  -0.13     0.00
  MONTH TO DATE    3.05                      3.58  -0.53     3.51
  SINCE JUN 1      3.05                      3.58  -0.53     3.51
  SINCE JAN 1     29.17                     19.31   9.86    18.18

SNOWFALL (IN)
  TODAY            0.0                       0.0    0.0      0.0
  MONTH TO DATE    0.0                       0.0    0.0      0.0
  SINCE JUN 1      0.0                       0.0    0.0      0.0
  SINCE JUL 1     37.2                      47.5  -10.3     30.2
  SNOW DEPTH       0

DEGREE DAYS
 HEATING
  TODAY            1                         1      0        0
  MONTH TO DATE   23                        51    -28       17
  SINCE JUN 1     23                        51    -28       17
  SINCE JUL 1   4896                      6152  -1256     4998

 COOLING
  TODAY            0                         6     -6        3
  MONTH TO DATE  169                       121     48      191
  SINCE JUN 1    169                       121     48      191
  SINCE JAN 1    233                       163     70      252
..................................................................


WIND (MPH)
  HIGHEST WIND SPEED    17   HIGHEST WIND DIRECTION    SW (220)
  HIGHEST GUST SPEED    23   HIGHEST GUST DIRECTION    SW (230)


SKY COVER
  POSSIBLE SUNSHINE  MM
  AVERAGE SKY COVER 0.2


WEATHER CONDITIONS
 THE FOLLOWING WEATHER WAS RECORDED TODAY.
  NO SIGNIFICANT WEATHER WAS OBSERVED.


RELATIVE HUMIDITY (PERCENT)
 HIGHEST    77           600 AM
 LOWEST     36          1200 PM
 AVERAGE    57

..........................................................


THE AKRON CANTON OH CLIMATE NORMALS FOR TOMORROW
                         NORMAL    RECORD    YEAR
 MAXIMUM TEMPERATURE (F)   81        98      1952
                                             1934
 MINIMUM TEMPERATURE (F)   61        47      1905


SUNRISE AND SUNSET
JUNE 28 2017..........SUNRISE   556 AM EDT   SUNSET   902 PM EDT
JUNE 29 2017..........SUNRISE   557 AM EDT   SUNSET   902 PM EDT


-  INDICATES NEGATIVE NUMBERS.
R  INDICATES RECORD WAS SET OR TIED.
MM INDICATES DATA IS MISSING.
T  INDICATES TRACE AMOUNT.




$$
