000
CDUS45 KABQ 230834
CLICAO


CLIMATE REPORT
NATIONAL WEATHER SERVICE ALBUQUERQUE NM
234 AM MDT TUE AUG 23 2016


...................................

...THE CLAYTON  NM CLIMATE SUMMARY FOR AUGUST 22 2016...

CLIMATE NORMAL PERIOD 1981 TO 2010
CLIMATE RECORD PERIOD 1896 TO 2016


WEATHER ITEM   OBSERVED TIME   RECORD YEAR NORMAL DEPARTURE
                VALUE   (LST)  VALUE       VALUE  FROM
                                                  NORMAL
...............................................................
TEMPERATURE (F)
 YESTERDAY
  MAXIMUM         82    405 PM  99    1910  86     -4
  MINIMUM         58    548 AM  45    1920  60     -2
  AVERAGE         70                        73     -3

PRECIPITATION (IN)
  YESTERDAY        0.00          2.14 1984   0.08  -0.08
  MONTH TO DATE    5.29                      2.25   3.04
  SINCE JUN 1     10.91                      7.04   3.87
  SINCE JAN 1     14.55                     11.51   3.04

SNOWFALL (IN)
  YESTERDAY        0.0
  MONTH TO DATE    0.0
  SINCE JUN 1      0.0
  SINCE JUL 1      0.0

DEGREE DAYS
 HEATING
  YESTERDAY        0                         0      0
  MONTH TO DATE    1                         0      1
  SINCE JUN 1      8                        25    -17
  SINCE JUL 1      1                         2     -1

 COOLING
  YESTERDAY        5                         8     -3
  MONTH TO DATE  182                       193    -11
  SINCE JUN 1    887                       679    208
  SINCE JAN 1    906                       730    176
...............................................................


WIND (MPH)
  HIGHEST WIND SPEED    33   HIGHEST WIND DIRECTION     S (200)
  HIGHEST GUST SPEED    39   HIGHEST GUST DIRECTION     S (200)
  AVERAGE WIND SPEED    18.7


SKY COVER
  AVERAGE SKY COVER 0.1


WEATHER CONDITIONS
 THE FOLLOWING WEATHER WAS RECORDED YESTERDAY.
  NO SIGNIFICANT WEATHER WAS OBSERVED.


RELATIVE HUMIDITY (PERCENT)
 HIGHEST   100           600 AM
 LOWEST     40           400 PM
 AVERAGE    70

..........................................................


THE CLAYTON  NM CLIMATE NORMALS FOR TODAY
                         NORMAL    RECORD    YEAR
 MAXIMUM TEMPERATURE (F)   86        99      1922
 MINIMUM TEMPERATURE (F)   60        42      1910


SUNRISE AND SUNSET
AUGUST 23 2016........SUNRISE   617 AM MDT   SUNSET   732 PM MDT
AUGUST 24 2016........SUNRISE   618 AM MDT   SUNSET   731 PM MDT


-  INDICATES NEGATIVE NUMBERS.
R  INDICATES RECORD WAS SET OR TIED.
MM INDICATES DATA IS MISSING.
T  INDICATES TRACE AMOUNT.




$$
