000
CDUS45 KABQ 260828
CLICAO


CLIMATE REPORT
NATIONAL WEATHER SERVICE ALBUQUERQUE NM
226 AM MDT MON SEP 26 2016


...................................

...THE CLAYTON  NM CLIMATE SUMMARY FOR SEPTEMBER 25 2016...

CLIMATE NORMAL PERIOD 1981 TO 2010
CLIMATE RECORD PERIOD 1896 TO 2016


WEATHER ITEM   OBSERVED TIME   RECORD YEAR NORMAL DEPARTURE
                VALUE   (LST)  VALUE       VALUE  FROM
                                                  NORMAL
...............................................................
TEMPERATURE (F)
 YESTERDAY
  MAXIMUM         70    307 PM  93    1898  76     -6
  MINIMUM         43   1133 PM  31    1926  48     -5
  AVERAGE         57                        62     -5

PRECIPITATION (IN)
  YESTERDAY        0.00          0.55 1955   0.06  -0.06
  MONTH TO DATE    2.63                      1.45   1.18
  SINCE SEP 1      2.63                      1.45   1.18
  SINCE JAN 1     18.39                     13.65   4.74

SNOWFALL (IN)
  YESTERDAY        0.0
  MONTH TO DATE    0.0
  SINCE SEP 1      0.0
  SINCE JUL 1      0.0

DEGREE DAYS
 HEATING
  YESTERDAY        8                         5      3
  MONTH TO DATE   23                        52    -29
  SINCE SEP 1     23                        52    -29
  SINCE JUL 1     25                        58    -33

 COOLING
  YESTERDAY        0                         2     -2
  MONTH TO DATE  128                        97     31
  SINCE SEP 1    128                        97     31
  SINCE JAN 1   1066                       894    172
...............................................................


WIND (MPH)
  HIGHEST WIND SPEED    29   HIGHEST WIND DIRECTION    NE (30)
  HIGHEST GUST SPEED    37   HIGHEST GUST DIRECTION     N (360)
  AVERAGE WIND SPEED    15.7


SKY COVER
  AVERAGE SKY COVER 0.0


WEATHER CONDITIONS
 THE FOLLOWING WEATHER WAS RECORDED YESTERDAY.
  NO SIGNIFICANT WEATHER WAS OBSERVED.


RELATIVE HUMIDITY (PERCENT)
 HIGHEST    71           400 AM
 LOWEST     31           200 PM
 AVERAGE    51

..........................................................


THE CLAYTON  NM CLIMATE NORMALS FOR TODAY
                         NORMAL    RECORD    YEAR
 MAXIMUM TEMPERATURE (F)   75        91      1911
 MINIMUM TEMPERATURE (F)   48        29      1926


SUNRISE AND SUNSET
SEPTEMBER 26 2016.....SUNRISE   644 AM MDT   SUNSET   643 PM MDT
SEPTEMBER 27 2016.....SUNRISE   645 AM MDT   SUNSET   641 PM MDT


-  INDICATES NEGATIVE NUMBERS.
R  INDICATES RECORD WAS SET OR TIED.
MM INDICATES DATA IS MISSING.
T  INDICATES TRACE AMOUNT.

$$
