000
CDUS45 KABQ 070837
CLICAO


CLIMATE REPORT
NATIONAL WEATHER SERVICE ALBUQUERQUE NM
135 AM MST WED DEC 7 2016


...................................

...THE CLAYTON  NM CLIMATE SUMMARY FOR DECEMBER 6 2016...

CLIMATE NORMAL PERIOD 1981 TO 2010
CLIMATE RECORD PERIOD 1896 TO 2016


WEATHER ITEM   OBSERVED TIME   RECORD YEAR NORMAL DEPARTURE
                VALUE   (LST)  VALUE       VALUE  FROM
                                                  NORMAL
...............................................................
TEMPERATURE (F)
 YESTERDAY
  MAXIMUM         33    253 PM  76    1939  49    -16
  MINIMUM         14    946 PM  -6    1972  23     -9
  AVERAGE         24                        36    -12

PRECIPITATION (IN)
  YESTERDAY        0.00          0.30 1899   0.02  -0.02
  MONTH TO DATE    0.01                      0.07  -0.06
  SINCE DEC 1      0.01                      0.07  -0.06
  SINCE JAN 1     19.93                     15.50   4.43

SNOWFALL (IN)
  YESTERDAY        0.0
  MONTH TO DATE    0.1
  SINCE DEC 1      0.1
  SINCE JUL 1      0.1

DEGREE DAYS
 HEATING
  YESTERDAY       41                        29     12
  MONTH TO DATE  184                       172     12
  SINCE DEC 1    184                       172     12
  SINCE JUL 1    852                      1224   -372

 COOLING
  YESTERDAY        0                         0      0
  MONTH TO DATE    0                         0      0
  SINCE DEC 1      0                         0      0
  SINCE JAN 1   1115                       909    206
...............................................................


WIND (MPH)
  HIGHEST WIND SPEED    26   HIGHEST WIND DIRECTION     N (360)
  HIGHEST GUST SPEED    33   HIGHEST GUST DIRECTION     N (360)
  AVERAGE WIND SPEED    12.7


SKY COVER
  AVERAGE SKY COVER 0.0


WEATHER CONDITIONS
 THE FOLLOWING WEATHER WAS RECORDED YESTERDAY.
  NO SIGNIFICANT WEATHER WAS OBSERVED.


RELATIVE HUMIDITY (PERCENT)
 HIGHEST    68           300 AM
 LOWEST     30           300 PM
 AVERAGE    49

..........................................................


THE CLAYTON  NM CLIMATE NORMALS FOR TODAY
                         NORMAL    RECORD    YEAR
 MAXIMUM TEMPERATURE (F)   48        76      1987
 MINIMUM TEMPERATURE (F)   23        -5      2005


SUNRISE AND SUNSET
DECEMBER  7 2016......SUNRISE   651 AM MST   SUNSET   437 PM MST
DECEMBER  8 2016......SUNRISE   652 AM MST   SUNSET   437 PM MST


-  INDICATES NEGATIVE NUMBERS.
R  INDICATES RECORD WAS SET OR TIED.
MM INDICATES DATA IS MISSING.
T  INDICATES TRACE AMOUNT.

$$
