000
CDUS45 KABQ 240825
CLICAO


CLIMATE REPORT
NATIONAL WEATHER SERVICE ALBUQUERQUE NM
225 AM MDT TUE MAY 24 2016


...................................

...THE CLAYTON  NM CLIMATE SUMMARY FOR MAY 23 2016...

CLIMATE NORMAL PERIOD 1981 TO 2010
CLIMATE RECORD PERIOD 1896 TO 2016


WEATHER ITEM   OBSERVED TIME   RECORD YEAR NORMAL DEPARTURE
                VALUE   (LST)  VALUE       VALUE  FROM
                                                  NORMAL
...............................................................
TEMPERATURE (F)
 YESTERDAY
  MAXIMUM         85    342 PM  96    2000  78      7
  MINIMUM         50   1147 PM  36    1957  50      0
  AVERAGE         68                        64      4

PRECIPITATION (IN)
  YESTERDAY        0.00          1.75 1909   0.07  -0.07
  MONTH TO DATE    0.82                      1.31  -0.49
  SINCE MAR 1      2.92                      3.20  -0.28
  SINCE JAN 1      3.36                      3.82  -0.46

SNOWFALL (IN)
  YESTERDAY        0.0
  MONTH TO DATE    0.5
  SINCE MAR 1      2.1
  SINCE JUL 1     25.5

DEGREE DAYS
 HEATING
  YESTERDAY        0                         4     -4
  MONTH TO DATE  170                       133     37
  SINCE MAR 1   1043                      1162   -119
  SINCE JUL 1   4293                      4839   -546

 COOLING
  YESTERDAY        3                         2      1
  MONTH TO DATE   12                        27    -15
  SINCE MAR 1     12                        33    -21
  SINCE JAN 1     12                        33    -21
...............................................................


WIND (MPH)
  HIGHEST WIND SPEED    30   HIGHEST WIND DIRECTION     S (200)
  HIGHEST GUST SPEED    39   HIGHEST GUST DIRECTION     S (190)
  AVERAGE WIND SPEED    12.0


SKY COVER
  AVERAGE SKY COVER 0.1


WEATHER CONDITIONS
 THE FOLLOWING WEATHER WAS RECORDED YESTERDAY.
  FOG


RELATIVE HUMIDITY (PERCENT)
 HIGHEST   100          1200 AM
 LOWEST     12           400 PM
 AVERAGE    56

..........................................................


THE CLAYTON  NM CLIMATE NORMALS FOR TODAY
                         NORMAL    RECORD    YEAR
 MAXIMUM TEMPERATURE (F)   78        95      1984
 MINIMUM TEMPERATURE (F)   50        37      1924


SUNRISE AND SUNSET
MAY 24 2016...........SUNRISE   539 AM MDT   SUNSET   800 PM MDT
MAY 25 2016...........SUNRISE   539 AM MDT   SUNSET   801 PM MDT


-  INDICATES NEGATIVE NUMBERS.
R  INDICATES RECORD WAS SET OR TIED.
MM INDICATES DATA IS MISSING.
T  INDICATES TRACE AMOUNT.




$$
