000
CDUS45 KABQ 180827
CLICAO


CLIMATE REPORT
NATIONAL WEATHER SERVICE ALBUQUERQUE NM
127 AM MST SAT NOV 18 2017


...................................

...THE CLAYTON  NM CLIMATE SUMMARY FOR NOVEMBER 17 2017...

CLIMATE NORMAL PERIOD 1981 TO 2010
CLIMATE RECORD PERIOD 1896 TO 2017


WEATHER ITEM   OBSERVED TIME   RECORD YEAR NORMAL DEPARTURE
                VALUE   (LST)  VALUE       VALUE  FROM
                                                  NORMAL
...............................................................
TEMPERATURE (F)
 YESTERDAY
  MAXIMUM         77   1141 AM  79    1896  57     20
  MINIMUM         40    450 AM   8    1958  29     11
  AVERAGE         59                        43     16

PRECIPITATION (IN)
  YESTERDAY        0.00          0.55 2015   0.01  -0.01
  MONTH TO DATE    0.04                      0.31  -0.27
  SINCE SEP 1      5.45                      3.09   2.36
  SINCE JAN 1     20.37                     15.29   5.08

SNOWFALL (IN)
  YESTERDAY        0.0
  MONTH TO DATE    0.5
  SINCE SEP 1      0.5
  SINCE JUL 1      0.5

DEGREE DAYS
 HEATING
  YESTERDAY        6                        22    -16
  MONTH TO DATE  246                       315    -69
  SINCE SEP 1    658                       719    -61
  SINCE JUL 1    662                       725    -63

 COOLING
  YESTERDAY        0                         0      0
  MONTH TO DATE    0                         0      0
  SINCE SEP 1    117                       112      5
  SINCE JAN 1    827                       909    -82
...............................................................


WIND (MPH)
  HIGHEST WIND SPEED    35   HIGHEST WIND DIRECTION     W (260)
  HIGHEST GUST SPEED    49   HIGHEST GUST DIRECTION     W (250)
  AVERAGE WIND SPEED    18.0


SKY COVER
  AVERAGE SKY COVER 0.0


WEATHER CONDITIONS
 THE FOLLOWING WEATHER WAS RECORDED YESTERDAY.
  NO SIGNIFICANT WEATHER WAS OBSERVED.


RELATIVE HUMIDITY (PERCENT)
 HIGHEST    59          1000 PM
 LOWEST     21          1200 PM
 AVERAGE    40

..........................................................


THE CLAYTON  NM CLIMATE NORMALS FOR TODAY
                         NORMAL    RECORD    YEAR
 MAXIMUM TEMPERATURE (F)   56        79      1942
 MINIMUM TEMPERATURE (F)   29         6      1958


SUNRISE AND SUNSET
NOVEMBER 18 2017......SUNRISE   633 AM MST   SUNSET   442 PM MST
NOVEMBER 19 2017......SUNRISE   634 AM MST   SUNSET   441 PM MST


-  INDICATES NEGATIVE NUMBERS.
R  INDICATES RECORD WAS SET OR TIED.
MM INDICATES DATA IS MISSING.
T  INDICATES TRACE AMOUNT.




$$
