000
CDUS45 KABQ 250833
CLICAO


CLIMATE REPORT
NATIONAL WEATHER SERVICE ALBUQUERQUE NM
231 AM MDT MON MAY 25 2015


...................................

...THE CLAYTON  NM CLIMATE SUMMARY FOR MAY 24 2015...

CLIMATE NORMAL PERIOD 1981 TO 2010
CLIMATE RECORD PERIOD 1896 TO 2015


WEATHER ITEM   OBSERVED TIME   RECORD YEAR NORMAL DEPARTURE
                VALUE   (LST)  VALUE       VALUE  FROM
                                                  NORMAL
...............................................................
TEMPERATURE (F)
 YESTERDAY
  MAXIMUM         74    326 PM  95    1984  78     -4
  MINIMUM         47   1100 PM  37    1924  50     -3
  AVERAGE         61                        64     -3

PRECIPITATION (IN)
  YESTERDAY        0.01          1.48 1956   0.07  -0.06
  MONTH TO DATE    5.97                      1.38   4.59
  SINCE MAR 1      7.67                      3.27   4.40
  SINCE JAN 1     10.69                      3.89   6.80

SNOWFALL (IN)
  YESTERDAY        0.0
  MONTH TO DATE    0.0
  SINCE MAR 1      0.9
  SINCE JUL 1     26.1

DEGREE DAYS
 HEATING
  YESTERDAY        4                         3      1
  MONTH TO DATE  186                       136     50
  SINCE MAR 1   1005                      1165   -160
  SINCE JUL 1   4448                      4842   -394

 COOLING
  YESTERDAY        0                         2     -2
  MONTH TO DATE    3                        29    -26
  SINCE MAR 1      3                        35    -32
  SINCE JAN 1      3                        35    -32
...............................................................


WIND (MPH)
  HIGHEST WIND SPEED    28   HIGHEST WIND DIRECTION     S (200)
  HIGHEST GUST SPEED    34   HIGHEST GUST DIRECTION    SW (210)
  AVERAGE WIND SPEED     8.5


SKY COVER
  AVERAGE SKY COVER 0.4


WEATHER CONDITIONS
 THE FOLLOWING WEATHER WAS RECORDED YESTERDAY.
  THUNDERSTORM
  LIGHT RAIN


RELATIVE HUMIDITY (PERCENT)
 HIGHEST    93          1200 AM
 LOWEST     28           400 PM
 AVERAGE    61

..........................................................


THE CLAYTON  NM CLIMATE NORMALS FOR TODAY
                         NORMAL    RECORD    YEAR
 MAXIMUM TEMPERATURE (F)   78        96      2006
 MINIMUM TEMPERATURE (F)   50        28      1924


SUNRISE AND SUNSET
MAY 25 2015...........SUNRISE   539 AM MDT   SUNSET   800 PM MDT
MAY 26 2015...........SUNRISE   539 AM MDT   SUNSET   801 PM MDT


-  INDICATES NEGATIVE NUMBERS.
R  INDICATES RECORD WAS SET OR TIED.
MM INDICATES DATA IS MISSING.
T  INDICATES TRACE AMOUNT.

$$
