000
CDUS45 KABQ 280832
CLICAO


CLIMATE REPORT
NATIONAL WEATHER SERVICE ALBUQUERQUE NM
232 AM MDT SAT MAR 28 2015


...................................

...THE CLAYTON  NM CLIMATE SUMMARY FOR MARCH 27 2015...

CLIMATE NORMAL PERIOD 1981 TO 2010
CLIMATE RECORD PERIOD 1896 TO 2015


WEATHER ITEM   OBSERVED TIME   RECORD YEAR NORMAL DEPARTURE
                VALUE   (LST)  VALUE       VALUE  FROM
                                                  NORMAL
...............................................................
TEMPERATURE (F)
 YESTERDAY
  MAXIMUM         71    349 PM  85    1971  62      9
  MINIMUM         32    535 AM   5    1899  33     -1
  AVERAGE         52                        47      5

PRECIPITATION (IN)
  YESTERDAY        0.00          0.37 1973   0.03  -0.03
  MONTH TO DATE    0.41                      0.82  -0.41
  SINCE MAR 1      0.41                      0.82  -0.41
  SINCE JAN 1      3.43                      1.44   1.99

SNOWFALL (IN)
  YESTERDAY        0.0
  MONTH TO DATE    0.9
  SINCE MAR 1      0.9
  SINCE JUL 1     26.1

DEGREE DAYS
 HEATING
  YESTERDAY       13                        18     -5
  MONTH TO DATE  494                       574    -80
  SINCE MAR 1    494                       574    -80
  SINCE JUL 1   3937                      4251   -314

 COOLING
  YESTERDAY        0                         0      0
  MONTH TO DATE    0                         0      0
  SINCE MAR 1      0                         0      0
  SINCE JAN 1      0                         0      0
...............................................................


WIND (MPH)
  HIGHEST WIND SPEED    20   HIGHEST WIND DIRECTION    SE (150)
  HIGHEST GUST SPEED    25   HIGHEST GUST DIRECTION    SE (130)
  AVERAGE WIND SPEED     7.4


SKY COVER
  AVERAGE SKY COVER 0.1


WEATHER CONDITIONS
 THE FOLLOWING WEATHER WAS RECORDED YESTERDAY.
  NO SIGNIFICANT WEATHER WAS OBSERVED.


RELATIVE HUMIDITY (PERCENT)
 HIGHEST    64           400 AM
 LOWEST     22           100 PM
 AVERAGE    43

..........................................................


THE CLAYTON  NM CLIMATE NORMALS FOR TODAY
                         NORMAL    RECORD    YEAR
 MAXIMUM TEMPERATURE (F)   62        85      1963
 MINIMUM TEMPERATURE (F)   33        12      1975
                                             1944


SUNRISE AND SUNSET
MARCH 28 2015.........SUNRISE   645 AM MDT   SUNSET   711 PM MDT
MARCH 29 2015.........SUNRISE   643 AM MDT   SUNSET   712 PM MDT


-  INDICATES NEGATIVE NUMBERS.
R  INDICATES RECORD WAS SET OR TIED.
MM INDICATES DATA IS MISSING.
T  INDICATES TRACE AMOUNT.




$$
