000
CDUS45 KABQ 200839
CLICAO


CLIMATE REPORT
NATIONAL WEATHER SERVICE ALBUQUERQUE NM
238 AM MDT MON OCT 20 2014


...................................

...THE CLAYTON  NM CLIMATE SUMMARY FOR OCTOBER 19 2014...

CLIMATE NORMAL PERIOD 1981 TO 2010
CLIMATE RECORD PERIOD 1896 TO 2014


WEATHER ITEM   OBSERVED TIME   RECORD YEAR NORMAL DEPARTURE
                VALUE   (LST)  VALUE       VALUE  FROM
                                                  NORMAL
...............................................................
TEMPERATURE (F)
 YESTERDAY
  MAXIMUM         75    246 PM  87    2003  68      7
  MINIMUM         46    238 AM  20    1916  40      6
  AVERAGE         61                        54      7

PRECIPITATION (IN)
  YESTERDAY        0.00          0.48 1935   0.04  -0.04
  MONTH TO DATE    0.66                      0.73  -0.07
  SINCE SEP 1      3.79                      2.40   1.39
  SINCE JAN 1     12.32                     14.60  -2.28

SNOWFALL (IN)
  YESTERDAY        0.0
  MONTH TO DATE    0.0
  SINCE SEP 1      0.0
  SINCE JUL 1      0.0

DEGREE DAYS
 HEATING
  YESTERDAY        4                        11     -7
  MONTH TO DATE  125                       168    -43
  SINCE SEP 1    172                       246    -74
  SINCE JUL 1    172                       252    -80

 COOLING
  YESTERDAY        0                         0      0
  MONTH TO DATE    5                         6     -1
  SINCE SEP 1    116                       108      8
  SINCE JAN 1   1120                       905    215
...............................................................


WIND (MPH)
  HIGHEST WIND SPEED    23   HIGHEST WIND DIRECTION    SW (220)
  HIGHEST GUST SPEED    29   HIGHEST GUST DIRECTION    SW (230)
  AVERAGE WIND SPEED    11.5


SKY COVER
  AVERAGE SKY COVER 0.0


WEATHER CONDITIONS
 THE FOLLOWING WEATHER WAS RECORDED YESTERDAY.
  NO SIGNIFICANT WEATHER WAS OBSERVED.


RELATIVE HUMIDITY (PERCENT)
 HIGHEST    86          1200 AM
 LOWEST     35           100 PM
 AVERAGE    61

..........................................................


THE CLAYTON  NM CLIMATE NORMALS FOR TODAY
                         NORMAL    RECORD    YEAR
 MAXIMUM TEMPERATURE (F)   67        89      2007
 MINIMUM TEMPERATURE (F)   40        20      1916


SUNRISE AND SUNSET
OCTOBER 20 2014.......SUNRISE   704 AM MDT   SUNSET   610 PM MDT
OCTOBER 21 2014.......SUNRISE   705 AM MDT   SUNSET   609 PM MDT


-  INDICATES NEGATIVE NUMBERS.
R  INDICATES RECORD WAS SET OR TIED.
MM INDICATES DATA IS MISSING.
T  INDICATES TRACE AMOUNT.




$$
