000
CDUS45 KABQ 230827
CLICAO


CLIMATE REPORT
NATIONAL WEATHER SERVICE ALBUQUERQUE NM
226 AM MDT SUN JUL 23 2017


...................................

...THE CLAYTON  NM CLIMATE SUMMARY FOR JULY 22 2017...

CLIMATE NORMAL PERIOD 1981 TO 2010
CLIMATE RECORD PERIOD 1896 TO 2017


WEATHER ITEM   OBSERVED TIME   RECORD YEAR NORMAL DEPARTURE
                VALUE   (LST)  VALUE       VALUE  FROM
                                                  NORMAL
...............................................................
TEMPERATURE (F)
 YESTERDAY
  MAXIMUM         93    240 PM 102    2016  89      4
  MINIMUM         64   1032 PM  52    1919  61      3
  AVERAGE         79                        75      4

PRECIPITATION (IN)
  YESTERDAY        0.00          1.15 1966   0.10  -0.10
  MONTH TO DATE    0.35                      1.79  -1.44
  SINCE JUN 1      1.04                      3.92  -2.88
  SINCE JAN 1      8.79                      8.39   0.40

SNOWFALL (IN)
  YESTERDAY        0.0
  MONTH TO DATE    0.0
  SINCE JUN 1      0.0
  SINCE JUL 1      0.0

DEGREE DAYS
 HEATING
  YESTERDAY        0                         0      0
  MONTH TO DATE    0                         0      0
  SINCE JUN 1      2                        23    -21
  SINCE JUL 1      0                         0      0

 COOLING
  YESTERDAY       14                        10      4
  MONTH TO DATE  257                       216     41
  SINCE JUN 1    455                       399     56
  SINCE JAN 1    487                       450     37
...............................................................


WIND (MPH)
  HIGHEST WIND SPEED    25   HIGHEST WIND DIRECTION    NW (320)
  HIGHEST GUST SPEED    31   HIGHEST GUST DIRECTION    NW (310)
  AVERAGE WIND SPEED    11.1


SKY COVER
  AVERAGE SKY COVER 0.0


WEATHER CONDITIONS
 THE FOLLOWING WEATHER WAS RECORDED YESTERDAY.
  NO SIGNIFICANT WEATHER WAS OBSERVED.


RELATIVE HUMIDITY (PERCENT)
 HIGHEST    73           400 AM
 LOWEST     26           200 PM
 AVERAGE    50

..........................................................


THE CLAYTON  NM CLIMATE NORMALS FOR TODAY
                         NORMAL    RECORD    YEAR
 MAXIMUM TEMPERATURE (F)   88       101      2016
 MINIMUM TEMPERATURE (F)   61        50      1943
                                             1919


SUNRISE AND SUNSET
JULY 23 2017..........SUNRISE   552 AM MDT   SUNSET   806 PM MDT
JULY 24 2017..........SUNRISE   553 AM MDT   SUNSET   805 PM MDT


-  INDICATES NEGATIVE NUMBERS.
R  INDICATES RECORD WAS SET OR TIED.
MM INDICATES DATA IS MISSING.
T  INDICATES TRACE AMOUNT.




$$
