000
CDUS45 KABQ 050830
CLICAO


CLIMATE REPORT
NATIONAL WEATHER SERVICE ALBUQUERQUE NM
229 AM MDT SUN JUL 5 2015


...................................

...THE CLAYTON  NM CLIMATE SUMMARY FOR JULY 4 2015...

CLIMATE NORMAL PERIOD 1981 TO 2010
CLIMATE RECORD PERIOD 1896 TO 2015


WEATHER ITEM   OBSERVED TIME   RECORD YEAR NORMAL DEPARTURE
                VALUE   (LST)  VALUE       VALUE  FROM
                                                  NORMAL
...............................................................
TEMPERATURE (F)
 YESTERDAY
  MAXIMUM         92    319 PM 101    1928  89      3
  MINIMUM         62    509 AM  41    1915  60      2
  AVERAGE         77                        74      3

PRECIPITATION (IN)
  YESTERDAY        0.00          2.00 1976   0.08  -0.08
  MONTH TO DATE    0.41                      0.31   0.10
  SINCE JUN 1      1.97                      2.44  -0.47
  SINCE JAN 1     13.50                      6.91   6.59

SNOWFALL (IN)
  YESTERDAY        0.0
  MONTH TO DATE    0.0
  SINCE JUN 1      0.0
  SINCE JUL 1      0.0

DEGREE DAYS
 HEATING
  YESTERDAY        0                         0      0
  MONTH TO DATE    0                         0      0
  SINCE JUN 1      2                        23    -21
  SINCE JUL 1      0                         0      0

 COOLING
  YESTERDAY       12                         9      3
  MONTH TO DATE   48                        36     12
  SINCE JUN 1    293                       219     74
  SINCE JAN 1    298                       270     28
...............................................................


WIND (MPH)
  HIGHEST WIND SPEED    28   HIGHEST WIND DIRECTION     S (200)
  HIGHEST GUST SPEED    41   HIGHEST GUST DIRECTION     S (190)
  AVERAGE WIND SPEED    14.7


SKY COVER
  AVERAGE SKY COVER 0.0


WEATHER CONDITIONS
 THE FOLLOWING WEATHER WAS RECORDED YESTERDAY.
  NO SIGNIFICANT WEATHER WAS OBSERVED.


RELATIVE HUMIDITY (PERCENT)
 HIGHEST    93           100 AM
 LOWEST     30           100 PM
 AVERAGE    62

..........................................................


THE CLAYTON  NM CLIMATE NORMALS FOR TODAY
                         NORMAL    RECORD    YEAR
 MAXIMUM TEMPERATURE (F)   89        99      1996
                                             1966
                                             1932
 MINIMUM TEMPERATURE (F)   60        45      1958


SUNRISE AND SUNSET
JULY  5 2015..........SUNRISE   540 AM MDT   SUNSET   814 PM MDT
JULY  6 2015..........SUNRISE   541 AM MDT   SUNSET   814 PM MDT


-  INDICATES NEGATIVE NUMBERS.
R  INDICATES RECORD WAS SET OR TIED.
MM INDICATES DATA IS MISSING.
T  INDICATES TRACE AMOUNT.




$$
