363
CDUS41 KCAR 242032
CLICAR


CLIMATE REPORT
NATIONAL WEATHER SERVICE CARIBOU, ME
431 PM EDT SUN SEP 24 2017


...................................

...THE CARIBOU ME CLIMATE SUMMARY FOR SEPTEMBER 24 2017...
VALID TODAY AS OF 0400 PM LOCAL TIME.

CLIMATE NORMAL PERIOD 1981 TO 2010
CLIMATE RECORD PERIOD 1939 TO 2017


WEATHER ITEM   OBSERVED TIME   RECORD YEAR NORMAL DEPARTURE LAST
                VALUE   (LST)  VALUE       VALUE  FROM      YEAR
                                                  NORMAL
..................................................................
TEMPERATURE (F)
 TODAY
  MAXIMUM         85R   150 PM  80    1958  62     23       55
  MINIMUM         57   1231 AM  27    1963  42     15       38
                                      1953
                                      1939
  AVERAGE         71                        52     19       47

PRECIPITATION (IN)
  TODAY            0.00          1.33 1967   0.11  -0.11     0.00
  MONTH TO DATE    2.84                      2.64   0.20     2.47
  SINCE SEP 1      2.84                      2.64   0.20     2.47
  SINCE JAN 1     28.70                     27.38   1.32    33.58

SNOWFALL (IN)
  TODAY            0.0           0.0  2002   0.0    0.0      0.0
                                      2001
  MONTH TO DATE    0.0                       0.0    0.0      0.0
  SINCE SEP 1      0.0                       0.0    0.0      0.0
  SINCE JUL 1      0.0                       0.0    0.0      0.0
  SNOW DEPTH       0

DEGREE DAYS
 HEATING
  TODAY            0                        13    -13       18
  MONTH TO DATE   93                       223   -130      106
  SINCE SEP 1     93                       223   -130      106
  SINCE JUL 1    217                       377   -160      186

 COOLING
  TODAY            6                         0      6        0
  MONTH TO DATE   17                        10      7       22
  SINCE SEP 1     17                        10      7       22
  SINCE JAN 1    204                       179     25      275
..................................................................


WIND (MPH)
  HIGHEST WIND SPEED     9   HIGHEST WIND DIRECTION     S (190)
  HIGHEST GUST SPEED    13   HIGHEST GUST DIRECTION     S (190)
  AVERAGE WIND SPEED     4.4


SKY COVER
  POSSIBLE SUNSHINE  MM
  AVERAGE SKY COVER 0.5


WEATHER CONDITIONS
 THE FOLLOWING WEATHER WAS RECORDED TODAY.
  NO SIGNIFICANT WEATHER WAS OBSERVED.


RELATIVE HUMIDITY (PERCENT)
 HIGHEST    93          1200 AM
 LOWEST     55           200 PM
 AVERAGE    74

..........................................................


THE CARIBOU ME CLIMATE NORMALS FOR TOMORROW
                         NORMAL    RECORD    YEAR
 MAXIMUM TEMPERATURE (F)   61        83      2007
 MINIMUM TEMPERATURE (F)   41        24      1939


SUNRISE AND SUNSET
SEPTEMBER 24 2017.....SUNRISE   622 AM EDT   SUNSET   625 PM EDT
SEPTEMBER 25 2017.....SUNRISE   623 AM EDT   SUNSET   623 PM EDT


-  INDICATES NEGATIVE NUMBERS.
R  INDICATES RECORD WAS SET OR TIED.
MM INDICATES DATA IS MISSING.
T  INDICATES TRACE AMOUNT.

..................................................................
THE CARIBOU ME 4 INCH UNDER SOD SOIL TEMPERATURE FOR SEPT 24, 2017

MAXIMUM 69F
MINIMUM 66F

$$
