000
CDUS41 KCAR 242027
CLICAR

CLIMATE REPORT
NATIONAL WEATHER SERVICE CARIBOU, ME
426 PM EDT WED AUG 24 2016


...................................

...THE CARIBOU ME CLIMATE SUMMARY FOR AUGUST 24 2016...
VALID TODAY AS OF 0400 PM LOCAL TIME.

CLIMATE NORMAL PERIOD 1981 TO 2010
CLIMATE RECORD PERIOD 1939 TO 2016


WEATHER ITEM   OBSERVED TIME   RECORD YEAR NORMAL DEPARTURE LAST
                VALUE   (LST)  VALUE       VALUE  FROM      YEAR
                                                  NORMAL
..................................................................
TEMPERATURE (F)
 TODAY
  MAXIMUM         81    154 PM  88    2014  73      8       79
  MINIMUM         58    521 AM  37    1975  52      6       66
  AVERAGE         70                        62      8       73

PRECIPITATION (IN)
  TODAY            0.22          1.61 1986   0.12   0.10     0.06
  MONTH TO DATE    5.30                      2.96   2.34     3.32
  SINCE JUN 1     14.59                     10.52   4.07    10.76
  SINCE JAN 1     30.52                     23.94   6.58    21.61

SNOWFALL (IN)
  TODAY            0.0           0.0  2002   0.0    0.0      0.0
                                      2001
  MONTH TO DATE    0.0                       0.0    0.0      0.0
  SINCE JUN 1      0.0                       0.0    0.0      0.0
  SINCE JUL 1      0.0                       0.0    0.0      0.0
  SNOW DEPTH       0

DEGREE DAYS
 HEATING
  TODAY            0                         4     -4        0
  MONTH TO DATE   27                        62    -35       10
  SINCE JUN 1    219                       285    -66      287
  SINCE JUL 1     75                       120    -45       75

 COOLING
  TODAY            5                         1      4        8
  MONTH TO DATE   66                        44     22      104
  SINCE JUN 1    220                       155     65      166
  SINCE JAN 1    228                       160     68      187
..................................................................


WIND (MPH)
  HIGHEST WIND SPEED    17   HIGHEST WIND DIRECTION     W (250)
  HIGHEST GUST SPEED    22   HIGHEST GUST DIRECTION    SW (240)
  AVERAGE WIND SPEED     7.0


SKY COVER
  POSSIBLE SUNSHINE  MM
  AVERAGE SKY COVER 0.2


WEATHER CONDITIONS
 THE FOLLOWING WEATHER WAS RECORDED TODAY.
  HEAVY RAIN
  RAIN
  LIGHT RAIN
  FOG


RELATIVE HUMIDITY (PERCENT)
 HIGHEST    97           300 AM
 LOWEST     58           200 PM
 AVERAGE    78

..........................................................


THE CARIBOU ME CLIMATE NORMALS FOR TOMORROW
                         NORMAL    RECORD    YEAR
 MAXIMUM TEMPERATURE (F)   73        88      2014
 MINIMUM TEMPERATURE (F)   51        34      2003


SUNRISE AND SUNSET
AUGUST 24 2016........SUNRISE   542 AM EDT   SUNSET   726 PM EDT
AUGUST 25 2016........SUNRISE   543 AM EDT   SUNSET   724 PM EDT


-  INDICATES NEGATIVE NUMBERS.
R  INDICATES RECORD WAS SET OR TIED.
MM INDICATES DATA IS MISSING.
T  INDICATES TRACE AMOUNT.

.....................................................................

THE CARIBOU ME 4-INCH UNDER SOD SOIL TEMPERATURE AUG 23 2016:

MAXIMUM SOIL TEMPERATURE: 72 F
MINIMUM SOIL TEMPERATURE: 66 F

$$
