000
CDUS41 KCAR 300548
CLICAR

CLIMATE REPORT
NATIONAL WEATHER SERVICE CARIBOU, ME
134 AM EDT SAT JUL 30 2016


...................................

...THE CARIBOU ME CLIMATE SUMMARY FOR JULY 29 2016...

CLIMATE NORMAL PERIOD 1981 TO 2010
CLIMATE RECORD PERIOD 1939 TO 2016


WEATHER ITEM   OBSERVED TIME   RECORD YEAR NORMAL DEPARTURE LAST
                VALUE   (LST)  VALUE       VALUE  FROM      YEAR
                                                  NORMAL
..................................................................
TEMPERATURE (F)
 YESTERDAY
  MAXIMUM         79    336 PM  89    1990  76      3       80
                                      1970
  MINIMUM         59    436 AM  43    1996  55      4       54
                                      1987
  AVERAGE         69                        66      3       67

PRECIPITATION (IN)
  YESTERDAY        0.00          1.13 1958   0.12  -0.12     0.00
  MONTH TO DATE    5.64                      3.84   1.80     3.15
  SINCE JUN 1      9.29                      7.32   1.97     7.40
  SINCE JAN 1     25.22                     20.74   4.48    18.25

SNOWFALL (IN)
  YESTERDAY        0.0           0.0  2002   0.0    0.0      0.0
                                      2001
  MONTH TO DATE    0.0                       0.0    0.0      0.0
  SINCE JUN 1      0.0                       0.0    0.0      0.0
  SINCE JUL 1      0.0                       0.0    0.0      0.0
  SNOW DEPTH       0

DEGREE DAYS
 HEATING
  YESTERDAY        0                         2     -2        0
  MONTH TO DATE   48                        60    -12       65
  SINCE JUN 1    192                       225    -33      277
  SINCE JUL 1     48                        60    -12       65

 COOLING
  YESTERDAY        4                         3      1        2
  MONTH TO DATE  106                        73     33       45
  SINCE JUN 1    151                       107     44       51
  SINCE JAN 1    159                       112     47       72
..................................................................


WIND (MPH)
  HIGHEST WIND SPEED    12   HIGHEST WIND DIRECTION     N (360)
  HIGHEST GUST SPEED    15   HIGHEST GUST DIRECTION     N (350)
  AVERAGE WIND SPEED     3.8


SKY COVER
  POSSIBLE SUNSHINE  MM
  AVERAGE SKY COVER 0.4


WEATHER CONDITIONS
 THE FOLLOWING WEATHER WAS RECORDED YESTERDAY.
  FOG
  FOG W/VISIBILITY <= 1/4 MILE


RELATIVE HUMIDITY (PERCENT)
 HIGHEST   100          1200 AM
 LOWEST     48           200 PM
 AVERAGE    74

..........................................................


THE CARIBOU ME CLIMATE NORMALS FOR TODAY
                         NORMAL    RECORD    YEAR
 MAXIMUM TEMPERATURE (F)   76        90      1988
                                             1959
 MINIMUM TEMPERATURE (F)   55        40      1952


SUNRISE AND SUNSET
JULY 30 2016..........SUNRISE   510 AM EDT   SUNSET   806 PM EDT
JULY 31 2016..........SUNRISE   511 AM EDT   SUNSET   805 PM EDT


-  INDICATES NEGATIVE NUMBERS.
R  INDICATES RECORD WAS SET OR TIED.
MM INDICATES DATA IS MISSING.
T  INDICATES TRACE AMOUNT.

---------------------------------------------------------------------

THE CARIBOU ME 4-INCH UNDER SOD SOIL TEMP FOR JULY 29 2016:

MAXIMUM SOIL TEMPERATURE: 76 F
MINIMUM SOIL TEMPERATURE: 71 F

$$
