000
CDUS41 KCAR 240528
CLICAR


CLIMATE REPORT
NATIONAL WEATHER SERVICE CARIBOU, ME
127 AM EDT THU APR 24 2014


...................................

...THE CARIBOU ME CLIMATE SUMMARY FOR APRIL 23 2014...

CLIMATE NORMAL PERIOD 1981 TO 2010
CLIMATE RECORD PERIOD 1939 TO 2014


WEATHER ITEM   OBSERVED TIME   RECORD YEAR NORMAL DEPARTURE LAST
                VALUE   (LST)  VALUE       VALUE  FROM      YEAR
                                                  NORMAL
..................................................................
TEMPERATURE (F)
 YESTERDAY
  MAXIMUM         47    120 PM  77    2007  52     -5       55
  MINIMUM         34   1159 PM  21    1994  33      1       28
  AVERAGE         41                        42     -1       42

PRECIPITATION (IN)
  YESTERDAY        0.83          1.42 2012   0.09   0.74     0.00
  MONTH TO DATE    3.57                      2.04   1.53     1.30
  SINCE MAR 1      7.01                      4.55   2.46     3.04
  SINCE JAN 1     13.23                      9.47   3.76     8.41

SNOWFALL (IN)
  YESTERDAY        T             4.3  1969   0.2   -0.2      0.0
  MONTH TO DATE    5.9                       6.8   -0.9      4.3
  SINCE MAR 1     48.0                      25.1   22.9     19.5
  SINCE JUL 1    147.4                     107.6   39.8    106.9
  SNOW DEPTH       0

DEGREE DAYS
 HEATING
  YESTERDAY       24                        23      1       23
  MONTH TO DATE  652                       650      2      668
  SINCE MAR 1   2192                      1904    288     1753
  SINCE JUL 1   8846                      8625    221     7901

 COOLING
  YESTERDAY        0                         0      0        0
  MONTH TO DATE    0                         0      0        0
  SINCE MAR 1      0                         0      0        0
  SINCE JAN 1      0                         0      0        0
..................................................................


WIND (MPH)
  HIGHEST WIND SPEED    18   HIGHEST WIND DIRECTION     N (340)
  HIGHEST GUST SPEED    24   HIGHEST GUST DIRECTION     N (340)
  AVERAGE WIND SPEED     8.5


SKY COVER
  POSSIBLE SUNSHINE  MM
  AVERAGE SKY COVER 1.0


WEATHER CONDITIONS
 THE FOLLOWING WEATHER WAS RECORDED YESTERDAY.
  RAIN
  LIGHT RAIN
  LIGHT SNOW
  FOG


RELATIVE HUMIDITY (PERCENT)
 HIGHEST   100           600 AM
 LOWEST     89          1200 AM
 AVERAGE    95

..........................................................


THE CARIBOU ME CLIMATE NORMALS FOR TODAY
                         NORMAL    RECORD    YEAR
 MAXIMUM TEMPERATURE (F)   53        80      1942
 MINIMUM TEMPERATURE (F)   33        20      2004


SUNRISE AND SUNSET
APRIL 24 2014.........SUNRISE   529 AM EDT   SUNSET   733 PM EDT
APRIL 25 2014.........SUNRISE   527 AM EDT   SUNSET   734 PM EDT


-  INDICATES NEGATIVE NUMBERS.
R  INDICATES RECORD WAS SET OR TIED.
MM INDICATES DATA IS MISSING.
T  INDICATES TRACE AMOUNT.




$$
