000
CDUS41 KCAR 270527
CLICAR


CLIMATE REPORT
NATIONAL WEATHER SERVICE CARIBOU, ME
1226 AM EST THU NOV 27 2014


...................................

...THE CARIBOU ME CLIMATE SUMMARY FOR NOVEMBER 26 2014...

CLIMATE NORMAL PERIOD 1981 TO 2010
CLIMATE RECORD PERIOD 1939 TO 2014


WEATHER ITEM   OBSERVED TIME   RECORD YEAR NORMAL DEPARTURE LAST
                VALUE   (LST)  VALUE       VALUE  FROM      YEAR
                                                  NORMAL
..................................................................
TEMPERATURE (F)
 YESTERDAY
  MAXIMUM         41    137 AM  61    1953  34      7       33
  MINIMUM         25   1159 PM   0    1940  20      5       19
  AVERAGE         33                        27      6       26

PRECIPITATION (IN)
  YESTERDAY        0.21          1.04 1946   0.12   0.09     0.02
  MONTH TO DATE    2.86                      3.16  -0.30     2.11
  SINCE SEP 1     11.24                     10.01   1.23    11.66
  SINCE JAN 1     39.90                     34.75   5.15    44.68

SNOWFALL (IN)
  YESTERDAY        2.8          14.8  1974   0.5    2.3      0.4
  MONTH TO DATE   21.1                       8.4   12.7      6.2
  SINCE SEP 1     21.1                      10.1   11.0      7.2
  SINCE JUL 1     21.1                      10.1   11.0      7.2
  SNOW DEPTH       0

DEGREE DAYS
 HEATING
  YESTERDAY       32                        38     -6       39
  MONTH TO DATE  867                       849     18      834
  SINCE SEP 1   1702                      1835   -133     1676
  SINCE JUL 1   1760                      1989   -229     1790

 COOLING
  YESTERDAY        0                         0      0        0
  MONTH TO DATE    0                         0      0        0
  SINCE SEP 1     25                        11     14       13
  SINCE JAN 1    266                       180     86      192
..................................................................


WIND (MPH)
  HIGHEST WIND SPEED    21   HIGHEST WIND DIRECTION     W (250)
  HIGHEST GUST SPEED    29   HIGHEST GUST DIRECTION     N (20)
  AVERAGE WIND SPEED     9.6


SKY COVER
  POSSIBLE SUNSHINE  MM
  AVERAGE SKY COVER 0.6


WEATHER CONDITIONS
 THE FOLLOWING WEATHER WAS RECORDED YESTERDAY.
  LIGHT SNOW
  FOG


RELATIVE HUMIDITY (PERCENT)
 HIGHEST    92           900 PM
 LOWEST     51           200 PM
 AVERAGE    72

..........................................................


THE CARIBOU ME CLIMATE NORMALS FOR TODAY
                         NORMAL    RECORD    YEAR
 MAXIMUM TEMPERATURE (F)   33        59      1999
 MINIMUM TEMPERATURE (F)   20        -3      1978


SUNRISE AND SUNSET
NOVEMBER 27 2014......SUNRISE   651 AM EST   SUNSET   348 PM EST
NOVEMBER 28 2014......SUNRISE   653 AM EST   SUNSET   347 PM EST


-  INDICATES NEGATIVE NUMBERS.
R  INDICATES RECORD WAS SET OR TIED.
MM INDICATES DATA IS MISSING.
T  INDICATES TRACE AMOUNT.




$$
