000
CDUS41 KCAR 200526
CLICAR


CLIMATE REPORT
NATIONAL WEATHER SERVICE CARIBOU, ME
1226 AM EST FRI JAN 20 2017


...................................

...THE CARIBOU ME CLIMATE SUMMARY FOR JANUARY 19 2017...

CLIMATE NORMAL PERIOD 1981 TO 2010
CLIMATE RECORD PERIOD 1939 TO 2017


WEATHER ITEM   OBSERVED TIME   RECORD YEAR NORMAL DEPARTURE LAST
                VALUE   (LST)  VALUE       VALUE  FROM      YEAR
                                                  NORMAL
..................................................................
TEMPERATURE (F)
 YESTERDAY
  MAXIMUM         30   1159 PM  51    1996  19     11       20
  MINIMUM         18    445 AM -32    1997   0     18        5
  AVERAGE         24                         9     15       13

PRECIPITATION (IN)
  YESTERDAY        0.17          0.83 2004   0.09   0.08     0.02
  MONTH TO DATE    1.63                      1.68  -0.05     1.29
  SINCE DEC 1      5.83                      4.95   0.88     6.17
  SINCE JAN 1      1.63                      1.68  -0.05     1.29

SNOWFALL (IN)
  YESTERDAY        1.8          12.8  2004   0.8    0.0      0.3
  MONTH TO DATE   12.0                      15.4   -3.4      9.8
  SINCE DEC 1     53.2                      38.3   14.9     37.6
  SINCE JUL 1     73.4                      50.5   22.9     41.7
  SNOW DEPTH      21

DEGREE DAYS
 HEATING
  YESTERDAY       41                        56    -15       52
  MONTH TO DATE  962                      1037    -75      912
  SINCE DEC 1   2455                      2486    -31     2034
  SINCE JUL 1   4142                      4631   -489     3852

 COOLING
  YESTERDAY        0                         0      0        0
  MONTH TO DATE    0                         0      0        0
  SINCE DEC 1      0                         0      0        0
  SINCE JAN 1      0                         0      0        0
..................................................................


WIND (MPH)
  HIGHEST WIND SPEED    13   HIGHEST WIND DIRECTION     S (160)
  HIGHEST GUST SPEED    18   HIGHEST GUST DIRECTION     S (180)
  AVERAGE WIND SPEED     4.2


SKY COVER
  POSSIBLE SUNSHINE  MM
  AVERAGE SKY COVER 1.0


WEATHER CONDITIONS
 THE FOLLOWING WEATHER WAS RECORDED YESTERDAY.
  LIGHT SNOW
  FOG


RELATIVE HUMIDITY (PERCENT)
 HIGHEST    92           700 PM
 LOWEST     74          1200 AM
 AVERAGE    83

..........................................................


THE CARIBOU ME CLIMATE NORMALS FOR TODAY
                         NORMAL    RECORD    YEAR
 MAXIMUM TEMPERATURE (F)   19        50      1996
 MINIMUM TEMPERATURE (F)    0       -28      1994


SUNRISE AND SUNSET
JANUARY 20 2017.......SUNRISE   709 AM EST   SUNSET   418 PM EST
JANUARY 21 2017.......SUNRISE   708 AM EST   SUNSET   419 PM EST


-  INDICATES NEGATIVE NUMBERS.
R  INDICATES RECORD WAS SET OR TIED.
MM INDICATES DATA IS MISSING.
T  INDICATES TRACE AMOUNT.




$$
