000
CDUS41 KCAR 281808 CCA
CLICAR

CLIMATE REPORT
NATIONAL WEATHER SERVICE CARIBOU, ME
1228 AM EST WED JAN 28 2015


...................................

...THE CARIBOU ME CLIMATE SUMMARY FOR JANUARY 27 2015...

CLIMATE NORMAL PERIOD 1981 TO 2010
CLIMATE RECORD PERIOD 1939 TO 2015


WEATHER ITEM   OBSERVED TIME   RECORD YEAR NORMAL DEPARTURE LAST
                VALUE   (LST)  VALUE       VALUE  FROM      YEAR
                                                  NORMAL
..................................................................
TEMPERATURE (F)
 YESTERDAY
  MAXIMUM         10   1159 PM  52    1986  19     -9       25
  MINIMUM         -1    435 AM -27    2009   0     -1       -5
  AVERAGE          5                        10     -5       10

PRECIPITATION (IN)
  YESTERDAY       0.46          1.04 1996   0.09   0.37     0.43
  MONTH TO DATE   2.14                      2.38  -0.24     3.99
 SINCE DEC 1      8.02                      5.65   2.37     7.57
 SINCE JAN 1      2.14                      2.38  -0.24     3.99

SNOWFALL (IN)
  YESTERDAY        7.2           9.9  1963   0.9    6.3      6.0
  MONTH TO DATE   21.1                      22.0   -0.9     17.2
  SINCE DEC 1     48.2                      44.9    3.3     62.0
  SINCE JUL 1     77.0                      57.1   19.9     72.1
  SNOW DEPTH      10

DEGREE DAYS
 HEATING
  YESTERDAY       60                        55      5       55
  MONTH TO DATE 1528                      1481     47     1404
  SINCE DEC 1   2843                      2930    -87     3013
  SINCE JUL 1   4795                      5075   -280     4969

 COOLING
  YESTERDAY        0                         0      0        0
  MONTH TO DATE    0                         0      0        0
  SINCE DEC 1      0                         0      0        0
  SINCE JAN 1      0                         0      0        0
..................................................................


WIND (MPH)
  HIGHEST WIND SPEED    23   HIGHEST WIND DIRECTION     N (20)
  HIGHEST GUST SPEED    35   HIGHEST GUST DIRECTION    NE (30)
  AVERAGE WIND SPEED    15.5


SKY COVER
  POSSIBLE SUNSHINE  MM
  AVERAGE SKY COVER 0.7


WEATHER CONDITIONS
 THE FOLLOWING WEATHER WAS RECORDED YESTERDAY.
  HEAVY SNOW
  SNOW
  LIGHT SNOW
  FOG
  FOG W/VISIBILITY <= 1/4 MILE
  HAZE


RELATIVE HUMIDITY (PERCENT)
 HIGHEST    86          1200 PM
 LOWEST     59          1200 AM
 AVERAGE    73

..........................................................


THE CARIBOU ME CLIMATE NORMALS FOR TODAY
                         NORMAL    RECORD    YEAR
 MAXIMUM TEMPERATURE (F)   19        45      1994
 MINIMUM TEMPERATURE (F)    0       -27      1972


SUNRISE AND SUNSET
JANUARY 28 2015.......SUNRISE   702 AM EST   SUNSET   429 PM EST
JANUARY 29 2015.......SUNRISE   701 AM EST   SUNSET   430 PM EST


-  INDICATES NEGATIVE NUMBERS.
R  INDICATES RECORD WAS SET OR TIED.
MM INDICATES DATA IS MISSING.
T  INDICATES TRACE AMOUNT.




$$
