000
CDAK48 PACD 221202
CLICDB

CLIMATE REPORT
NATIONAL WEATHER SERVICE COLD BAY, AK
402 AM AKDT TUE JUL 22 2014

...................................
...THE COLD BAY AP CLIMATE SUMMARY FOR JULY 21 2014...

CLIMATE NORMAL PERIOD  1981 TO  2010
CLIMATE RECORD PERIOD  1955 TO  2014

WEATHER ITEM   OBSERVED TIME    RECORD YEAR NORMAL DEPARTURE LAST
               VALUE    (LST)   VALUE       VALUE  FROM      YEAR
                                                   NORMAL
...................................................................
TEMPERATURE
YESTERDAY
 MAXIMUM            61  0726 PM    70  1955     56       5     56
 MINIMUM            51  0223 AM    37  1971     47       4     51
 AVERAGE            56                          51       5     54

PRECIPITATION
(INCHES)
 YESTERDAY        0.01           1.77  1986   0.08   -0.07   0.12
 MONTH TO DATE    1.50                        1.60   -0.10   2.62
 SINCE JUN 1      2.55                        4.32   -1.77   5.44
 SINCE JAN 1     14.53                       18.18   -3.65  19.35

SNOWFALL
(INCHES)
 YESTERDAY         0.0            0.0  2014    0.0     0.0    0.0
 MONTH TO DATE     0.0                         0.0     0.0    0.0
 SINCE JUN 1       0.0                         0.0     0.0    0.0
 SINCE JUL 1       0.0                         0.0     0.0    0.0
 SNOW DEPTH (IN)     0                                          0

DEGREE DAYS
 HEATING
  YESTERDAY          9                          14      -5     11
  MONTH TO DATE    196                         308    -112    256
  SINCE JUN 1      641                         870    -229    765
  SINCE JUL 1      196                         308    -112    256

 COOLING
  YESTERDAY          0                           0       0      0
  MONTH TO DATE      0                           0       0      0
  SINCE JUN 1        0                           0       0      0
  SINCE JAN 1        0                           0       0      0
...................................................................

WIND (MPH)
 HIGHEST WIND SPEED    22     HIGHEST WIND DIRECTION    150
 HIGHEST GUST SPEED    26     HIGHEST GUST DIRECTION    140
 AVERAGE WIND SPEED  10.4


WEATHER CONDITIONS
 THE FOLLOWING WEATHER WAS RECORDED YESTERDAY.
  FOG
  RAIN

...................................................................

THE COLD BAY CLIMATE NORMALS FOR TODAY
                           NORMAL    RECORD   YEAR
 MAXIMUM TEMPERATURE (F)     56        67     1980
 MINIMUM TEMPERATURE (F)     47        41     2000

SUNRISE AND SUNSET
 JUL 22 2014..........SUNRISE  6:42 AM      SUNSET 11:12 PM
 JUL 23 2014..........SUNRISE  6:44 AM      SUNSET 11:11 PM

-  INDICATES NEGATIVE NUMBERS.
R  INDICATES RECORD HAS BEEN SET OR TIED.
MM INDICATES DATA IS MISSING.
T  INDICATES TRACE OF PRECIPITATION.

&&
-------------------------------------------------------------------

AMOUNT OF DAYLIGHT TODAY  (HOUR:MIN)........16 HOURS 30 MINUTES
LOSS SINCE YESTERDAY (HOUR:MIN:SEC).........-0:03:10

$$

RCS JUL 14
