000
CDAK48 PACD 271120
CLICDB

CLIMATE REPORT
NATIONAL WEATHER SERVICE COLD BAY, AK
220 AM AKST FRI FEB 27 2015

...................................
...THE COLD BAY AP CLIMATE SUMMARY FOR FEBRUARY 26 2015...

CLIMATE NORMAL PERIOD  1981 TO  2010
CLIMATE RECORD PERIOD  1942 TO  2015

WEATHER ITEM   OBSERVED TIME    RECORD YEAR NORMAL DEPARTURE LAST
               VALUE    (LST)   VALUE       VALUE  FROM      YEAR
                                                   NORMAL
...................................................................
TEMPERATURE
YESTERDAY
 MAXIMUM            41  0357 PM    46  1997     34       7     44
 MINIMUM            28  0223 AM     1  2008     25       3     34
 AVERAGE            35                          30       5     39

PRECIPITATION
(INCHES)
 YESTERDAY        0.01           1.61  1943   0.11   -0.10   0.33
 MONTH TO DATE    1.09                        2.78   -1.69   3.98
 SINCE DEC 1      5.42                       10.40   -4.98  12.62
 SINCE JAN 1      2.50                        5.94   -3.44   8.31

SNOWFALL
(INCHES)
 YESTERDAY         0.0            8.8  1984    0.5    -0.5    0.1
 MONTH TO DATE     1.0                        12.0   -11.0   13.2
 SINCE DEC 1       4.8                        38.7   -33.9   25.5
 SINCE JUL 1       8.7                        51.3   -42.6   29.1
 SNOW DEPTH (IN)     0                                          T

DEGREE DAYS
 HEATING
  YESTERDAY         30                          35      -5     26
  MONTH TO DATE    799                         938    -139    901
  SINCE DEC 1     2810                        3128    -318   2574
  SINCE JUL 1     5322                        6154    -832   5090

 COOLING
  YESTERDAY          0                           0       0      0
  MONTH TO DATE      0                           0       0      0
  SINCE DEC 1        0                           0       0      0
  SINCE JAN 1        0                           0       0      0
...................................................................

WIND (MPH)
 HIGHEST WIND SPEED    30     HIGHEST WIND DIRECTION    140
 HIGHEST GUST SPEED    36     HIGHEST GUST DIRECTION    150
 AVERAGE WIND SPEED  16.4


WEATHER CONDITIONS
 THE FOLLOWING WEATHER WAS RECORDED YESTERDAY.
  RAIN

...................................................................

THE COLD BAY CLIMATE NORMALS FOR TODAY
                           NORMAL    RECORD   YEAR
 MAXIMUM TEMPERATURE (F)     34        47     2009
 MINIMUM TEMPERATURE (F)     25        -1     1976

SUNRISE AND SUNSET
 FEB 27 2015..........SUNRISE  8:46 AM      SUNSET  7:23 PM
 FEB 28 2015..........SUNRISE  8:44 AM      SUNSET  7:25 PM

-  INDICATES NEGATIVE NUMBERS.
R  INDICATES RECORD HAS BEEN SET OR TIED.
MM INDICATES DATA IS MISSING.
T  INDICATES TRACE OF PRECIPITATION.

&&
-------------------------------------------------------------------

AMOUNT OF DAYLIGHT TODAY  (HOUR:MIN)........10 HOURS 37 MINUTES
GAIN SINCE YESTERDAY (HOUR:MIN:SEC).........+0:04:29

$$

RCS FEB 15
