739
CDAK48 PACD 270003
CLICDB

CLIMATE REPORT
NATIONAL WEATHER SERVICE COLD BAY, AK
403 PM AKDT TUE JUL 26 2016

...................................
...THE COLD BAY AP CLIMATE SUMMARY FOR JULY 26 2016...
VALID TODAY AS OF 2:00 PM LOCAL TIME

CLIMATE NORMAL PERIOD  1981 TO  2010
CLIMATE RECORD PERIOD  1942 TO  2016

WEATHER ITEM   OBSERVED TIME    RECORD YEAR NORMAL DEPARTURE LAST
               VALUE    (LST)   VALUE       VALUE  FROM      YEAR
                                                   NORMAL
...................................................................
TEMPERATURE
TODAY
 MAXIMUM            58  1237 PM    69  1987     56       2     53
 MINIMUM            50  0345 AM    39  1974     47       3     47
 AVERAGE            54                          52       2     50

PRECIPITATION
(INCHES)
 TODAY               T           1.07  1982   0.09   -0.09   0.03
 MONTH TO DATE    1.56                        2.03   -0.47   2.21
 SINCE JUN 1      3.29                        4.75   -1.46   3.32
 SINCE JAN 1     15.71                       18.61   -2.90  16.17

SNOWFALL
(INCHES)
 TODAY             0.0            0.0  2016    0.0     0.0    0.0
 MONTH TO DATE     0.0                         0.0     0.0    0.0
 SINCE JUN 1       0.0                         0.0     0.0    0.0
 SINCE JUL 1       0.0                         0.0     0.0    0.0
 SNOW DEPTH (IN)     0                                          0

DEGREE DAYS
 HEATING
  TODAY             11                          13      -2     15
  MONTH TO DATE    260                         373    -113    341
  SINCE JUN 1      727                         935    -208    801
  SINCE JUL 1      260                         373    -113    341

 COOLING
  TODAY              0                           0       0      0
  MONTH TO DATE      0                           0       0      0
  SINCE JUN 1        0                           0       0      0
  SINCE JAN 1        0                           0       0      0
...................................................................

WIND (MPH)
 HIGHEST WIND SPEED    16     HIGHEST WIND DIRECTION    300
 HIGHEST GUST SPEED    20     HIGHEST GUST DIRECTION    340
 AVERAGE WIND SPEED    MM

WEATHER CONDITIONS
 THE FOLLOWING WEATHER WAS RECORDED TODAY.
  FOG
  RAIN
...................................................................

THE COLD BAY CLIMATE NORMALS FOR TOMORROW
                        NORMAL    RECORD   YEAR
 MAXIMUM TEMPERATURE      56        69     1969
 MINIMUM TEMPERATURE      47        39     1972

SUNRISE AND SUNSET
 JUL 26 2016..........SUNRISE  6:50 AM      SUNSET 11:05 PM
 JUL 27 2016..........SUNRISE  6:52 AM      SUNSET 11:03 PM

-  INDICATES NEGATIVE NUMBERS.
R  INDICATES RECORD HAS BEEN SET OR TIED.
MM INDICATES DATA IS MISSING.
T  INDICATES TRACE OF PRECIPITATION.

&&
-------------------------------------------------------------------

AMOUNT OF DAYLIGHT TODAY  (HOUR:MIN)........16 HOURS 15 MINUTES
LOSS SINCE YESTERDAY  (HOUR:MIN:SEC)........-0:03:27

$$
DAB JUL 16
