000
CDAK48 PAFC 291316
CLICDB

CLIMATE REPORT
NATIONAL WEATHER SERVICE ANCHORAGE, AK
514 AM AKDT WED MAR 29 2017


...................................

...THE COLD BAY CLIMATE SUMMARY FOR MARCH 28 2017...

CLIMATE NORMAL PERIOD 1981 TO 2010
CLIMATE RECORD PERIOD 1942 TO 2017


WEATHER ITEM   OBSERVED TIME   RECORD YEAR NORMAL DEPARTURE LAST
                VALUE   (LST)  VALUE       VALUE  FROM      YEAR
                                                  NORMAL
..................................................................
TEMPERATURE (F)
 YESTERDAY
  MAXIMUM         33    503 PM  47    1998  36     -3       44
                                      1981
                                      1977
  MINIMUM         16   1048 PM  -4    1976  26    -10       24
  AVERAGE         25                        31     -6       34

PRECIPITATION (IN)
  YESTERDAY        0.00          0.49 2009   0.08  -0.08     0.00
  MONTH TO DATE    0.01                      2.47  -2.46     0.99
  SINCE MAR 1      0.01                      2.47  -2.46     0.99
  SINCE JAN 1      6.99                      8.61  -1.62     7.47

SNOWFALL (IN)
  YESTERDAY        0.0           4.9  2009   0.4   -0.4      0.0
  MONTH TO DATE    T                        11.9  -11.9      0.0
  SINCE MAR 1      T                        11.9  -11.9      0.0
  SINCE JUL 1     36.6                      64.1  -27.5     38.3
  SNOW DEPTH       0

DEGREE DAYS
 HEATING
  YESTERDAY       40                        34      6       31
  MONTH TO DATE 1085                       977    108      839
  SINCE MAR 1   1085                       977    108      839
  SINCE JUL 1   6645                      7195   -550     6055

 COOLING
  YESTERDAY        0                         0      0        0
  MONTH TO DATE    0                         0      0        0
  SINCE MAR 1      0                         0      0        0
  SINCE JAN 1      0                         0      0        0
..................................................................


WIND (MPH)
  RESULTANT WIND SPEED   9   RESULTANT WIND DIRECTION   N (340)
  HIGHEST WIND SPEED    18   HIGHEST WIND DIRECTION     N (360)
  HIGHEST GUST SPEED    23   HIGHEST GUST DIRECTION     N (20)
  AVERAGE WIND SPEED     9.1



WEATHER CONDITIONS
 THE FOLLOWING WEATHER WAS RECORDED YESTERDAY.
  HAZE


RELATIVE HUMIDITY (PERCENT)
 HIGHEST    96
 LOWEST     58
 AVERAGE    77

..........................................................


THE COLD BAY CLIMATE NORMALS FOR TODAY
                         NORMAL    RECORD    YEAR
 MAXIMUM TEMPERATURE (F)   36        54      1948
 MINIMUM TEMPERATURE (F)   26        -2      1976


SUNRISE AND SUNSET
MARCH 29 2017.........SUNRISE   829 AM AKDT  SUNSET   923 PM AKDT
MARCH 30 2017.........SUNRISE   826 AM AKDT  SUNSET   925 PM AKDT

CIVIL TWILIGHT
MARCH 29 2017           START    752 AM GMT     END   1001 PM GMT
MARCH 30 2017           START    750 AM GMT     END   1003 PM GMT



-  INDICATES NEGATIVE NUMBERS.
R  INDICATES RECORD WAS SET OR TIED.
MM INDICATES DATA IS MISSING.
T  INDICATES TRACE AMOUNT.




$$
&&
------------------------------------------------------
AMOUNT OF DAYLIGHT TODAY  (HOUR:MIN)........12:54
GAIN/LOSS SINCE YESTERDAY (HOUR:MIN:SEC)....+0:04:31

$$
