000
CDAK48 PACD 281115
CLICDB

CLIMATE REPORT
NATIONAL WEATHER SERVICE COLD BAY, AK
315 AM AKDT FRI AUG 28 2015

...................................
...THE COLD BAY AP CLIMATE SUMMARY FOR AUGUST 27 2015...

CLIMATE NORMAL PERIOD  1981 TO  2010
CLIMATE RECORD PERIOD  1942 TO  2015

WEATHER ITEM   OBSERVED TIME    RECORD YEAR NORMAL DEPARTURE LAST
               VALUE    (LST)   VALUE       VALUE  FROM      YEAR
                                                   NORMAL
...................................................................
TEMPERATURE
YESTERDAY
 MAXIMUM            57  0750 AM    74  1953     56       1     56
 MINIMUM            50  1013 PM    39  1994     47       3     52
 AVERAGE            54                          52       2     54

PRECIPITATION
(INCHES)
 YESTERDAY        0.02           1.02  1944   0.14   -0.12   0.24
 MONTH TO DATE    1.18                        3.14   -1.96   2.82
 SINCE JUN 1      4.76                        8.34   -3.58   6.00
 SINCE JAN 1     17.61                       22.20   -4.59  17.98

SNOWFALL
(INCHES)
 YESTERDAY         0.0            0.0  2015    0.0     0.0    0.0
 MONTH TO DATE     0.0                         0.0     0.0    0.0
 SINCE JUN 1       0.0                         0.0     0.0    0.0
 SINCE JUL 1       0.0                         0.0     0.0    0.0
 SNOW DEPTH (IN)     0                                          0

DEGREE DAYS
 HEATING
  YESTERDAY         11                          13      -2     11
  MONTH TO DATE    322                         351     -29    215
  SINCE JUN 1     1182                        1351    -169    939
  SINCE JUL 1      722                         789     -67    494

 COOLING
  YESTERDAY          0                           0       0      0
  MONTH TO DATE      0                           0       0      0
  SINCE JUN 1        0                           0       0      0
  SINCE JAN 1        0                           0       0      0
...................................................................

WIND (MPH)
 HIGHEST WIND SPEED    30     HIGHEST WIND DIRECTION    270
 HIGHEST GUST SPEED    38     HIGHEST GUST DIRECTION    250
 AVERAGE WIND SPEED  20.3


WEATHER CONDITIONS
 THE FOLLOWING WEATHER WAS RECORDED YESTERDAY.
  FOG
  RAIN

...................................................................

THE COLD BAY CLIMATE NORMALS FOR TODAY
                           NORMAL    RECORD   YEAR
 MAXIMUM TEMPERATURE (F)     56        63     1962
 MINIMUM TEMPERATURE (F)     47        32     1999

SUNRISE AND SUNSET
 AUG 28 2015..........SUNRISE  7:50 AM      SUNSET  9:54 PM
 AUG 29 2015..........SUNRISE  7:52 AM      SUNSET  9:52 PM

-  INDICATES NEGATIVE NUMBERS.
R  INDICATES RECORD HAS BEEN SET OR TIED.
MM INDICATES DATA IS MISSING.
T  INDICATES TRACE OF PRECIPITATION.

&&
-------------------------------------------------------------------

AMOUNT OF DAYLIGHT TODAY  (HOUR:MIN)........14 HOURS 4 MINUTES
LOSS SINCE YESTERDAY  (HOUR:MIN:SEC)........-0:04:21

$$

RCS AUG 15
