000
CDAK48 PACD 271204
CLICDB

CLIMATE REPORT
NATIONAL WEATHER SERVICE COLD BAY, AK
404 AM AKDT WED MAY 27 2015

...................................
...THE COLD BAY AP CLIMATE SUMMARY FOR MAY 26 2015...

CLIMATE NORMAL PERIOD  1981 TO  2010
CLIMATE RECORD PERIOD  1942 TO  2015

WEATHER ITEM   OBSERVED TIME    RECORD YEAR NORMAL DEPARTURE LAST
               VALUE    (LST)   VALUE       VALUE  FROM      YEAR
                                                   NORMAL
...................................................................
TEMPERATURE
YESTERDAY
 MAXIMUM            48  1253 PM    65  1997     48       0     58
 MINIMUM            41  0153 AM    30  2000     37       4     45
 AVERAGE            45                          42       3     52

PRECIPITATION
(INCHES)
 YESTERDAY        0.58           0.80  2013   0.09    0.49   0.05
 MONTH TO DATE    3.76                        2.13    1.63   0.18
 SINCE MAR 1      8.87                        7.25    1.62   3.44
 SINCE JAN 1     11.38                       13.39   -2.01  11.89

SNOWFALL
(INCHES)
 YESTERDAY         0.0              T  2001    0.1    -0.1    0.0
 MONTH TO DATE       T                         1.3    -1.3      T
 SINCE MAR 1      13.6                        20.9    -7.3    8.2
 SINCE JUL 1      22.3                        73.1   -50.8   37.3
 SNOW DEPTH (IN)     0                                          0

DEGREE DAYS
 HEATING
  YESTERDAY         20                          23      -3     13
  MONTH TO DATE    569                         654     -85    530
  SINCE MAR 1     2417                        2663    -246   2267
  SINCE JUL 1     7790                        8887   -1097   7411

 COOLING
  YESTERDAY          0                           0       0      0
  MONTH TO DATE      0                           0       0      0
  SINCE MAR 1        0                           0       0      0
  SINCE JAN 1        0                           0       0      0
...................................................................

WIND (MPH)
 HIGHEST WIND SPEED    45     HIGHEST WIND DIRECTION    150
 HIGHEST GUST SPEED    54     HIGHEST GUST DIRECTION    150
 AVERAGE WIND SPEED  28.2

WEATHER CONDITIONS
 THE FOLLOWING WEATHER WAS RECORDED YESTERDAY.
  FOG
  RAIN
...................................................................

THE COLD BAY CLIMATE NORMALS FOR TODAY
                           NORMAL    RECORD   YEAR
 MAXIMUM TEMPERATURE (F)     48        67     1979
 MINIMUM TEMPERATURE (F)     37        32     2001

SUNRISE AND SUNSET
 MAY 27 2015..........SUNRISE  6:24 AM      SUNSET 11:14 PM
 MAY 28 2015..........SUNRISE  6:23 AM      SUNSET 11:15 PM

-  INDICATES NEGATIVE NUMBERS.
R  INDICATES RECORD HAS BEEN SET OR TIED.
MM INDICATES DATA IS MISSING.
T  INDICATES TRACE OF PRECIPITATION.

&&
-------------------------------------------------------------------

AMOUNT OF DAYLIGHT TODAY  (HOUR:MIN)........16 HOURS 50 MINUTES
GAIN SINCE YESTERDAY  (HOUR:MIN:SEC)........+0:02:46

$$
DAB MAY 15
