000
CDAK48 PACD 291206
CLICDB

CLIMATE REPORT
NATIONAL WEATHER SERVICE COLD BAY, AK
406 AM AKDT SUN MAY 29 2016

...................................
...THE COLD BAY AP CLIMATE SUMMARY FOR MAY 28 2016...

CLIMATE NORMAL PERIOD  1981 TO  2010
CLIMATE RECORD PERIOD  1942 TO  2016

WEATHER ITEM   OBSERVED TIME    RECORD YEAR NORMAL DEPARTURE LAST
               VALUE    (LST)   VALUE       VALUE  FROM      YEAR
                                                   NORMAL
...................................................................
TEMPERATURE
YESTERDAY
 MAXIMUM            55  0228 PM    68  2006     48       7     51
 MINIMUM            43  0715 AM    30  1976     37       6     44
 AVERAGE            49                          43       6     48

PRECIPITATION
(INCHES)
 YESTERDAY        0.01           1.33  1996   0.09   -0.08   0.46
 MONTH TO DATE    1.60                        2.32   -0.72   4.22
 SINCE MAR 1      5.83                        7.44   -1.61   9.33
 SINCE JAN 1     12.32                       13.58   -1.26  11.84

SNOWFALL
(INCHES)
 YESTERDAY         0.0              T  2012    0.0     0.0    0.0
 MONTH TO DATE     0.0                         1.3    -1.3      T
 SINCE MAR 1       8.2                        20.9   -12.7   13.6
 SINCE JUL 1      50.1                        73.1   -23.0   22.3
 SNOW DEPTH (IN)     0                                          0

DEGREE DAYS
 HEATING
  YESTERDAY         16                          22      -6     17
  MONTH TO DATE    577                         699    -122    601
  SINCE MAR 1     2311                        2708    -397   2449
  SINCE JUL 1     8036                        8932    -896   7822

 COOLING
  YESTERDAY          0                           0       0      0
  MONTH TO DATE      0                           0       0      0
  SINCE MAR 1        0                           0       0      0
  SINCE JAN 1        0                           0       0      0
...................................................................

WIND (MPH)
 HIGHEST WIND SPEED    24     HIGHEST WIND DIRECTION    140
 HIGHEST GUST SPEED    28     HIGHEST GUST DIRECTION    140
 AVERAGE WIND SPEED  15.0

WEATHER CONDITIONS
 THE FOLLOWING WEATHER WAS RECORDED YESTERDAY.
  FOG
  RAIN
...................................................................

THE COLD BAY CLIMATE NORMALS FOR TODAY
                           NORMAL    RECORD   YEAR
 MAXIMUM TEMPERATURE (F)     48        67     2006
 MINIMUM TEMPERATURE (F)     38        30     1972

SUNRISE AND SUNSET
 MAY 29 2016..........SUNRISE  6:21 AM      SUNSET 11:18 PM
 MAY 30 2016..........SUNRISE  6:20 AM      SUNSET 11:19 PM

-  INDICATES NEGATIVE NUMBERS.
R  INDICATES RECORD HAS BEEN SET OR TIED.
MM INDICATES DATA IS MISSING.
T  INDICATES TRACE OF PRECIPITATION.

&&
-------------------------------------------------------------------

AMOUNT OF DAYLIGHT TODAY  (HOUR:MIN)........16 HOURS 57 MINUTES
GAIN SINCE YESTERDAY  (HOUR:MIN:SEC)........+0:02:32

$$
DAB MAY 16
