000
CDAK48 PACD 230935
CLICDB


CLIMATE REPORT
NATIONAL WEATHER SERVICE ANCHORAGE, AK
135 AM AKDT SUN JUL 23 2017


...................................

...THE COLD BAY CLIMATE SUMMARY FOR JULY 22 2017...

CLIMATE NORMAL PERIOD 1981 TO 2010
CLIMATE RECORD PERIOD 1942 TO 2017


WEATHER ITEM   OBSERVED TIME   RECORD YEAR NORMAL DEPARTURE LAST
                VALUE   (LST)  VALUE       VALUE  FROM      YEAR
                                                  NORMAL
..................................................................
TEMPERATURE (F)
 YESTERDAY
  MAXIMUM         62    453 PM  67    1980  56      6       56
  MINIMUM         47    643 AM  41    2000  47      0       51
                                      1943
  AVERAGE         55                        52      3       54

PRECIPITATION (IN)
  YESTERDAY        0.00          1.15 1982   0.09  -0.09     0.01
  MONTH TO DATE    1.02                      1.69  -0.67     1.20
  SINCE JUN 1      2.96                      4.41  -1.45     2.93
  SINCE JAN 1     12.93                     18.27  -5.34    15.34

SNOWFALL (IN)
  YESTERDAY        0.0          MM      MM   0.0    0.0      0.0
  MONTH TO DATE    0.0                       0.0    0.0      0.0
  SINCE JUN 1      0.0                       T      0.0      0.0
  SINCE JUL 1      0.0                       0.0    0.0      0.0
  SNOW DEPTH       0

DEGREE DAYS
 HEATING
  YESTERDAY       10                        13     -3       11
  MONTH TO DATE  271                       321    -50      158
  SINCE JUN 1    772                       882   -110      592
  SINCE JUL 1    271                       321    -50      158

 COOLING
  YESTERDAY        0                         0      0        0
  MONTH TO DATE    0                         0      0        0
  SINCE JUN 1      0                         0      0        0
  SINCE JAN 1      0                         0      0        0
..................................................................


WIND (MPH)
  RESULTANT WIND SPEED  10   RESULTANT WIND DIRECTION  NW (300)
  HIGHEST WIND SPEED    14   HIGHEST WIND DIRECTION    NW (310)
  HIGHEST GUST SPEED    19   HIGHEST GUST DIRECTION    NW (310)
  AVERAGE WIND SPEED    10.0



WEATHER CONDITIONS
 THE FOLLOWING WEATHER WAS RECORDED YESTERDAY.
  FOG


RELATIVE HUMIDITY (PERCENT)
 HIGHEST   100
 LOWEST     67
 AVERAGE    84

..........................................................


THE COLD BAY CLIMATE NORMALS FOR TODAY
                         NORMAL    RECORD    YEAR
 MAXIMUM TEMPERATURE (F)   56        66      1977
                                             1967
 MINIMUM TEMPERATURE (F)   47        38      2000


SUNRISE AND SUNSET
JULY 23 2017..........SUNRISE   644 AM AKDT  SUNSET  1110 PM AKDT
JULY 24 2017..........SUNRISE   646 AM AKDT  SUNSET  1108 PM AKDT


-  INDICATES NEGATIVE NUMBERS.
R  INDICATES RECORD WAS SET OR TIED.
MM INDICATES DATA IS MISSING.
T  INDICATES TRACE AMOUNT.




$$
