000
CDUS45 KSLC 280035
CLICDC


CLIMATE REPORT
NATIONAL WEATHER SERVICE SALT LAKE CITY UT
635 PM MDT WED MAY 27 2015


...................................

...THE CEDAR CITY UT CLIMATE SUMMARY FOR MAY 27 2015...
VALID TODAY AS OF 0500 PM LOCAL TIME.

CLIMATE NORMAL PERIOD 1981 TO 2010
CLIMATE RECORD PERIOD 1928 TO 2015


WEATHER ITEM   OBSERVED TIME   RECORD YEAR NORMAL DEPARTURE LAST
                VALUE   (LST)  VALUE       VALUE  FROM      YEAR
                                                  NORMAL
..................................................................
TEMPERATURE (F)
 TODAY
  MAXIMUM         75    359 PM  90    2003  76     -1       89
                                      1986
  MINIMUM         43    346 AM  33    2008  42      1       53
                                      1995
  AVERAGE         59                        59      0       71

PRECIPITATION (IN)
  TODAY            0.00          0.22 1975   0.03  -0.03     0.00
  MONTH TO DATE    3.12                      0.67   2.45     1.38
  SINCE OCT 1      8.94                      8.05   0.89     5.37
  SINCE JAN 1      6.81                      4.94   1.87     3.43

DEGREE DAYS
 HEATING
  TODAY            6                         6      0        0
  MONTH TO DATE  325                       268     57      268
  SINCE MAR 1   1493                      1592    -99     1502
  SINCE JUL 1   5331                      6154   -823     6089

 COOLING
  TODAY            0                         1     -1        6
  MONTH TO DATE    0                         1     -1       13
  SINCE MAR 1      0                         1     -1       13
  SINCE JAN 1      0                         1     -1       13
..................................................................


WIND (MPH)
  RESULTANT WIND SPEED   5   RESULTANT WIND DIRECTION  SW (230)
  HIGHEST WIND SPEED    18   HIGHEST WIND DIRECTION    SW (210)
  HIGHEST GUST SPEED    26   HIGHEST GUST DIRECTION    SW (210)
  AVERAGE WIND SPEED     7.1



WEATHER CONDITIONS
 THE FOLLOWING WEATHER WAS RECORDED TODAY.
  NO SIGNIFICANT WEATHER WAS OBSERVED.


RELATIVE HUMIDITY (PERCENT)
 HIGHEST    96           400 AM
 LOWEST     20           400 PM
 AVERAGE    58

..........................................................


THE CEDAR CITY UT CLIMATE NORMALS FOR TOMORROW
                         NORMAL    RECORD    YEAR
 MAXIMUM TEMPERATURE (F)   77        95      1984
 MINIMUM TEMPERATURE (F)   42        29      2006


SUNRISE AND SUNSET
MAY 27 2015...........SUNRISE   615 AM MDT   SUNSET   845 PM MDT
MAY 28 2015...........SUNRISE   614 AM MDT   SUNSET   846 PM MDT


-  INDICATES NEGATIVE NUMBERS.
R  INDICATES RECORD WAS SET OR TIED.
MM INDICATES DATA IS MISSING.
T  INDICATES TRACE AMOUNT.




$$
