000
CDUS45 KSLC 221225
CLICDC


CLIMATE REPORT
NATIONAL WEATHER SERVICE SALT LAKE CITY UT
625 AM MDT WED MAR 22 2017


...................................

...THE CEDAR CITY UT CLIMATE SUMMARY FOR MARCH 21 2017...

CLIMATE NORMAL PERIOD 1981 TO 2010
CLIMATE RECORD PERIOD 1928 TO 2017


WEATHER ITEM   OBSERVED TIME   RECORD YEAR NORMAL DEPARTURE LAST
                VALUE   (LST)  VALUE       VALUE  FROM      YEAR
                                                  NORMAL
..................................................................
TEMPERATURE (F)
 YESTERDAY
  MAXIMUM         70    132 PM  81    2004  56     14       67
  MINIMUM         48    422 AM  10    1955  27     21       50
  AVERAGE         59                        41     18       59

PRECIPITATION (IN)
  YESTERDAY        0.00          0.56 1978   0.05  -0.05     0.00
  MONTH TO DATE    0.13                      0.92  -0.79     0.47
  SINCE OCT 1      4.68                      5.89  -1.21     5.50
  SINCE JAN 1      1.85                      2.78  -0.93     1.94

DEGREE DAYS
 HEATING
  YESTERDAY        6                        24    -18        6
  MONTH TO DATE  362                       543   -181      400
  SINCE MAR 1    362                       543   -181      400
  SINCE JUL 1   4383                      5105   -722     4814

 COOLING
  YESTERDAY        0                         0      0        0
  MONTH TO DATE    0                         0      0        0
  SINCE MAR 1      0                         0      0        0
  SINCE JAN 1      0                         0      0        0
..................................................................


WIND (MPH)
  RESULTANT WIND SPEED  14   RESULTANT WIND DIRECTION   S (200)
  HIGHEST WIND SPEED    35   HIGHEST WIND DIRECTION    SW (210)
  HIGHEST GUST SPEED    46   HIGHEST GUST DIRECTION    SW (210)
  AVERAGE WIND SPEED    14.6



WEATHER CONDITIONS
 THE FOLLOWING WEATHER WAS RECORDED YESTERDAY.
  NO SIGNIFICANT WEATHER WAS OBSERVED.


RELATIVE HUMIDITY (PERCENT)
 HIGHEST    46           500 AM
 LOWEST     20          1100 AM
 AVERAGE    33

..........................................................


THE CEDAR CITY UT CLIMATE NORMALS FOR TODAY
                         NORMAL    RECORD    YEAR
 MAXIMUM TEMPERATURE (F)   56        78      2004
 MINIMUM TEMPERATURE (F)   27         0      1957


SUNRISE AND SUNSET
MARCH 22 2017.........SUNRISE   732 AM MDT   SUNSET   746 PM MDT
MARCH 23 2017.........SUNRISE   731 AM MDT   SUNSET   747 PM MDT


-  INDICATES NEGATIVE NUMBERS.
R  INDICATES RECORD WAS SET OR TIED.
MM INDICATES DATA IS MISSING.
T  INDICATES TRACE AMOUNT.




$$
