000
CDUS45 KSLC 261229
CLICDC


CLIMATE REPORT
NATIONAL WEATHER SERVICE SALT LAKE CITY UT
628 AM MDT THU MAR 26 2015


...................................

...THE CEDAR CITY UT CLIMATE SUMMARY FOR MARCH 25 2015...

CLIMATE NORMAL PERIOD 1981 TO 2010
CLIMATE RECORD PERIOD 1928 TO 2015


WEATHER ITEM   OBSERVED TIME   RECORD YEAR NORMAL DEPARTURE LAST
                VALUE   (LST)  VALUE       VALUE  FROM      YEAR
                                                  NORMAL
..................................................................
TEMPERATURE (F)
 YESTERDAY
  MAXIMUM         55    154 PM  72    1960  57     -2       69
  MINIMUM         33   1148 PM   7    1965  27      6       24
  AVERAGE         44                        42      2       47

PRECIPITATION (IN)
  YESTERDAY        0.00          0.69 1950   0.05  -0.05     0.00
  MONTH TO DATE    1.13                      1.10   0.03     0.12
  SINCE OCT 1      5.18                      6.07  -0.89     3.00
  SINCE JAN 1      3.05                      2.96   0.09     1.06

DEGREE DAYS
 HEATING
  YESTERDAY       21                        23     -2       18
  MONTH TO DATE  567                       637    -70      595
  SINCE MAR 1    567                       637    -70      595
  SINCE JUL 1   4405                      5199   -794     5182

 COOLING
  YESTERDAY        0                         0      0        0
  MONTH TO DATE    0                         0      0        0
  SINCE MAR 1      0                         0      0        0
  SINCE JAN 1      0                         0      0        0
..................................................................


WIND (MPH)
  RESULTANT WIND SPEED  12   RESULTANT WIND DIRECTION   N (10)
  HIGHEST WIND SPEED    23   HIGHEST WIND DIRECTION     N (360)
  HIGHEST GUST SPEED    29   HIGHEST GUST DIRECTION     N (350)
  AVERAGE WIND SPEED    12.8



WEATHER CONDITIONS
 THE FOLLOWING WEATHER WAS RECORDED YESTERDAY.
  NO SIGNIFICANT WEATHER WAS OBSERVED.


RELATIVE HUMIDITY (PERCENT)
 HIGHEST    70           500 AM
 LOWEST     13           500 PM
 AVERAGE    42

..........................................................


THE CEDAR CITY UT CLIMATE NORMALS FOR TODAY
                         NORMAL    RECORD    YEAR
 MAXIMUM TEMPERATURE (F)   57        72      1988
 MINIMUM TEMPERATURE (F)   27        15      2005


SUNRISE AND SUNSET
MARCH 26 2015.........SUNRISE   727 AM MDT   SUNSET   750 PM MDT
MARCH 27 2015.........SUNRISE   726 AM MDT   SUNSET   751 PM MDT


-  INDICATES NEGATIVE NUMBERS.
R  INDICATES RECORD WAS SET OR TIED.
MM INDICATES DATA IS MISSING.
T  INDICATES TRACE AMOUNT.




$$
