000
CDUS45 KSLC 300027
CLICDC


CLIMATE REPORT
NATIONAL WEATHER SERVICE SALT LAKE CITY UT
626 PM MDT FRI APR 29 2016


...................................

...THE CEDAR CITY UT CLIMATE SUMMARY FOR APRIL 29 2016...
VALID TODAY AS OF 0500 PM LOCAL TIME.

CLIMATE NORMAL PERIOD 1981 TO 2010
CLIMATE RECORD PERIOD 1928 TO 2016


WEATHER ITEM   OBSERVED TIME   RECORD YEAR NORMAL DEPARTURE LAST
                VALUE   (LST)  VALUE       VALUE  FROM      YEAR
                                                  NORMAL
..................................................................
TEMPERATURE (F)
 TODAY
  MAXIMUM         55    300 PM  82    2007  66    -11       76
  MINIMUM         39    454 AM  22    1996  35      4       40
  AVERAGE         47                        50     -3       58

PRECIPITATION (IN)
  TODAY            0.05          0.78 1951   0.03   0.02     0.00
  MONTH TO DATE    1.42                      1.03   0.39     0.64
  SINCE OCT 1      7.40                      7.35   0.05     5.82
  SINCE JAN 1      3.84                      4.24  -0.40     3.69

DEGREE DAYS
 HEATING
  TODAY           18                        14      4        7
  MONTH TO DATE  485                       538    -53      520
  SINCE MAR 1   1145                      1310   -165     1161
  SINCE JUL 1   5559                      5872   -313     4999

 COOLING
  TODAY            0                         0      0        0
  MONTH TO DATE    0                         0      0        0
  SINCE MAR 1      0                         0      0        0
  SINCE JAN 1      0                         0      0        0
..................................................................


WIND (MPH)
  RESULTANT WIND SPEED   2   RESULTANT WIND DIRECTION   N (10)
  HIGHEST WIND SPEED    23   HIGHEST WIND DIRECTION    NE (40)
  HIGHEST GUST SPEED    30   HIGHEST GUST DIRECTION    NE (40)
  AVERAGE WIND SPEED     4.7



WEATHER CONDITIONS
 THE FOLLOWING WEATHER WAS RECORDED TODAY.
  THUNDERSTORM
  LIGHT RAIN
  FOG


RELATIVE HUMIDITY (PERCENT)
 HIGHEST    93           600 AM
 LOWEST     45           300 PM
 AVERAGE    69

..........................................................


THE CEDAR CITY UT CLIMATE NORMALS FOR TOMORROW
                         NORMAL    RECORD    YEAR
 MAXIMUM TEMPERATURE (F)   66        83      1981
 MINIMUM TEMPERATURE (F)   36        17      2011


SUNRISE AND SUNSET
APRIL 29 2016.........SUNRISE   638 AM MDT   SUNSET   821 PM MDT
APRIL 30 2016.........SUNRISE   637 AM MDT   SUNSET   822 PM MDT


-  INDICATES NEGATIVE NUMBERS.
R  INDICATES RECORD WAS SET OR TIED.
MM INDICATES DATA IS MISSING.
T  INDICATES TRACE AMOUNT.




$$
