000
CDUS45 KSLC 301238
CLICDC


CLIMATE REPORT
NATIONAL WEATHER SERVICE SALT LAKE CITY UT
638 AM MDT SAT JUL 30 2016


...................................

...THE CEDAR CITY UT CLIMATE SUMMARY FOR JULY 29 2016...

CLIMATE NORMAL PERIOD 1981 TO 2010
CLIMATE RECORD PERIOD 1928 TO 2016


WEATHER ITEM   OBSERVED TIME   RECORD YEAR NORMAL DEPARTURE LAST
                VALUE   (LST)  VALUE       VALUE  FROM      YEAR
                                                  NORMAL
..................................................................
TEMPERATURE (F)
 YESTERDAY
  MAXIMUM         97   1251 PM  99    2000  90      7       92
  MINIMUM         64    620 AM  46    1948  57      7       47
  AVERAGE         81                        74      7       70

PRECIPITATION (IN)
  YESTERDAY        0.00          0.68 1985   0.04  -0.04     0.00
  MONTH TO DATE    0.69                      0.76  -0.07     0.40
  SINCE OCT 1      8.92                      9.44  -0.52    10.06
  SINCE JAN 1      5.36                      6.33  -0.97     7.93

DEGREE DAYS
 HEATING
  YESTERDAY        0                         0      0        0
  MONTH TO DATE    0                         0      0        1
  SINCE JUN 1      4                        76    -72       26
  SINCE JUL 1      0                         0      0        1

 COOLING
  YESTERDAY       16                         9      7        5
  MONTH TO DATE  310                       237     73      182
  SINCE JUN 1    546                       330    216      369
  SINCE JAN 1    549                       338    211      371
..................................................................


WIND (MPH)
  RESULTANT WIND SPEED   1   RESULTANT WIND DIRECTION  SE (140)
  HIGHEST WIND SPEED    29   HIGHEST WIND DIRECTION     W (290)
  HIGHEST GUST SPEED    38   HIGHEST GUST DIRECTION     W (290)
  AVERAGE WIND SPEED     6.1



WEATHER CONDITIONS
 THE FOLLOWING WEATHER WAS RECORDED YESTERDAY.
  NO SIGNIFICANT WEATHER WAS OBSERVED.


RELATIVE HUMIDITY (PERCENT)
 HIGHEST    37           600 AM
 LOWEST     12           100 PM
 AVERAGE    25

..........................................................


THE CEDAR CITY UT CLIMATE NORMALS FOR TODAY
                         NORMAL    RECORD    YEAR
 MAXIMUM TEMPERATURE (F)   90        98      2002
 MINIMUM TEMPERATURE (F)   57        47      1950


SUNRISE AND SUNSET
JULY 30 2016..........SUNRISE   635 AM MDT   SUNSET   842 PM MDT
JULY 31 2016..........SUNRISE   636 AM MDT   SUNSET   841 PM MDT


-  INDICATES NEGATIVE NUMBERS.
R  INDICATES RECORD WAS SET OR TIED.
MM INDICATES DATA IS MISSING.
T  INDICATES TRACE AMOUNT.




$$
