000
CDUS45 KSLC 251230
CLICDC


CLIMATE REPORT
NATIONAL WEATHER SERVICE SALT LAKE CITY UT
529 AM MST SAT FEB 25 2017


...................................

...THE CEDAR CITY UT CLIMATE SUMMARY FOR FEBRUARY 24 2017...

CLIMATE NORMAL PERIOD 1981 TO 2010
CLIMATE RECORD PERIOD 1928 TO 2017


WEATHER ITEM   OBSERVED TIME   RECORD YEAR NORMAL DEPARTURE LAST
                VALUE   (LST)  VALUE       VALUE  FROM      YEAR
                                                  NORMAL
..................................................................
TEMPERATURE (F)
 YESTERDAY
  MAXIMUM         35    517 PM  68    1986  49    -14       56
  MINIMUM         18    717 AM   3    1971  23     -5       19
  AVERAGE         27                        36     -9       38

PRECIPITATION (IN)
  YESTERDAY        0.00          0.37 2008   0.04  -0.04     0.00
  MONTH TO DATE    0.60                      0.83  -0.23     0.37
  SINCE OCT 1      4.51                      4.80  -0.29     5.03
  SINCE JAN 1      1.68                      1.69  -0.01     1.47

DEGREE DAYS
 HEATING
  YESTERDAY       38                        29      9       27
  MONTH TO DATE  562                       770   -208      838
  SINCE DEC 1   2789                      3003   -214     3090
  SINCE JUL 1   3886                      4445   -559     4322

 COOLING
  YESTERDAY        0                         0      0        0
  MONTH TO DATE    0                         0      0        0
  SINCE DEC 1      0                         0      0        0
  SINCE JAN 1      0                         0      0        0
..................................................................


WIND (MPH)
  RESULTANT WIND SPEED   2   RESULTANT WIND DIRECTION  SW (210)
  HIGHEST WIND SPEED    14   HIGHEST WIND DIRECTION     W (270)
  HIGHEST GUST SPEED    20   HIGHEST GUST DIRECTION     W (270)
  AVERAGE WIND SPEED     4.7



WEATHER CONDITIONS
 THE FOLLOWING WEATHER WAS RECORDED YESTERDAY.
  NO SIGNIFICANT WEATHER WAS OBSERVED.


RELATIVE HUMIDITY (PERCENT)
 HIGHEST    74           400 AM
 LOWEST     25           500 PM
 AVERAGE    50

..........................................................


THE CEDAR CITY UT CLIMATE NORMALS FOR TODAY
                         NORMAL    RECORD    YEAR
 MAXIMUM TEMPERATURE (F)   49        73      1986
 MINIMUM TEMPERATURE (F)   23         3      2013


SUNRISE AND SUNSET
FEBRUARY 25 2017......SUNRISE   709 AM MST   SUNSET   622 PM MST
FEBRUARY 26 2017......SUNRISE   707 AM MST   SUNSET   623 PM MST


-  INDICATES NEGATIVE NUMBERS.
R  INDICATES RECORD WAS SET OR TIED.
MM INDICATES DATA IS MISSING.
T  INDICATES TRACE AMOUNT.




$$
