000
CDUS45 KSLC 200026
CLICDC


CLIMATE REPORT
NATIONAL WEATHER SERVICE SALT LAKE CITY UT
625 PM MDT SAT AUG 19 2017


...................................

...THE CEDAR CITY UT CLIMATE SUMMARY FOR AUGUST 19 2017...
VALID TODAY AS OF 0500 PM LOCAL TIME.

CLIMATE NORMAL PERIOD 1981 TO 2010
CLIMATE RECORD PERIOD 1928 TO 2017


WEATHER ITEM   OBSERVED TIME   RECORD YEAR NORMAL DEPARTURE LAST
                VALUE   (LST)  VALUE       VALUE  FROM      YEAR
                                                  NORMAL
..................................................................
TEMPERATURE (F)
 TODAY
  MAXIMUM         92    213 PM  98    1992  87      5       90
  MINIMUM         57    319 AM  42    1978  55      2       56
  AVERAGE         75                        71      4       73

PRECIPITATION (IN)
  TODAY            0.00          2.02 1963   0.04  -0.04     0.00
  MONTH TO DATE    0.89                      0.74   0.15     0.99
  SINCE OCT 1     10.39                     10.26   0.13    10.32
  SINCE JAN 1      7.56                      7.15   0.41     6.76

DEGREE DAYS
 HEATING
  TODAY            0                         0      0        0
  MONTH TO DATE    0                         0      0        0
  SINCE JUN 1     23                        79    -56        4
  SINCE JUL 1      0                         3     -3        0

 COOLING
  TODAY           10                         6      4        8
  MONTH TO DATE  147                       138      9      174
  SINCE JUN 1    694                       483    211      742
  SINCE JAN 1    699                       491    208      745
..................................................................


WIND (MPH)
  RESULTANT WIND SPEED   5   RESULTANT WIND DIRECTION   S (200)
  HIGHEST WIND SPEED    21   HIGHEST WIND DIRECTION    SW (230)
  HIGHEST GUST SPEED    27   HIGHEST GUST DIRECTION     S (200)
  AVERAGE WIND SPEED     6.7



WEATHER CONDITIONS
 THE FOLLOWING WEATHER WAS RECORDED TODAY.
  NO SIGNIFICANT WEATHER WAS OBSERVED.


RELATIVE HUMIDITY (PERCENT)
 HIGHEST    51           700 AM
 LOWEST     10           400 PM
 AVERAGE    31

..........................................................


THE CEDAR CITY UT CLIMATE NORMALS FOR TOMORROW
                         NORMAL    RECORD    YEAR
 MAXIMUM TEMPERATURE (F)   87        95      2009
 MINIMUM TEMPERATURE (F)   54        45      1980


SUNRISE AND SUNSET
AUGUST 19 2017........SUNRISE   652 AM MDT   SUNSET   819 PM MDT
AUGUST 20 2017........SUNRISE   653 AM MDT   SUNSET   818 PM MDT


-  INDICATES NEGATIVE NUMBERS.
R  INDICATES RECORD WAS SET OR TIED.
MM INDICATES DATA IS MISSING.
T  INDICATES TRACE AMOUNT.




$$
