000
CDUS45 KSLC 041219
CLICDC


CLIMATE REPORT
NATIONAL WEATHER SERVICE SALT LAKE CITY UT
619 AM MDT TUE AUG 4 2015


...................................

...THE CEDAR CITY UT CLIMATE SUMMARY FOR AUGUST 3 2015...

CLIMATE NORMAL PERIOD 1981 TO 2010
CLIMATE RECORD PERIOD 1928 TO 2015


WEATHER ITEM   OBSERVED TIME   RECORD YEAR NORMAL DEPARTURE LAST
                VALUE   (LST)  VALUE       VALUE  FROM      YEAR
                                                  NORMAL
..................................................................
TEMPERATURE (F)
 YESTERDAY
  MAXIMUM         91    357 PM  99    1979  90      1       70
  MINIMUM         53    524 AM  51    1998  57     -4       58
  AVERAGE         72                        73     -1       64

PRECIPITATION (IN)
  YESTERDAY        0.00          0.29 1966   0.04  -0.04     0.28
  MONTH TO DATE    T                         0.12  -0.12     0.28
  SINCE OCT 1     10.06                      9.64   0.42     6.09
  SINCE JAN 1      7.93                      6.53   1.40     4.15

DEGREE DAYS
 HEATING
  YESTERDAY        0                         0      0        1
  MONTH TO DATE    0                         0      0        1
  SINCE JUN 1     26                        79    -53       28
  SINCE JUL 1      1                         3     -2        1

 COOLING
  YESTERDAY        7                         8     -1        0
  MONTH TO DATE   21                        24     -3       18
  SINCE JUN 1    413                       369     44      413
  SINCE JAN 1    415                       377     38      438
..................................................................


WIND (MPH)
  RESULTANT WIND SPEED   4   RESULTANT WIND DIRECTION   S (200)
  HIGHEST WIND SPEED    24   HIGHEST WIND DIRECTION    SW (210)
  HIGHEST GUST SPEED    31   HIGHEST GUST DIRECTION     S (200)
  AVERAGE WIND SPEED     6.7



WEATHER CONDITIONS
 THE FOLLOWING WEATHER WAS RECORDED YESTERDAY.
  HAZE


RELATIVE HUMIDITY (PERCENT)
 HIGHEST    72           400 AM
 LOWEST     14           600 PM
 AVERAGE    43

..........................................................


THE CEDAR CITY UT CLIMATE NORMALS FOR TODAY
                         NORMAL    RECORD    YEAR
 MAXIMUM TEMPERATURE (F)   89        98      1994
 MINIMUM TEMPERATURE (F)   57        50      1965


SUNRISE AND SUNSET
AUGUST  4 2015........SUNRISE   638 AM MDT   SUNSET   838 PM MDT
AUGUST  5 2015........SUNRISE   639 AM MDT   SUNSET   837 PM MDT


-  INDICATES NEGATIVE NUMBERS.
R  INDICATES RECORD WAS SET OR TIED.
MM INDICATES DATA IS MISSING.
T  INDICATES TRACE AMOUNT.




$$
