000
CDUS45 KSLC 061223
CLICDC


CLIMATE REPORT
NATIONAL WEATHER SERVICE SALT LAKE CITY UT
521 AM MST FRI MAR 6 2015


...................................

...THE CEDAR CITY UT CLIMATE SUMMARY FOR MARCH 5 2015...

CLIMATE NORMAL PERIOD 1981 TO 2010
CLIMATE RECORD PERIOD 1928 TO 2015


WEATHER ITEM   OBSERVED TIME   RECORD YEAR NORMAL DEPARTURE LAST
                VALUE   (LST)  VALUE       VALUE  FROM      YEAR
                                                  NORMAL
..................................................................
TEMPERATURE (F)
 YESTERDAY
  MAXIMUM         44    422 PM  72    1972  52     -8       58
  MINIMUM          6R   657 AM   6    1961  24    -18       21
  AVERAGE         25                        38    -13       40

PRECIPITATION (IN)
  YESTERDAY        0.00          0.87 1995   0.04  -0.04     0.00
  MONTH TO DATE    1.10                      0.21   0.89     0.09
  SINCE OCT 1      5.15                      5.18  -0.03     2.97
  SINCE JAN 1      3.02                      2.07   0.95     1.03

DEGREE DAYS
 HEATING
  YESTERDAY       40                        27     13       25
  MONTH TO DATE  192                       138     54      120
  SINCE MAR 1    192                       138     54      120
  SINCE JUL 1   4030                      4700   -670     4707

 COOLING
  YESTERDAY        0                         0      0        0
  MONTH TO DATE    0                         0      0        0
  SINCE MAR 1      0                         0      0        0
  SINCE JAN 1      0                         0      0        0
..................................................................


WIND (MPH)
  RESULTANT WIND SPEED   1   RESULTANT WIND DIRECTION   E (100)
  HIGHEST WIND SPEED    10   HIGHEST WIND DIRECTION    NE (40)
  HIGHEST GUST SPEED    11   HIGHEST GUST DIRECTION    NE (40)
  AVERAGE WIND SPEED     1.9



WEATHER CONDITIONS
 THE FOLLOWING WEATHER WAS RECORDED YESTERDAY.
  NO SIGNIFICANT WEATHER WAS OBSERVED.


RELATIVE HUMIDITY (PERCENT)
 HIGHEST    92           100 AM
 LOWEST     19           400 PM
 AVERAGE    56

..........................................................


THE CEDAR CITY UT CLIMATE NORMALS FOR TODAY
                         NORMAL    RECORD    YEAR
 MAXIMUM TEMPERATURE (F)   52        74      1972
 MINIMUM TEMPERATURE (F)   25         6      1964


SUNRISE AND SUNSET
MARCH  6 2015.........SUNRISE   657 AM MST   SUNSET   631 PM MST
MARCH  7 2015.........SUNRISE   656 AM MST   SUNSET   632 PM MST


-  INDICATES NEGATIVE NUMBERS.
R  INDICATES RECORD WAS SET OR TIED.
MM INDICATES DATA IS MISSING.
T  INDICATES TRACE AMOUNT.




$$
