000
CDUS45 KSLC 170029
CLICDC


CLIMATE REPORT
NATIONAL WEATHER SERVICE SALT LAKE CITY UT
528 PM MST MON JAN 16 2017


...................................

...THE CEDAR CITY UT CLIMATE SUMMARY FOR JANUARY 16 2017...
VALID TODAY AS OF 0500 PM LOCAL TIME.

CLIMATE NORMAL PERIOD 1981 TO 2010
CLIMATE RECORD PERIOD 1928 TO 2017


WEATHER ITEM   OBSERVED TIME   RECORD YEAR NORMAL DEPARTURE LAST
                VALUE   (LST)  VALUE       VALUE  FROM      YEAR
                                                  NORMAL
..................................................................
TEMPERATURE (F)
 TODAY
  MAXIMUM         33    359 PM  58    1971  42     -9       41
  MINIMUM         24    726 AM -12    2007  17      7       19
                                      1949
  AVERAGE         29                        29      0       30

PRECIPITATION (IN)
  TODAY            0.00          0.56 1955   0.02  -0.02     0.00
  MONTH TO DATE    0.42                      0.45  -0.03     0.11
  SINCE OCT 1      3.25                      3.56  -0.31     3.67
  SINCE JAN 1      0.42                      0.45  -0.03     0.11

DEGREE DAYS
 HEATING
  TODAY           36                        36      0       35
  MONTH TO DATE  525                       583    -58      629
  SINCE DEC 1   1638                      1703    -65     1792
  SINCE JUL 1   2735                      3145   -410     3024

 COOLING
  TODAY            0                         0      0        0
  MONTH TO DATE    0                         0      0        0
  SINCE DEC 1      0                         0      0        0
  SINCE JAN 1      0                         0      0        0
..................................................................


WIND (MPH)
  RESULTANT WIND SPEED  10   RESULTANT WIND DIRECTION   N (360)
  HIGHEST WIND SPEED    15   HIGHEST WIND DIRECTION     N (360)
  HIGHEST GUST SPEED    21   HIGHEST GUST DIRECTION     N (360)
  AVERAGE WIND SPEED    10.2



WEATHER CONDITIONS
 THE FOLLOWING WEATHER WAS RECORDED TODAY.
  NO SIGNIFICANT WEATHER WAS OBSERVED.


RELATIVE HUMIDITY (PERCENT)
 HIGHEST    81           600 AM
 LOWEST     56           400 PM
 AVERAGE    69

..........................................................


THE CEDAR CITY UT CLIMATE NORMALS FOR TOMORROW
                         NORMAL    RECORD    YEAR
 MAXIMUM TEMPERATURE (F)   42        65      1971
 MINIMUM TEMPERATURE (F)   17       -18      1949


SUNRISE AND SUNSET
JANUARY 16 2017.......SUNRISE   746 AM MST   SUNSET   539 PM MST
JANUARY 17 2017.......SUNRISE   746 AM MST   SUNSET   540 PM MST


-  INDICATES NEGATIVE NUMBERS.
R  INDICATES RECORD WAS SET OR TIED.
MM INDICATES DATA IS MISSING.
T  INDICATES TRACE AMOUNT.




$$
