000
CDUS45 KCYS 010728
CLICDR


CLIMATE REPORT
NATIONAL WEATHER SERVICE CHEYENNE WY
1227 AM MST SUN MAR 1 2015


...................................

...THE CHADRON NE AIRPORT CLIMATE SUMMARY FOR FEBRUARY 28 2015...

CLIMATE NORMAL PERIOD 1981 TO 2010
CLIMATE RECORD PERIOD 1895 TO 2015


WEATHER ITEM   OBSERVED TIME   RECORD YEAR NORMAL DEPARTURE LAST
                VALUE   (LST)  VALUE       VALUE  FROM      YEAR
                                                  NORMAL
..................................................................
TEMPERATURE (F)
 YESTERDAY
  MAXIMUM         29    500 PM  74    1972  46    -17       29
  MINIMUM          4    552 AM -25    1962  16    -12        7
  AVERAGE         17                        31    -14       18

PRECIPITATION (IN)
  YESTERDAY        0.00          0.35 1958   0.03  -0.03     0.16
  MONTH TO DATE    0.27                      0.61  -0.34     0.82
  SINCE JAN 1      0.63                      0.97  -0.34     1.02

DEGREE DAYS
 HEATING
  YESTERDAY       48                        34     14       47
  MONTH TO DATE  959                      1053    -94     1282
  SINCE DEC 1   3340                      3568   -228     3838
  SINCE JUL 1   4945                      5252   -307     5474

 COOLING
  YESTERDAY        0                         0      0        0
  MONTH TO DATE    0                         0      0        0
  SINCE DEC 1      0                         0      0        0
  SINCE JAN 1      0                         0      0        0
..................................................................


WIND (MPH)
  HIGHEST WIND SPEED    16   HIGHEST WIND DIRECTION     S (190)
  HIGHEST GUST SPEED    21   HIGHEST GUST DIRECTION     S (190)
  AVERAGE WIND SPEED     6.0


SKY COVER
  AVERAGE SKY COVER 0.3


WEATHER CONDITIONS
 THE FOLLOWING WEATHER WAS RECORDED YESTERDAY.
  NO SIGNIFICANT WEATHER WAS OBSERVED.


RELATIVE HUMIDITY (PERCENT)
 HIGHEST    83           600 AM
 LOWEST     50           300 PM
 AVERAGE    67

..........................................................


THE CHADRON NE AIRPORT CLIMATE NORMALS FOR TODAY
                         NORMAL    RECORD    YEAR
 MAXIMUM TEMPERATURE (F)   46        69      1974
 MINIMUM TEMPERATURE (F)   16       -17      1962


SUNRISE AND SUNSET
MARCH  1 2015.........SUNRISE   629 AM MST   SUNSET   542 PM MST
MARCH  2 2015.........SUNRISE   627 AM MST   SUNSET   543 PM MST


-  INDICATES NEGATIVE NUMBERS.
R  INDICATES RECORD WAS SET OR TIED.
MM INDICATES DATA IS MISSING.
T  INDICATES TRACE AMOUNT.




$$
