000
CDUS45 KCYS 202138
CLICDR


CLIMATE REPORT
NATIONAL WEATHER SERVICE CHEYENNE WY
337 PM MDT SUN APR 20 2014


...................................

...THE CHADRON NE AIRPORT CLIMATE SUMMARY FOR APRIL 20 2014...
VALID AS OF 0300 PM LOCAL TIME.

CLIMATE NORMAL PERIOD 1981 TO 2010
CLIMATE RECORD PERIOD 1895 TO 2014


WEATHER ITEM   OBSERVED TIME   RECORD YEAR NORMAL DEPARTURE LAST
                VALUE   (LST)  VALUE       VALUE  FROM      YEAR
                                                  NORMAL
..................................................................
TEMPERATURE (F)
 TODAY
  MAXIMUM         79    159 PM  93    1989  62     17       60
  MINIMUM         45   1215 AM   2    1966  31     14       36
  AVERAGE         62                        46     16       48

PRECIPITATION (IN)
  TODAY            0.00          1.56 1964   0.07  -0.07     0.01
  MONTH TO DATE    0.92                      1.17  -0.25     2.48
  SINCE JAN 1      2.50                      3.37  -0.87     4.02

DEGREE DAYS
 HEATING
  TODAY            3                        19    -16       17
  MONTH TO DATE  401                       438    -37      586
  SINCE MAR 1   1299                      1343    -44     1459
  SINCE JUL 1   6773                      6595    178     6355

 COOLING
  TODAY            0                         0      0        0
  MONTH TO DATE    0                         0      0        0
  SINCE MAR 1      0                         0      0        0
  SINCE JAN 1      0                         0      0        0
..................................................................


WIND (MPH)
  HIGHEST WIND SPEED    18   HIGHEST WIND DIRECTION     W (290)
  HIGHEST GUST SPEED    25   HIGHEST GUST DIRECTION     W (290)
  AVERAGE WIND SPEED     7.3


SKY COVER
  AVERAGE SKY COVER 0.1


WEATHER CONDITIONS
 THE FOLLOWING WEATHER WAS RECORDED TODAY.
  NO SIGNIFICANT WEATHER WAS OBSERVED.


RELATIVE HUMIDITY (PERCENT)
 HIGHEST    71           300 AM
 LOWEST     19           200 PM
 AVERAGE    45

..........................................................


THE CHADRON NE AIRPORT CLIMATE NORMALS FOR TOMORROW
                         NORMAL    RECORD    YEAR
 MAXIMUM TEMPERATURE (F)   62        92      1989
                                             1980
 MINIMUM TEMPERATURE (F)   31        13      1927


SUNRISE AND SUNSET
APRIL 20 2014.........SUNRISE   603 AM MDT   SUNSET   740 PM MDT
APRIL 21 2014.........SUNRISE   601 AM MDT   SUNSET   742 PM MDT


-  INDICATES NEGATIVE NUMBERS.
R  INDICATES RECORD WAS SET OR TIED.
MM INDICATES DATA IS MISSING.
T  INDICATES TRACE AMOUNT.




$$
