391
CDUS45 KCYS 040731
CLICDR


CLIMATE REPORT
NATIONAL WEATHER SERVICE CHEYENNE WY
1230 AM MST SUN DEC 4 2016


...................................

...THE CHADRON NE AIRPORT CLIMATE SUMMARY FOR DECEMBER 3 2016...

CLIMATE NORMAL PERIOD 1981 TO 2010
CLIMATE RECORD PERIOD 1895 TO 2016


WEATHER ITEM   OBSERVED TIME   RECORD YEAR NORMAL DEPARTURE LAST
                VALUE   (LST)  VALUE       VALUE  FROM      YEAR
                                                  NORMAL
..................................................................
TEMPERATURE (F)
 YESTERDAY
  MAXIMUM         43   1159 AM  71    1941  40      3       48
  MINIMUM         15   1227 AM  -6    1978  13      2        8
  AVERAGE         29                        26      3       28

PRECIPITATION (IN)
  YESTERDAY        0.00          0.46 1936   0.02  -0.02     0.00
  MONTH TO DATE    0.00                      0.05  -0.05     0.14
  SINCE JAN 1     13.84                     17.58  -3.74    19.38

DEGREE DAYS
 HEATING
  YESTERDAY       36                        39     -3       37
  MONTH TO DATE  108                       115     -7      112
  SINCE DEC 1    108                       115     -7      112
  SINCE JUL 1   1220                      1799   -579     1492

 COOLING
  YESTERDAY        0                         0      0        0
  MONTH TO DATE    0                         0      0        0
  SINCE DEC 1      0                         0      0        0
  SINCE JAN 1    883                       712    171      718
..................................................................


WIND (MPH)
  HIGHEST WIND SPEED    26   HIGHEST WIND DIRECTION     W (280)
  HIGHEST GUST SPEED    34   HIGHEST GUST DIRECTION     W (270)
  AVERAGE WIND SPEED    11.2


SKY COVER
  AVERAGE SKY COVER 0.6


WEATHER CONDITIONS
 THE FOLLOWING WEATHER WAS RECORDED YESTERDAY.
  NO SIGNIFICANT WEATHER WAS OBSERVED.


RELATIVE HUMIDITY (PERCENT)
 HIGHEST    88          1200 AM
 LOWEST     27          1100 AM
 AVERAGE    58

..........................................................


THE CHADRON NE AIRPORT CLIMATE NORMALS FOR TODAY
                         NORMAL    RECORD    YEAR
 MAXIMUM TEMPERATURE (F)   40        72      1980
 MINIMUM TEMPERATURE (F)   12        -7      2005


SUNRISE AND SUNSET
DECEMBER  4 2016......SUNRISE   707 AM MST   SUNSET   418 PM MST
DECEMBER  5 2016......SUNRISE   708 AM MST   SUNSET   418 PM MST


-  INDICATES NEGATIVE NUMBERS.
R  INDICATES RECORD WAS SET OR TIED.
MM INDICATES DATA IS MISSING.
T  INDICATES TRACE AMOUNT.




$$
