000
CDUS45 KCYS 020726
CLICDR


CLIMATE REPORT
NATIONAL WEATHER SERVICE CHEYENNE WY
126 AM MDT WED SEP 2 2015


...................................

...THE CHADRON NE AIRPORT CLIMATE SUMMARY FOR SEPTEMBER 1 2015...

CLIMATE NORMAL PERIOD 1981 TO 2010
CLIMATE RECORD PERIOD 1895 TO 2015


WEATHER ITEM   OBSERVED TIME   RECORD YEAR NORMAL DEPARTURE LAST
                VALUE   (LST)  VALUE       VALUE  FROM      YEAR
                                                  NORMAL
..................................................................
TEMPERATURE (F)
 YESTERDAY
  MAXIMUM         97    337 PM 102    2012  85     12       76
                                      1940
  MINIMUM         55   1155 PM  36    2005  51      4       46
                                      1956
  AVERAGE         76                        68      8       61

PRECIPITATION (IN)
  YESTERDAY        0.00          0.61 1935   0.05  -0.05     0.02
  MONTH TO DATE    0.00                      0.05  -0.05     0.02
  SINCE JAN 1     16.10                     13.92   2.18    14.54

DEGREE DAYS
 HEATING
  YESTERDAY        0                         2     -2        4
  MONTH TO DATE    0                         2     -2        4
  SINCE SEP 1      0                         2     -2        4
  SINCE JUL 1     36                        32      4       18

 COOLING
  YESTERDAY       11                         5      6        0
  MONTH TO DATE   11                         5      6        0
  SINCE SEP 1     11                         5      6        0
  SINCE JAN 1    609                       652    -43      585
..................................................................


WIND (MPH)
  HIGHEST WIND SPEED    17   HIGHEST WIND DIRECTION     W (270)
  HIGHEST GUST SPEED    22   HIGHEST GUST DIRECTION     W (280)
  AVERAGE WIND SPEED     5.9


SKY COVER
  AVERAGE SKY COVER 0.0


WEATHER CONDITIONS
 THE FOLLOWING WEATHER WAS RECORDED YESTERDAY.
  HAZE


RELATIVE HUMIDITY (PERCENT)
 HIGHEST    80          1200 AM
 LOWEST     12           400 PM
 AVERAGE    46

..........................................................


THE CHADRON NE AIRPORT CLIMATE NORMALS FOR TODAY
                         NORMAL    RECORD    YEAR
 MAXIMUM TEMPERATURE (F)   85       101      1960
 MINIMUM TEMPERATURE (F)   50        34      1952


SUNRISE AND SUNSET
SEPTEMBER  2 2015.....SUNRISE   618 AM MDT   SUNSET   726 PM MDT
SEPTEMBER  3 2015.....SUNRISE   619 AM MDT   SUNSET   724 PM MDT


-  INDICATES NEGATIVE NUMBERS.
R  INDICATES RECORD WAS SET OR TIED.
MM INDICATES DATA IS MISSING.
T  INDICATES TRACE AMOUNT.




$$
