000
CDUS44 KLUB 270125
CLICDS


CLIMATE REPORT
NATIONAL WEATHER SERVICE LUBBOCK, TX
825 PM CDT THU MAY 26 2016


...................................

...THE CHILDRESS CLIMATE SUMMARY FOR MAY 26 2016...
VALID TODAY AS OF 0800 PM LOCAL TIME.

CLIMATE NORMAL PERIOD 1981 TO 2010
CLIMATE RECORD PERIOD 1893 TO 2016


WEATHER ITEM   OBSERVED TIME   RECORD YEAR NORMAL DEPARTURE LAST
                VALUE   (LST)  VALUE       VALUE  FROM      YEAR
                                                  NORMAL
..................................................................
TEMPERATURE (F)
 TODAY
  MAXIMUM         95    321 PM 102    1953  87      8       87
                                      1945
  MINIMUM         72    624 AM  47    1992  61     11       54
                                      1950
  AVERAGE         84                        74     10       71

PRECIPITATION (IN)
  TODAY            0.00          2.00 1919   0.12  -0.12     0.00
  MONTH TO DATE    6.65                      2.50   4.15    11.98
  SINCE MAR 1      9.42                      6.15   3.27    17.35
  SINCE JAN 1     10.67                      7.93   2.74    18.63

SNOWFALL (IN)
  TODAY            0.0          MM      MM   0.0    0.0      0.0
  MONTH TO DATE    0.0                       0.0    0.0      0.0
  SINCE MAR 1      0.0                       0.6   -0.6      2.5
  SINCE JUL 1      7.0                       7.0    0.0      8.0
  SNOW DEPTH       0

DEGREE DAYS
 HEATING
  TODAY            0                         0      0        0
  MONTH TO DATE   62                        27     35       42
  SINCE MAR 1    387                       555   -168      476
  SINCE JUL 1   2555                      3115   -560     2973

 COOLING
  TODAY           19                         9     10        6
  MONTH TO DATE  159                       170    -11       82
  SINCE MAR 1    220                       260    -40      178
  SINCE JAN 1    222                       261    -39      178
..................................................................


WIND (MPH)
  RESULTANT WIND SPEED  15   RESULTANT WIND DIRECTION   S (180)
  HIGHEST WIND SPEED    30   HIGHEST WIND DIRECTION     S (180)
  HIGHEST GUST SPEED    37   HIGHEST GUST DIRECTION     S (180)
  AVERAGE WIND SPEED    15.2


SKY COVER
  AVERAGE SKY COVER 0.0


WEATHER CONDITIONS
 THE FOLLOWING WEATHER WAS RECORDED TODAY.
  FOG
  HAZE


RELATIVE HUMIDITY (PERCENT)
 HIGHEST    93           400 AM
 LOWEST     26           400 PM
 AVERAGE    60

..........................................................


THE CHILDRESS CLIMATE NORMALS FOR TOMORROW
                         NORMAL    RECORD    YEAR
 MAXIMUM TEMPERATURE (F)   87       105      2011
                                             1945
 MINIMUM TEMPERATURE (F)   62        41      1907


SUNRISE AND SUNSET
MAY 26 2016...........SUNRISE   632 AM CDT   SUNSET   845 PM CDT
MAY 27 2016...........SUNRISE   631 AM CDT   SUNSET   846 PM CDT


-  INDICATES NEGATIVE NUMBERS.
R  INDICATES RECORD WAS SET OR TIED.
MM INDICATES DATA IS MISSING.
T  INDICATES TRACE AMOUNT.




$$
