000
CDUS44 KLUB 190627
CLICDS


CLIMATE REPORT
NATIONAL WEATHER SERVICE LUBBOCK, TX
1226 AM CST FRI JAN 19 2018


...................................

...THE CHILDRESS CLIMATE SUMMARY FOR JANUARY 18 2018...

CLIMATE NORMAL PERIOD 1981 TO 2010
CLIMATE RECORD PERIOD 1893 TO 2018


WEATHER ITEM   OBSERVED TIME   RECORD YEAR NORMAL DEPARTURE LAST
                VALUE   (LST)  VALUE       VALUE  FROM      YEAR
                                                  NORMAL
..................................................................
TEMPERATURE (F)
 YESTERDAY
  MAXIMUM         54    355 PM  77    2015  55     -1       56
                                      2006
  MINIMUM         18    810 AM  -6    1930  28    -10       40
  AVERAGE         36                        42     -6       48

PRECIPITATION (IN)
  YESTERDAY        0.00          1.22 1945   0.02  -0.02      T
  MONTH TO DATE    T                         0.35  -0.35     1.72
  SINCE DEC 1      0.03                      1.26  -1.23     3.01
  SINCE JAN 1      T                         0.35  -0.35     1.72

SNOWFALL (IN)
  YESTERDAY        0.0          MM      MM   0.1   -0.1      0.0
  MONTH TO DATE    0.0                       1.5   -1.5      1.5
  SINCE DEC 1      1.0                       3.2   -2.2      1.5
  SINCE JUL 1      1.0                       4.1   -3.1      1.5
  SNOW DEPTH       0

DEGREE DAYS
 HEATING
  YESTERDAY       29                        24      5       17
  MONTH TO DATE  531                       432     99      440
  SINCE DEC 1   1217                      1145     72     1127
  SINCE JUL 1   1654                      1705    -51     1394

 COOLING
  YESTERDAY        0                         0      0        0
  MONTH TO DATE    0                         0      0        0
  SINCE DEC 1      0                         0      0        0
  SINCE JAN 1      0                         0      0        0
..................................................................


WIND (MPH)
  RESULTANT WIND SPEED  10   RESULTANT WIND DIRECTION  SW (210)
  HIGHEST WIND SPEED    23   HIGHEST WIND DIRECTION    SW (210)
  HIGHEST GUST SPEED    29   HIGHEST GUST DIRECTION    SW (210)
  AVERAGE WIND SPEED    10.4


SKY COVER
  AVERAGE SKY COVER 0.0


WEATHER CONDITIONS
 THE FOLLOWING WEATHER WAS RECORDED YESTERDAY.
  NO SIGNIFICANT WEATHER WAS OBSERVED.


RELATIVE HUMIDITY (PERCENT)
 HIGHEST    49           800 AM
 LOWEST     22           500 PM
 AVERAGE    36

..........................................................


THE CHILDRESS CLIMATE NORMALS FOR TODAY
                         NORMAL    RECORD    YEAR
 MAXIMUM TEMPERATURE (F)   55        81      1951
 MINIMUM TEMPERATURE (F)   28        -1      1943


SUNRISE AND SUNSET
JANUARY 19 2018.......SUNRISE   746 AM CST   SUNSET   558 PM CST
JANUARY 20 2018.......SUNRISE   746 AM CST   SUNSET   559 PM CST


-  INDICATES NEGATIVE NUMBERS.
R  INDICATES RECORD WAS SET OR TIED.
MM INDICATES DATA IS MISSING.
T  INDICATES TRACE AMOUNT.




$$
