000
CDUS44 KLUB 230233
CLICDS


CLIMATE REPORT
NATIONAL WEATHER SERVICE LUBBOCK, TX
833 PM CST MON DEC 22 2014


...................................

...THE CHILDRESS CLIMATE SUMMARY FOR DECEMBER 22 2014...
VALID TODAY AS OF 0800 PM LOCAL TIME.

CLIMATE NORMAL PERIOD 1981 TO 2010
CLIMATE RECORD PERIOD 1893 TO 2014


WEATHER ITEM   OBSERVED TIME   RECORD YEAR NORMAL DEPARTURE LAST
                VALUE   (LST)  VALUE       VALUE  FROM      YEAR
                                                  NORMAL
..................................................................
TEMPERATURE (F)
 TODAY
  MAXIMUM         58    241 PM  82    1969  54      4       42
                                      1955
  MINIMUM         39    409 AM  -3    1989  28     11       26
  AVERAGE         49                        41      8       34

PRECIPITATION (IN)
  TODAY            0.00          0.55 1991   0.03  -0.03     0.00
  MONTH TO DATE    0.20                      0.69  -0.49     1.09
  SINCE DEC 1      0.20                      0.69  -0.49     1.09
  SINCE JAN 1     18.55                     23.70  -5.15    16.23

SNOWFALL (IN)
  TODAY            0.0          MM      MM   0.1   -0.1      0.0
  MONTH TO DATE    0.0                       1.2   -1.2      2.3
  SINCE DEC 1      0.0                       1.2   -1.2      2.3
  SINCE JUL 1      2.0                       2.1   -0.1      6.5
  SNOW DEPTH       0

DEGREE DAYS
 HEATING
  TODAY           16                        24     -8       31
  MONTH TO DATE  374                       495   -121      550
  SINCE DEC 1    374                       495   -121      550
  SINCE JUL 1    929                      1055   -126     1148

 COOLING
  TODAY            0                         0      0        0
  MONTH TO DATE    0                         0      0        0
  SINCE DEC 1      0                         0      0        0
  SINCE JAN 1   2317                      2207    110     2407
..................................................................


WIND (MPH)
  RESULTANT WIND SPEED  11   RESULTANT WIND DIRECTION   N (340)
  HIGHEST WIND SPEED    26   HIGHEST WIND DIRECTION     N (360)
  HIGHEST GUST SPEED    35   HIGHEST GUST DIRECTION     N (360)
  AVERAGE WIND SPEED    12.0


SKY COVER
  AVERAGE SKY COVER 0.4


WEATHER CONDITIONS
 THE FOLLOWING WEATHER WAS RECORDED TODAY.
  LIGHT RAIN


RELATIVE HUMIDITY (PERCENT)
 HIGHEST    85           200 AM
 LOWEST     33           200 PM
 AVERAGE    59

..........................................................


THE CHILDRESS CLIMATE NORMALS FOR TOMORROW
                         NORMAL    RECORD    YEAR
 MAXIMUM TEMPERATURE (F)   53        87      1955
 MINIMUM TEMPERATURE (F)   28        -5      1989


SUNRISE AND SUNSET
DECEMBER 22 2014......SUNRISE   744 AM CST   SUNSET   535 PM CST
DECEMBER 23 2014......SUNRISE   745 AM CST   SUNSET   536 PM CST


-  INDICATES NEGATIVE NUMBERS.
R  INDICATES RECORD WAS SET OR TIED.
MM INDICATES DATA IS MISSING.
T  INDICATES TRACE AMOUNT.




$$
