000
CDUS44 KLUB 210629
CLICDS


CLIMATE REPORT
NATIONAL WEATHER SERVICE LUBBOCK, TX
128 AM CDT TUE OCT 21 2014


...................................

...THE CHILDRESS CLIMATE SUMMARY FOR OCTOBER 20 2014...

CLIMATE NORMAL PERIOD 1981 TO 2010
CLIMATE RECORD PERIOD 1893 TO 2014


WEATHER ITEM   OBSERVED TIME   RECORD YEAR NORMAL DEPARTURE LAST
                VALUE   (LST)  VALUE       VALUE  FROM      YEAR
                                                  NORMAL
..................................................................
TEMPERATURE (F)
 YESTERDAY
  MAXIMUM         85    352 PM  95    2007  75     10       84
  MINIMUM         57    725 AM  29    1976  49      8       41
  AVERAGE         71                        62      9       63

PRECIPITATION (IN)
  YESTERDAY        0.00          5.32 1983   0.08  -0.08     0.00
  MONTH TO DATE    0.28                      1.52  -1.24     0.51
  SINCE SEP 1      1.91                      3.94  -2.03     1.20
  SINCE JAN 1     17.52                     21.03  -3.51    14.44

SNOWFALL (IN)
  YESTERDAY        0.0          MM      MM   0.1   -0.1      0.0
  MONTH TO DATE    0.0                       0.1   -0.1      0.0
  SINCE SEP 1      0.0                       0.1   -0.1      0.0
  SINCE JUL 1      0.0                       0.1   -0.1      0.0
  SNOW DEPTH       0

DEGREE DAYS
 HEATING
  YESTERDAY        0                         5     -5        2
  MONTH TO DATE   27                        65    -38       75
  SINCE SEP 1     37                        82    -45       75
  SINCE JUL 1     37                        82    -45       75

 COOLING
  YESTERDAY        6                         2      4        0
  MONTH TO DATE   85                        63     22       77
  SINCE SEP 1    404                       356     48      452
  SINCE JAN 1   2263                      2187     76     2383
..................................................................


WIND (MPH)
  RESULTANT WIND SPEED   5   RESULTANT WIND DIRECTION   S (190)
  HIGHEST WIND SPEED    10   HIGHEST WIND DIRECTION     S (170)
  HIGHEST GUST SPEED    14   HIGHEST GUST DIRECTION     W (270)
  AVERAGE WIND SPEED     6.7


SKY COVER
  AVERAGE SKY COVER 0.1


WEATHER CONDITIONS
 THE FOLLOWING WEATHER WAS RECORDED YESTERDAY.
  FOG


RELATIVE HUMIDITY (PERCENT)
 HIGHEST    93           600 AM
 LOWEST     34           400 PM
 AVERAGE    64

..........................................................


THE CHILDRESS CLIMATE NORMALS FOR TODAY
                         NORMAL    RECORD    YEAR
 MAXIMUM TEMPERATURE (F)   75        95      2012
 MINIMUM TEMPERATURE (F)   48        33      1982


SUNRISE AND SUNSET
OCTOBER 21 2014.......SUNRISE   752 AM CDT   SUNSET   659 PM CDT
OCTOBER 22 2014.......SUNRISE   752 AM CDT   SUNSET   658 PM CDT


-  INDICATES NEGATIVE NUMBERS.
R  INDICATES RECORD WAS SET OR TIED.
MM INDICATES DATA IS MISSING.
T  INDICATES TRACE AMOUNT.




$$
