000
CDUS44 KLUB 040626
CLICDS


CLIMATE REPORT
NATIONAL WEATHER SERVICE LUBBOCK, TX
1226 AM CST WED MAR 4 2015


...................................

...THE CHILDRESS CLIMATE SUMMARY FOR MARCH 3 2015...

CLIMATE NORMAL PERIOD 1981 TO 2010
CLIMATE RECORD PERIOD 1893 TO 2015


WEATHER ITEM   OBSERVED TIME   RECORD YEAR NORMAL DEPARTURE LAST
                VALUE   (LST)  VALUE       VALUE  FROM      YEAR
                                                  NORMAL
..................................................................
TEMPERATURE (F)
 YESTERDAY
  MAXIMUM         64    422 PM  88    1974  63      1       32
                                      1955
  MINIMUM         33    713 AM   6    1943  36     -3        9
  AVERAGE         49                        50     -1       21

PRECIPITATION (IN)
  YESTERDAY        0.00          0.81 1988   0.04  -0.04     0.00
  MONTH TO DATE    0.00                      0.13  -0.13      T
  SINCE MAR 1      0.00                      0.13  -0.13      T
  SINCE JAN 1      1.17                      1.91  -0.74     0.36

SNOWFALL (IN)
  YESTERDAY        0.0          MM      MM   0.1   -0.1      0.0
  MONTH TO DATE    0.0                       0.1   -0.1       T
  SINCE MAR 1      0.0                       0.1   -0.1       T
  SINCE JUL 1      2.0                       6.5   -4.5      9.5
  SNOW DEPTH       0

DEGREE DAYS
 HEATING
  YESTERDAY       16                        16      0       44
  MONTH TO DATE   80                        48     32      118
  SINCE MAR 1     80                        48     32      118
  SINCE JUL 1   2577                      2608    -31     2934

 COOLING
  YESTERDAY        0                         0      0        0
  MONTH TO DATE    0                         0      0        0
  SINCE MAR 1      0                         0      0        0
  SINCE JAN 1      0                         1     -1        0
..................................................................


WIND (MPH)
  RESULTANT WIND SPEED   4   RESULTANT WIND DIRECTION   S (190)
  HIGHEST WIND SPEED    17   HIGHEST WIND DIRECTION     S (190)
  HIGHEST GUST SPEED    21   HIGHEST GUST DIRECTION     S (190)
  AVERAGE WIND SPEED     7.8


SKY COVER
  AVERAGE SKY COVER 0.3


WEATHER CONDITIONS
 THE FOLLOWING WEATHER WAS RECORDED YESTERDAY.
  FOG


RELATIVE HUMIDITY (PERCENT)
 HIGHEST   100           700 AM
 LOWEST     36           500 PM
 AVERAGE    68

..........................................................


THE CHILDRESS CLIMATE NORMALS FOR TODAY
                         NORMAL    RECORD    YEAR
 MAXIMUM TEMPERATURE (F)   63        91      2009
 MINIMUM TEMPERATURE (F)   37         6      1943


SUNRISE AND SUNSET
MARCH  4 2015.........SUNRISE   707 AM CST   SUNSET   640 PM CST
MARCH  5 2015.........SUNRISE   705 AM CST   SUNSET   640 PM CST


-  INDICATES NEGATIVE NUMBERS.
R  INDICATES RECORD WAS SET OR TIED.
MM INDICATES DATA IS MISSING.
T  INDICATES TRACE AMOUNT.




$$
