000
CDUS44 KLUB 280625
CLICDS


CLIMATE REPORT
NATIONAL WEATHER SERVICE LUBBOCK, TX
1225 AM CST WED JAN 28 2015


...................................

...THE CHILDRESS CLIMATE SUMMARY FOR JANUARY 27 2015...

CLIMATE NORMAL PERIOD 1981 TO 2010
CLIMATE RECORD PERIOD 1893 TO 2015


WEATHER ITEM   OBSERVED TIME   RECORD YEAR NORMAL DEPARTURE LAST
                VALUE   (LST)  VALUE       VALUE  FROM      YEAR
                                                  NORMAL
..................................................................
TEMPERATURE (F)
 YESTERDAY
  MAXIMUM         79    429 PM  82    1903  55     24       47
  MINIMUM         41    718 AM   7    1963  29     12       16
                                      1897
  AVERAGE         60                        42     18       32

PRECIPITATION (IN)
  YESTERDAY        0.00          0.50 1944   0.03  -0.03     0.00
  MONTH TO DATE    0.57                      0.60  -0.03      T
  SINCE DEC 1      0.77                      1.51  -0.74     1.09
  SINCE JAN 1      0.57                      0.60  -0.03      T

SNOWFALL (IN)
  YESTERDAY        0.0          MM      MM   0.1   -0.1      0.0
  MONTH TO DATE    T                         2.3   -2.3       T
  SINCE DEC 1      T                         4.0   -4.0      2.3
  SINCE JUL 1      2.0                       4.9   -2.9      6.5
  SNOW DEPTH       0

DEGREE DAYS
 HEATING
  YESTERDAY        5                        23    -18       33
  MONTH TO DATE  648                       639      9      613
  SINCE DEC 1   1278                      1352    -74     1395
  SINCE JUL 1   1833                      1912    -79     1993

 COOLING
  YESTERDAY        0                         0      0        0
  MONTH TO DATE    0                         0      0        0
  SINCE DEC 1      0                         0      0        0
  SINCE JAN 1      0                         0      0        0
..................................................................


WIND (MPH)
  RESULTANT WIND SPEED   5   RESULTANT WIND DIRECTION   W (250)
  HIGHEST WIND SPEED    16   HIGHEST WIND DIRECTION     S (200)
  HIGHEST GUST SPEED    19   HIGHEST GUST DIRECTION    SW (210)
  AVERAGE WIND SPEED     8.0


SKY COVER
  AVERAGE SKY COVER 0.0


WEATHER CONDITIONS
 THE FOLLOWING WEATHER WAS RECORDED YESTERDAY.
  NO SIGNIFICANT WEATHER WAS OBSERVED.


RELATIVE HUMIDITY (PERCENT)
 HIGHEST    70           500 AM
 LOWEST     17           300 PM
 AVERAGE    44

..........................................................


THE CHILDRESS CLIMATE NORMALS FOR TODAY
                         NORMAL    RECORD    YEAR
 MAXIMUM TEMPERATURE (F)   55        82      2003
 MINIMUM TEMPERATURE (F)   29         8      1966


SUNRISE AND SUNSET
JANUARY 28 2015.......SUNRISE   742 AM CST   SUNSET   607 PM CST
JANUARY 29 2015.......SUNRISE   741 AM CST   SUNSET   608 PM CST


-  INDICATES NEGATIVE NUMBERS.
R  INDICATES RECORD WAS SET OR TIED.
MM INDICATES DATA IS MISSING.
T  INDICATES TRACE AMOUNT.




$$
