000
CDUS44 KLUB 172226
CLICDS


CLIMATE REPORT
NATIONAL WEATHER SERVICE LUBBOCK, TX
526 PM CDT WED SEP 17 2014


...................................

...THE CHILDRESS CLIMATE SUMMARY FOR SEPTEMBER 17 2014...
VALID TODAY AS OF 0500 PM LOCAL TIME.

CLIMATE NORMAL PERIOD 1981 TO 2010
CLIMATE RECORD PERIOD 1893 TO 2014


WEATHER ITEM   OBSERVED TIME   RECORD YEAR NORMAL DEPARTURE LAST
                VALUE   (LST)  VALUE       VALUE  FROM      YEAR
                                                  NORMAL
..................................................................
TEMPERATURE (F)
 TODAY
  MAXIMUM         86    256 PM 102    1931  87     -1       86
  MINIMUM         69    514 AM  45    1903  61      8       66
  AVERAGE         78                        74      4       76

PRECIPITATION (IN)
  TODAY            0.00          1.70 1912   0.07  -0.07     0.01
  MONTH TO DATE    1.38                      1.46  -0.08     0.55
  SINCE SEP 1      1.38                      1.46  -0.08     0.55
  SINCE JAN 1     16.99                     18.55  -1.56    13.79

SNOWFALL (IN)
  TODAY            0.0          MM      MM   0.0    0.0      0.0
  MONTH TO DATE    0.0                       0.0    0.0      0.0
  SINCE SEP 1      0.0                       0.0    0.0      0.0
  SINCE JUL 1      0.0                       0.0    0.0      0.0
  SNOW DEPTH       0

DEGREE DAYS
 HEATING
  TODAY            0                         1     -1        0
  MONTH TO DATE   10                         1      9        0
  SINCE SEP 1     10                         1      9        0
  SINCE JUL 1     10                         1      9        0

 COOLING
  TODAY           13                         9      4       11
  MONTH TO DATE  190                       202    -12      279
  SINCE SEP 1    190                       202    -12      279
  SINCE JAN 1   2049                      2033     16     2210
..................................................................


WIND (MPH)
  RESULTANT WIND SPEED   7   RESULTANT WIND DIRECTION  SW (230)
  HIGHEST WIND SPEED    14   HIGHEST WIND DIRECTION    SW (230)
  HIGHEST GUST SPEED    17   HIGHEST GUST DIRECTION    SW (230)
  AVERAGE WIND SPEED     7.1


SKY COVER
  AVERAGE SKY COVER 0.0


WEATHER CONDITIONS
 THE FOLLOWING WEATHER WAS RECORDED TODAY.
  NO SIGNIFICANT WEATHER WAS OBSERVED.


RELATIVE HUMIDITY (PERCENT)
 HIGHEST    90           100 AM
 LOWEST     55          1200 PM
 AVERAGE    73

..........................................................


THE CHILDRESS CLIMATE NORMALS FOR TOMORROW
                         NORMAL    RECORD    YEAR
 MAXIMUM TEMPERATURE (F)   86       103      1952
 MINIMUM TEMPERATURE (F)   61        45      1991
                                             1981


SUNRISE AND SUNSET
SEPTEMBER 17 2014.....SUNRISE   726 AM CDT   SUNSET   745 PM CDT
SEPTEMBER 18 2014.....SUNRISE   726 AM CDT   SUNSET   744 PM CDT


-  INDICATES NEGATIVE NUMBERS.
R  INDICATES RECORD WAS SET OR TIED.
MM INDICATES DATA IS MISSING.
T  INDICATES TRACE AMOUNT.




$$
