000
CDUS44 KLUB 230642
CLICDS


CLIMATE REPORT
NATIONAL WEATHER SERVICE LUBBOCK, TX
141 AM CDT MON OCT 23 2017


...................................

...THE CHILDRESS CLIMATE SUMMARY FOR OCTOBER 22 2017...

CLIMATE NORMAL PERIOD 1981 TO 2010
CLIMATE RECORD PERIOD 1893 TO 2017


WEATHER ITEM   OBSERVED TIME   RECORD YEAR NORMAL DEPARTURE LAST
                VALUE   (LST)  VALUE       VALUE  FROM      YEAR
                                                  NORMAL
..................................................................
TEMPERATURE (F)
 YESTERDAY
  MAXIMUM         72    331 PM  92    1939  75     -3       83
  MINIMUM         42    641 AM  34    2006  48     -6       47
                                      1990
                                      1898
  AVERAGE         57                        61     -4       65

PRECIPITATION (IN)
  YESTERDAY        0.00          2.25 1941   0.07  -0.07     0.00
  MONTH TO DATE    1.24                      1.67  -0.43     0.38
  SINCE SEP 1      5.78                      4.09   1.69     3.79
  SINCE JAN 1     23.46                     21.18   2.28    26.57

SNOWFALL (IN)
  YESTERDAY        0.0          MM      MM   0.0    0.0      0.0
  MONTH TO DATE    0.0                       0.1   -0.1      0.0
  SINCE SEP 1      0.0                       0.1   -0.1      0.0
  SINCE JUL 1      0.0                       0.1   -0.1      0.0
  SNOW DEPTH       0

DEGREE DAYS
 HEATING
  YESTERDAY        8                         5      3        0
  MONTH TO DATE   49                        75    -26       32
  SINCE SEP 1     55                        92    -37       34
  SINCE JUL 1     55                        92    -37       34

 COOLING
  YESTERDAY        0                         1     -1        0
  MONTH TO DATE  106                        66     40      113
  SINCE SEP 1    400                       359     41      432
  SINCE JAN 1   2294                      2190    104     2305
..................................................................


WIND (MPH)
  RESULTANT WIND SPEED   1   RESULTANT WIND DIRECTION   W (290)
  HIGHEST WIND SPEED    12   HIGHEST WIND DIRECTION    NW (330)
  HIGHEST GUST SPEED    13   HIGHEST GUST DIRECTION    NW (320)
  AVERAGE WIND SPEED     6.9


SKY COVER
  AVERAGE SKY COVER 0.0


WEATHER CONDITIONS
 THE FOLLOWING WEATHER WAS RECORDED YESTERDAY.
  NO SIGNIFICANT WEATHER WAS OBSERVED.


RELATIVE HUMIDITY (PERCENT)
 HIGHEST    76           600 AM
 LOWEST     22           200 PM
 AVERAGE    49

..........................................................


THE CHILDRESS CLIMATE NORMALS FOR TODAY
                         NORMAL    RECORD    YEAR
 MAXIMUM TEMPERATURE (F)   74        90      2012
                                             2003
 MINIMUM TEMPERATURE (F)   48        31      1906


SUNRISE AND SUNSET
OCTOBER 23 2017.......SUNRISE   754 AM CDT   SUNSET   657 PM CDT
OCTOBER 24 2017.......SUNRISE   754 AM CDT   SUNSET   656 PM CDT


-  INDICATES NEGATIVE NUMBERS.
R  INDICATES RECORD WAS SET OR TIED.
MM INDICATES DATA IS MISSING.
T  INDICATES TRACE AMOUNT.




$$
