000
CDUS44 KLUB 170626
CLICDS


CLIMATE REPORT
NATIONAL WEATHER SERVICE LUBBOCK, TX
126 AM CDT THU APR 17 2014


...................................

...THE CHILDRESS CLIMATE SUMMARY FOR APRIL 16 2014...

CLIMATE NORMAL PERIOD 1981 TO 2010
CLIMATE RECORD PERIOD 1893 TO 2014


WEATHER ITEM   OBSERVED TIME   RECORD YEAR NORMAL DEPARTURE LAST
                VALUE   (LST)  VALUE       VALUE  FROM      YEAR
                                                  NORMAL
..................................................................
TEMPERATURE (F)
 YESTERDAY
  MAXIMUM         79    446 PM  99    1955  77      2       67
  MINIMUM         43    642 AM  32    1983  48     -5       45
  AVERAGE         61                        62     -1       56

PRECIPITATION (IN)
  YESTERDAY        0.00          2.98 2010   0.06  -0.06     0.00
  MONTH TO DATE    T                         0.98  -0.98     0.90
  SINCE MAR 1      0.46                      2.51  -2.05     0.90
  SINCE JAN 1      0.82                      4.29  -3.47     4.24

SNOWFALL (IN)
  YESTERDAY        0.0                       0.0    0.0      0.0
  MONTH TO DATE    0.0                       0.1   -0.1       T
  SINCE MAR 1      T                         0.5   -0.5       T
  SINCE JUL 1      9.5                       6.9    2.6      5.5

DEGREE DAYS
 HEATING
  YESTERDAY        4                         5     -1        9
  MONTH TO DATE  112                       104      8      160
  SINCE MAR 1    570                       479     91      525
  SINCE JUL 1   3386                      3039    347     2904

 COOLING
  YESTERDAY        0                         2     -2        0
  MONTH TO DATE   33                        27      6       21
  SINCE MAR 1     43                        45     -2       25
  SINCE JAN 1     43                        46     -3       25
..................................................................


WIND (MPH)
  HIGHEST WIND SPEED    29   HIGHEST WIND DIRECTION    SW (210)
  HIGHEST GUST SPEED    35   HIGHEST GUST DIRECTION     S (190)
  AVERAGE WIND SPEED    17.0


SKY COVER
  POSSIBLE SUNSHINE  MM
  AVERAGE SKY COVER 0.0


WEATHER CONDITIONS
 THE FOLLOWING WEATHER WAS RECORDED YESTERDAY.
  NO SIGNIFICANT WEATHER WAS OBSERVED.


RELATIVE HUMIDITY (PERCENT)
 HIGHEST    32
 LOWEST     10
 AVERAGE    21

..........................................................


THE CHILDRESS CLIMATE NORMALS FOR TODAY
                         NORMAL    RECORD    YEAR
 MAXIMUM TEMPERATURE (F)   77        99      2006
 MINIMUM TEMPERATURE (F)   48        35      1907


SUNRISE AND SUNSET
APRIL 17 2014.........SUNRISE   707 AM CDT   SUNSET   815 PM CDT
APRIL 18 2014.........SUNRISE   706 AM CDT   SUNSET   815 PM CDT


-  INDICATES NEGATIVE NUMBERS.
R  INDICATES RECORD WAS SET OR TIED.
MM INDICATES DATA IS MISSING.
T  INDICATES TRACE AMOUNT.




$$
