000
CDUS44 KLUB 230629
CLICDS


CLIMATE REPORT
NATIONAL WEATHER SERVICE LUBBOCK, TX
129 AM CDT TUE AUG 23 2016


...................................

...THE CHILDRESS CLIMATE SUMMARY FOR AUGUST 22 2016...

CLIMATE NORMAL PERIOD 1981 TO 2010
CLIMATE RECORD PERIOD 1893 TO 2016


WEATHER ITEM   OBSERVED TIME   RECORD YEAR NORMAL DEPARTURE LAST
                VALUE   (LST)  VALUE       VALUE  FROM      YEAR
                                                  NORMAL
..................................................................
TEMPERATURE (F)
 YESTERDAY
  MAXIMUM         88    306 PM 106    1984  94     -6       98
  MINIMUM         62    618 AM  55    1941  69     -7       69
  AVERAGE         75                        82     -7       84

PRECIPITATION (IN)
  YESTERDAY        0.00          2.40 1923   0.08  -0.08     0.00
  MONTH TO DATE    2.13                      1.86   0.27     1.80
  SINCE JUN 1      9.02                      7.76   1.26    10.52
  SINCE JAN 1     20.88                     16.33   4.55    30.38

SNOWFALL (IN)
  YESTERDAY        0.0          MM      MM   0.0    0.0      0.0
  MONTH TO DATE    0.0                       0.0    0.0      0.0
  SINCE JUN 1      0.0                       0.0    0.0      0.0
  SINCE JUL 1      0.0                       0.0    0.0      0.0
  SNOW DEPTH       0

DEGREE DAYS
 HEATING
  YESTERDAY        0                         0      0        0
  MONTH TO DATE    0                         0      0        0
  SINCE JUN 1      0                         2     -2        0
  SINCE JUL 1      0                         0      0        0

 COOLING
  YESTERDAY       10                        16     -6       19
  MONTH TO DATE  379                       387     -8      405
  SINCE JUN 1   1486                      1377    109     1436
  SINCE JAN 1   1750                      1689     61     1636
..................................................................


WIND (MPH)
  RESULTANT WIND SPEED   7   RESULTANT WIND DIRECTION   S (170)
  HIGHEST WIND SPEED    24   HIGHEST WIND DIRECTION     S (190)
  HIGHEST GUST SPEED    32   HIGHEST GUST DIRECTION     S (190)
  AVERAGE WIND SPEED     7.6


SKY COVER
  AVERAGE SKY COVER 0.0


WEATHER CONDITIONS
 THE FOLLOWING WEATHER WAS RECORDED YESTERDAY.
  THUNDERSTORM


RELATIVE HUMIDITY (PERCENT)
 HIGHEST    87          1100 PM
 LOWEST     42           100 PM
 AVERAGE    65

..........................................................


THE CHILDRESS CLIMATE NORMALS FOR TODAY
                         NORMAL    RECORD    YEAR
 MAXIMUM TEMPERATURE (F)   94       106      2011
                                             1943
                                             1936
 MINIMUM TEMPERATURE (F)   69        54      1939


SUNRISE AND SUNSET
AUGUST 23 2016........SUNRISE   708 AM CDT   SUNSET   818 PM CDT
AUGUST 24 2016........SUNRISE   709 AM CDT   SUNSET   817 PM CDT


-  INDICATES NEGATIVE NUMBERS.
R  INDICATES RECORD WAS SET OR TIED.
MM INDICATES DATA IS MISSING.
T  INDICATES TRACE AMOUNT.




$$
