000
CDUS44 KLUB 280645
CLICDS


CLIMATE REPORT
NATIONAL WEATHER SERVICE LUBBOCK, TX
145 AM CDT FRI APR 28 2017


...................................

...THE CHILDRESS CLIMATE SUMMARY FOR APRIL 27 2017...

CLIMATE NORMAL PERIOD 1981 TO 2010
CLIMATE RECORD PERIOD 1893 TO 2017


WEATHER ITEM   OBSERVED TIME   RECORD YEAR NORMAL DEPARTURE LAST
                VALUE   (LST)  VALUE       VALUE  FROM      YEAR
                                                  NORMAL
..................................................................
TEMPERATURE (F)
 YESTERDAY
  MAXIMUM         82    447 PM  96    1956  80      2       78
  MINIMUM         48    237 AM  38    1994  52     -4       50
                                      1973
  AVERAGE         65                        66     -1       64

PRECIPITATION (IN)
  YESTERDAY        0.00          1.88 2015   0.09  -0.09     0.00
  MONTH TO DATE    1.88                      1.86   0.02     1.94
  SINCE MAR 1      3.37                      3.39  -0.02     2.72
  SINCE JAN 1      7.59                      5.17   2.42     3.97

SNOWFALL (IN)
  YESTERDAY        0.0          MM      MM   0.0    0.0      0.0
  MONTH TO DATE    0.0                       0.2   -0.2      0.0
  SINCE MAR 1      0.0                       0.6   -0.6      0.0
  SINCE JUL 1      1.5                       7.0   -5.5      7.0
  SNOW DEPTH       0

DEGREE DAYS
 HEATING
  YESTERDAY        0                         3     -3        1
  MONTH TO DATE  103                       145    -42       81
  SINCE MAR 1    326                       520   -194      314
  SINCE JUL 1   2274                      3080   -806     2482

 COOLING
  YESTERDAY        0                         4     -4        0
  MONTH TO DATE   75                        60     15       38
  SINCE MAR 1    133                        78     55       60
  SINCE JAN 1    148                        79     69       62
..................................................................


WIND (MPH)
  RESULTANT WIND SPEED   9   RESULTANT WIND DIRECTION  SE (150)
  HIGHEST WIND SPEED    30   HIGHEST WIND DIRECTION     S (170)
  HIGHEST GUST SPEED    37   HIGHEST GUST DIRECTION     S (170)
  AVERAGE WIND SPEED    13.8


SKY COVER
  AVERAGE SKY COVER 0.1


WEATHER CONDITIONS
 THE FOLLOWING WEATHER WAS RECORDED YESTERDAY.
  NO SIGNIFICANT WEATHER WAS OBSERVED.


RELATIVE HUMIDITY (PERCENT)
 HIGHEST    71           300 AM
 LOWEST     22           400 PM
 AVERAGE    47

..........................................................


THE CHILDRESS CLIMATE NORMALS FOR TODAY
                         NORMAL    RECORD    YEAR
 MAXIMUM TEMPERATURE (F)   80        98      1898
 MINIMUM TEMPERATURE (F)   52        38      1994
                                             1969


SUNRISE AND SUNSET
APRIL 28 2017.........SUNRISE   654 AM CDT   SUNSET   823 PM CDT
APRIL 29 2017.........SUNRISE   653 AM CDT   SUNSET   824 PM CDT


-  INDICATES NEGATIVE NUMBERS.
R  INDICATES RECORD WAS SET OR TIED.
MM INDICATES DATA IS MISSING.
T  INDICATES TRACE AMOUNT.




$$
