851
CDUS46 KEKA 131210
CLICEC


CLIMATE REPORT
NATIONAL WEATHER SERVICE EUREKA CA
409 AM PST SAT FEB 13 2016


...................................

...THE CRESCENT CITY CA CLIMATE SUMMARY FOR FEBRUARY 12 2016...

CLIMATE NORMAL PERIOD 1981 TO 2010
CLIMATE RECORD PERIOD 1894 TO 2016


WEATHER ITEM   OBSERVED TIME   RECORD YEAR NORMAL DEPARTURE LAST
                VALUE   (LST)  VALUE       VALUE  FROM      YEAR
                                                  NORMAL
..................................................................
TEMPERATURE (F)
 YESTERDAY
  MAXIMUM         60    937 AM  73    1971  53      7       62
  MINIMUM         45   1159 PM  29    2001  42      3       41
  AVERAGE         53                        47      6       52

PRECIPITATION (IN)
  YESTERDAY        0.28          2.60 1958   0.32  -0.04     0.00
  MONTH TO DATE    0.94                      4.04  -3.10     7.27
  SINCE OCT 1     50.05                     39.67  10.38    29.83
  SINCE JAN 1     15.37                     14.43   0.94     9.00

SNOWFALL (IN)
  YESTERDAY       MM            MM      MM  MM     MM        0.0
  MONTH TO DATE    0.0                      MM     MM        0.0
  SINCE DEC 1      0.0                      MM     MM        0.0
  SINCE JUL 1      0.0                      MM     MM        0.0
  SNOW DEPTH       0

DEGREE DAYS
 HEATING
  YESTERDAY       12                        18     -6       13
  MONTH TO DATE  146                       216    -70      120
  SINCE DEC 1   1074                      1285   -211      913
  SINCE JUL 1   2243                      2902   -659     2020

 COOLING
  YESTERDAY        0                         0      0        0
  MONTH TO DATE    0                         0      0        0
  SINCE DEC 1      0                         0      0        0
  SINCE JAN 1      0                         0      0        0
..................................................................


WIND (MPH)
  HIGHEST WIND SPEED    15   HIGHEST WIND DIRECTION     S (160)
  HIGHEST GUST SPEED    19   HIGHEST GUST DIRECTION     S (170)
  AVERAGE WIND SPEED     4.8


SKY COVER
  AVERAGE SKY COVER 0.8


WEATHER CONDITIONS
 THE FOLLOWING WEATHER WAS RECORDED YESTERDAY.
  RAIN
  LIGHT RAIN
  FOG W/VISIBILITY <= 1/4 MILE
  HAZE


RELATIVE HUMIDITY (PERCENT)
 HIGHEST   100
 LOWEST     75
 AVERAGE    88

..........................................................


THE CRESCENT CITY CA CLIMATE NORMALS FOR TODAY
                         NORMAL    RECORD    YEAR
 MAXIMUM TEMPERATURE (F)   53        73      1996
 MINIMUM TEMPERATURE (F)   42        28      1949


SUNRISE AND SUNSET
FEBRUARY 13 2016......SUNRISE   716 AM PST   SUNSET   547 PM PST
FEBRUARY 14 2016......SUNRISE   714 AM PST   SUNSET   548 PM PST


-  INDICATES NEGATIVE NUMBERS.
R  INDICATES RECORD WAS SET OR TIED.
MM INDICATES DATA IS MISSING.
T  INDICATES TRACE AMOUNT.




$$
