000
CDUS46 KEKA 201213
CLICEC


CLIMATE REPORT
NATIONAL WEATHER SERVICE EUREKA CA
512 AM PDT SUN APR 20 2014


...................................

...THE CRESCENT CITY CA CLIMATE SUMMARY FOR APRIL 19 2014...

CLIMATE NORMAL PERIOD 1981 TO 2010
CLIMATE RECORD PERIOD 1894 TO 2014


WEATHER ITEM   OBSERVED TIME   RECORD YEAR NORMAL DEPARTURE LAST
                VALUE   (LST)  VALUE       VALUE  FROM      YEAR
                                                  NORMAL
..................................................................
TEMPERATURE (F)
 YESTERDAY
  MAXIMUM         56    438 PM  72    1950  55      1       56
  MINIMUM         43   1159 PM  32    1968  44     -1       45
  AVERAGE         50                        49      1       51

PRECIPITATION (IN)
  YESTERDAY        0.09          1.86 1965   0.15  -0.06      T
  MONTH TO DATE    0.17                      3.75  -3.58     3.05
  SINCE JUL 1     28.11                     57.98 -29.87    50.01
  SINCE JAN 1     19.12                     30.88 -11.76    16.31

SNOWFALL (IN)
  YESTERDAY       MM            MM      MM  MM     MM       MM
  MONTH TO DATE    0.0                      MM     MM        0.0
  SINCE MAR 1      0.0                      MM     MM        0.0
  SINCE JUL 1      0.0                      MM     MM        0.0
  SNOW DEPTH       0

DEGREE DAYS
 HEATING
  YESTERDAY       15                        16     -1       14
  MONTH TO DATE  270                       304    -34      302
  SINCE MAR 1    701                       817   -116      822
  SINCE JUL 1   3867                      3990   -123     4055

 COOLING
  YESTERDAY        0                         0      0        0
  MONTH TO DATE    0                         0      0        0
  SINCE MAR 1      0                         0      0        0
  SINCE JAN 1      0                         0      0        0
..................................................................


WIND (MPH)
  HIGHEST WIND SPEED    18   HIGHEST WIND DIRECTION    SE (150)
  HIGHEST GUST SPEED    23   HIGHEST GUST DIRECTION    SE (150)
  AVERAGE WIND SPEED     8.1


SKY COVER
  AVERAGE SKY COVER 0.7


WEATHER CONDITIONS
 THE FOLLOWING WEATHER WAS RECORDED YESTERDAY.
  RAIN
  LIGHT RAIN
  FOG


RELATIVE HUMIDITY (PERCENT)
 HIGHEST   100
 LOWEST     83
 AVERAGE    92

..........................................................


THE CRESCENT CITY CA CLIMATE NORMALS FOR TODAY
                         NORMAL    RECORD    YEAR
 MAXIMUM TEMPERATURE (F)   55        75      1982
 MINIMUM TEMPERATURE (F)   44        34      1963


SUNRISE AND SUNSET
APRIL 20 2014.........SUNRISE   629 AM PDT   SUNSET   803 PM PDT
APRIL 21 2014.........SUNRISE   627 AM PDT   SUNSET   804 PM PDT


-  INDICATES NEGATIVE NUMBERS.
R  INDICATES RECORD WAS SET OR TIED.
MM INDICATES DATA IS MISSING.
T  INDICATES TRACE AMOUNT.




$$
