000
CDUS46 KEKA 250015
CLICEC


CLIMATE REPORT
NATIONAL WEATHER SERVICE EUREKA CA
515 PM PDT THU APR 24 2014


...................................

...THE CRESCENT CITY CA CLIMATE SUMMARY FOR APRIL 24 2014...
VALID TODAY AS OF 0500 PM LOCAL TIME.

CLIMATE NORMAL PERIOD 1981 TO 2010
CLIMATE RECORD PERIOD 1894 TO 2014


WEATHER ITEM   OBSERVED TIME   RECORD YEAR NORMAL DEPARTURE LAST
                VALUE   (LST)  VALUE       VALUE  FROM      YEAR
                                                  NORMAL
..................................................................
TEMPERATURE (F)
 TODAY
  MAXIMUM         54    254 PM  70    1982  55     -1       66
  MINIMUM         51   1004 AM  32    1971  45      6       44
  AVERAGE         53                        50      3       55

PRECIPITATION (IN)
  TODAY            0.57          2.10 2003   0.14   0.43     0.00
  MONTH TO DATE    2.08                      4.46  -2.38     3.05
  SINCE JUL 1     30.02                     58.69 -28.67    50.01
  SINCE JAN 1     21.03                     31.59 -10.56    16.31

SNOWFALL (IN)
  TODAY            0.0          MM      MM  MM     MM        0.0
  MONTH TO DATE    0.0                      MM     MM        0.0
  SINCE MAR 1      0.0                      MM     MM        0.0
  SINCE JUL 1      0.0                      MM     MM        0.0
  SNOW DEPTH      MM

..................................................................


WIND (MPH)
  HIGHEST WIND SPEED    25   HIGHEST WIND DIRECTION     S (160)
  HIGHEST GUST SPEED    37   HIGHEST GUST DIRECTION     S (170)
  AVERAGE WIND SPEED    13.0


SKY COVER
  AVERAGE SKY COVER 0.8


WEATHER CONDITIONS
 THE FOLLOWING WEATHER WAS RECORDED TODAY.
  HEAVY RAIN
  RAIN
  LIGHT RAIN
  FOG


RELATIVE HUMIDITY (PERCENT)
 HIGHEST   100
 LOWEST     83
 AVERAGE    92

..........................................................


THE CRESCENT CITY CA CLIMATE NORMALS FOR TOMORROW
                         NORMAL    RECORD    YEAR
 MAXIMUM TEMPERATURE (F)   55        70      1979
 MINIMUM TEMPERATURE (F)   45        34      1985


SUNRISE AND SUNSET
APRIL 24 2014.........SUNRISE   623 AM PDT   SUNSET   808 PM PDT
APRIL 25 2014.........SUNRISE   622 AM PDT   SUNSET   809 PM PDT


-  INDICATES NEGATIVE NUMBERS.
R  INDICATES RECORD WAS SET OR TIED.
MM INDICATES DATA IS MISSING.
T  INDICATES TRACE AMOUNT.




$$
