240
CDUS46 KEKA 281211
CLICEC


CLIMATE REPORT
NATIONAL WEATHER SERVICE EUREKA CA
511 AM PDT SUN AUG 28 2016


...................................

...THE CRESCENT CITY CA CLIMATE SUMMARY FOR AUGUST 27 2016...

CLIMATE NORMAL PERIOD 1981 TO 2010
CLIMATE RECORD PERIOD 1894 TO 2016


WEATHER ITEM   OBSERVED TIME   RECORD YEAR NORMAL DEPARTURE LAST
                VALUE   (LST)  VALUE       VALUE  FROM      YEAR
                                                  NORMAL
..................................................................
TEMPERATURE (F)
 YESTERDAY
  MAXIMUM         63   1040 AM  73    1976  63      0       70
  MINIMUM         55   1159 PM  43    1962  51      4       49
  AVERAGE         59                        57      2       60

PRECIPITATION (IN)
  YESTERDAY        0.00          0.45 1990   0.02  -0.02     0.00
  MONTH TO DATE    0.00                      0.43  -0.43      T
  SINCE OCT 1     67.46                     63.01   4.45    41.84
  SINCE JAN 1     32.78                     37.77  -4.99    21.01

SNOWFALL (IN)
  YESTERDAY        0.0          MM      MM  MM     MM        0.0
  MONTH TO DATE    0.0                      MM     MM        0.0
  SINCE JUN 1      0.0                      MM     MM        0.0
  SINCE JUL 1      0.0                      MM     MM        0.0
  SNOW DEPTH       0

DEGREE DAYS
 HEATING
  YESTERDAY        6                         8     -2        5
  MONTH TO DATE  242                       216     26      113
  SINCE JUN 1    729                       799    -70      542
  SINCE JUL 1    472                       490    -18      260

 COOLING
  YESTERDAY        0                         0      0        0
  MONTH TO DATE    0                         0      0        0
  SINCE JUN 1      0                         0      0        2
  SINCE JAN 1      0                         0      0        2
..................................................................


WIND (MPH)
  HIGHEST WIND SPEED    10   HIGHEST WIND DIRECTION     W (270)
  HIGHEST GUST SPEED    14   HIGHEST GUST DIRECTION     W (290)
  AVERAGE WIND SPEED     4.2


SKY COVER
  AVERAGE SKY COVER 1.0


WEATHER CONDITIONS
 THE FOLLOWING WEATHER WAS RECORDED YESTERDAY.
  FOG


RELATIVE HUMIDITY (PERCENT)
 HIGHEST    93
 LOWEST     72
 AVERAGE    83

..........................................................


THE CRESCENT CITY CA CLIMATE NORMALS FOR TODAY
                         NORMAL    RECORD    YEAR
 MAXIMUM TEMPERATURE (F)   63        79      1979
 MINIMUM TEMPERATURE (F)   51        43      1985


SUNRISE AND SUNSET
AUGUST 28 2016........SUNRISE   639 AM PDT   SUNSET   756 PM PDT
AUGUST 29 2016........SUNRISE   640 AM PDT   SUNSET   754 PM PDT


-  INDICATES NEGATIVE NUMBERS.
R  INDICATES RECORD WAS SET OR TIED.
MM INDICATES DATA IS MISSING.
T  INDICATES TRACE AMOUNT.




$$
