000
CDUS46 KEKA 221219
CLICEC


CLIMATE REPORT
NATIONAL WEATHER SERVICE EUREKA CA
418 AM PST THU FEB 22 2018


...................................

...THE CRESCENT CITY CA CLIMATE SUMMARY FOR FEBRUARY 21 2018...

CLIMATE NORMAL PERIOD 1981 TO 2010
CLIMATE RECORD PERIOD 1894 TO 2018


WEATHER ITEM   OBSERVED TIME   RECORD YEAR NORMAL DEPARTURE LAST
                VALUE   (LST)  VALUE       VALUE  FROM      YEAR
                                                  NORMAL
..................................................................
TEMPERATURE (F)
 YESTERDAY
  MAXIMUM         51    304 PM  75    1964  54     -3       55
  MINIMUM         39   1159 PM  29    1952  42     -3       44
  AVERAGE         45                        48     -3       50

PRECIPITATION (IN)
  YESTERDAY        0.08          2.04 1998   0.28  -0.20     0.37
  MONTH TO DATE    0.86                      6.77  -5.91    12.11
  SINCE OCT 1     25.48                     42.40 -16.92    69.43
  SINCE JAN 1     11.46                     17.16  -5.70    24.33

SNOWFALL (IN)
  YESTERDAY        0.0          MM      MM  MM     MM       MM
  MONTH TO DATE    0.0                      MM     MM        0.0
  SINCE DEC 1      0.0                      MM     MM        0.0
  SINCE JUL 1      0.0                      MM     MM        0.0
  SNOW DEPTH       0

DEGREE DAYS
 HEATING
  YESTERDAY       20                        17      3       15
  MONTH TO DATE  310                       371    -61      251
  SINCE DEC 1   1174                      1440   -266     1443
  SINCE JUL 1   2664                      3057   -393     2776

 COOLING
  YESTERDAY        0                         0      0        0
  MONTH TO DATE    0                         0      0        0
  SINCE DEC 1      0                         0      0        0
  SINCE JAN 1      0                         0      0        0
..................................................................


WIND (MPH)
  HIGHEST WIND SPEED    21   HIGHEST WIND DIRECTION     N (340)
  HIGHEST GUST SPEED    28   HIGHEST GUST DIRECTION     N (350)
  AVERAGE WIND SPEED     7.9


SKY COVER
  AVERAGE SKY COVER 0.6


WEATHER CONDITIONS
 THE FOLLOWING WEATHER WAS RECORDED YESTERDAY.
  LIGHT RAIN


RELATIVE HUMIDITY (PERCENT)
 HIGHEST    82
 LOWEST     53
 AVERAGE    68

..........................................................


THE CRESCENT CITY CA CLIMATE NORMALS FOR TODAY
                         NORMAL    RECORD    YEAR
 MAXIMUM TEMPERATURE (F)   54        70      1981
 MINIMUM TEMPERATURE (F)   42        31      1962


SUNRISE AND SUNSET
FEBRUARY 22 2018......SUNRISE   702 AM PST   SUNSET   559 PM PST
FEBRUARY 23 2018......SUNRISE   701 AM PST   SUNSET   600 PM PST


-  INDICATES NEGATIVE NUMBERS.
R  INDICATES RECORD WAS SET OR TIED.
MM INDICATES DATA IS MISSING.
T  INDICATES TRACE AMOUNT.




$$
