274
CDUS46 KEKA 301210
CLICEC


CLIMATE REPORT
NATIONAL WEATHER SERVICE EUREKA CA
508 AM PDT FRI SEP 30 2016


...................................

...THE CRESCENT CITY CA CLIMATE SUMMARY FOR SEPTEMBER 29 2016...

CLIMATE NORMAL PERIOD 1981 TO 2010
CLIMATE RECORD PERIOD 1894 TO 2016


WEATHER ITEM   OBSERVED TIME   RECORD YEAR NORMAL DEPARTURE LAST
                VALUE   (LST)  VALUE       VALUE  FROM      YEAR
                                                  NORMAL
..................................................................
TEMPERATURE (F)
 YESTERDAY
  MAXIMUM         56    239 PM  85    1966  61     -5       60
  MINIMUM         53   1159 PM  39    1965  48      5       53
  AVERAGE         55                        54      1       57

PRECIPITATION (IN)
  YESTERDAY        0.00          2.36 2013   0.05  -0.05     0.00
  MONTH TO DATE    T                         0.87  -0.87     0.90
  SINCE OCT 1     67.46                     63.97   3.49    43.83
  SINCE JAN 1     32.78                     38.73  -5.95    23.00

SNOWFALL (IN)
  YESTERDAY        0.0          MM      MM  MM     MM        0.0
  MONTH TO DATE    0.0                      MM     MM        0.0
  SINCE SEP 1      0.0                      MM     MM        0.0
  SINCE JUL 1      0.0                      MM     MM        0.0
  SNOW DEPTH       0

DEGREE DAYS
 HEATING
  YESTERDAY       10                        11     -1        8
  MONTH TO DATE  225                       272    -47      226
  SINCE SEP 1    225                       272    -47      226
  SINCE JUL 1    723                       792    -69      492

 COOLING
  YESTERDAY        0                         0      0        0
  MONTH TO DATE    0                         0      0        0
  SINCE SEP 1      0                         0      0        0
  SINCE JAN 1      0                         0      0        4
..................................................................


WIND (MPH)
  HIGHEST WIND SPEED    14   HIGHEST WIND DIRECTION     S (160)
  HIGHEST GUST SPEED    17   HIGHEST GUST DIRECTION     S (170)
  AVERAGE WIND SPEED     5.6


SKY COVER
  AVERAGE SKY COVER 1.0


WEATHER CONDITIONS
 THE FOLLOWING WEATHER WAS RECORDED YESTERDAY.
  FOG


RELATIVE HUMIDITY (PERCENT)
 HIGHEST    93
 LOWEST     83
 AVERAGE    88

..........................................................


THE CRESCENT CITY CA CLIMATE NORMALS FOR TODAY
                         NORMAL    RECORD    YEAR
 MAXIMUM TEMPERATURE (F)   61        88      1958
 MINIMUM TEMPERATURE (F)   48        36      1950


SUNRISE AND SUNSET
SEPTEMBER 30 2016.....SUNRISE   713 AM PDT   SUNSET   659 PM PDT
OCTOBER  1 2016.......SUNRISE   714 AM PDT   SUNSET   658 PM PDT


-  INDICATES NEGATIVE NUMBERS.
R  INDICATES RECORD WAS SET OR TIED.
MM INDICATES DATA IS MISSING.
T  INDICATES TRACE AMOUNT.




$$
