000
CDUS45 KGJT 310727
CLICEZ


CLIMATE REPORT
NATIONAL WEATHER SERVICE GRAND JUNCTION CO
125 AM MDT SUN JUL 31 2016


...................................

...THE CORTEZ CO CLIMATE SUMMARY FOR JULY 30 2016...

CLIMATE NORMAL PERIOD 1981 TO 2010
CLIMATE RECORD PERIOD 9999 TO 9999


WEATHER ITEM   OBSERVED TIME   RECORD YEAR NORMAL DEPARTURE LAST
                VALUE   (LST)  VALUE       VALUE  FROM      YEAR
                                                  NORMAL
..................................................................
TEMPERATURE (F)
 YESTERDAY
  MAXIMUM         95    505 PM  MM      MM  89      6       92
  MINIMUM         60    421 AM  MM      MM  55      5       51
  AVERAGE         78                        72      6       72

PRECIPITATION (IN)
  YESTERDAY        0.05         MM      MM   0.08  -0.03     0.22
  MONTH TO DATE    1.30                      1.20   0.10     1.93
  SINCE JUN 1      1.50                      1.68  -0.18     3.56
  SINCE JAN 1      4.81                      6.82  -2.01     7.56

SNOWFALL (IN)
  YESTERDAY       MM            MM      MM  MM     MM       MM
  MONTH TO DATE   MM                        MM     MM       MM
  SINCE JUN 1     MM                        MM     MM       MM
  SINCE JUL 1     MM                        MM     MM       MM
  SNOW DEPTH      MM

DEGREE DAYS
 HEATING
  YESTERDAY        0                         0      0        0
  MONTH TO DATE    2                         0      2        0
  SINCE JUN 1     14                        75    -61       40
  SINCE JUL 1      2                         0      2        0

 COOLING
  YESTERDAY       13                         7      6        7
  MONTH TO DATE  226                       191     35      153
  SINCE JUN 1    394                       249    145      268
  SINCE JAN 1    394                       254    140      268
..................................................................


WIND (MPH)
  HIGHEST WIND SPEED    26   HIGHEST WIND DIRECTION    SE (150)
  HIGHEST GUST SPEED    36   HIGHEST GUST DIRECTION     S (160)
  AVERAGE WIND SPEED     6.8


SKY COVER
  POSSIBLE SUNSHINE  MM
  AVERAGE SKY COVER 0.0


WEATHER CONDITIONS
 THE FOLLOWING WEATHER WAS RECORDED YESTERDAY.
  THUNDERSTORM
  RAIN
  LIGHT RAIN


RELATIVE HUMIDITY (PERCENT)
 HIGHEST    56           400 AM
 LOWEST     14           500 PM
 AVERAGE    35

..........................................................


THE CORTEZ CO CLIMATE NORMALS FOR TODAY
                         NORMAL    RECORD    YEAR
 MAXIMUM TEMPERATURE (F)   89        MM        MM
 MINIMUM TEMPERATURE (F)   55        MM        MM


SUNRISE AND SUNSET
JULY 31 2016..........SUNRISE   619 AM MDT   SUNSET   822 PM MDT
AUGUST  1 2016........SUNRISE   620 AM MDT   SUNSET   822 PM MDT


-  INDICATES NEGATIVE NUMBERS.
R  INDICATES RECORD WAS SET OR TIED.
MM INDICATES DATA IS MISSING.
T  INDICATES TRACE AMOUNT.




$$
