996
CDUS45 KGJT 200730
CLICEZ


CLIMATE REPORT
NATIONAL WEATHER SERVICE GRAND JUNCTION CO
128 AM MDT THU JUL 20 2017


...................................

...THE CORTEZ CO CLIMATE SUMMARY FOR JULY 19 2017...

CLIMATE NORMAL PERIOD 1981 TO 2010
CLIMATE RECORD PERIOD 9999 TO 9999


WEATHER ITEM   OBSERVED TIME   RECORD YEAR NORMAL DEPARTURE LAST
                VALUE   (LST)  VALUE       VALUE  FROM      YEAR
                                                  NORMAL
..................................................................
TEMPERATURE (F)
 YESTERDAY
  MAXIMUM         94    355 PM  MM      MM  91      3       91
  MINIMUM         65    305 AM  MM      MM  54     11       55
  AVERAGE         80                        72      8       73

PRECIPITATION (IN)
  YESTERDAY        0.01         MM      MM   0.05  -0.04     0.04
  MONTH TO DATE    0.41                      0.46  -0.05     1.14
  SINCE JUN 1      0.41                      0.94  -0.53     1.34
  SINCE JAN 1      6.48                      6.08   0.40     4.65

SNOWFALL (IN)
  YESTERDAY       MM            MM      MM  MM     MM       MM
  MONTH TO DATE   MM                        MM     MM       MM
  SINCE JUN 1     MM                        MM     MM       MM
  SINCE JUL 1     MM                        MM     MM       MM
  SNOW DEPTH      MM

DEGREE DAYS
 HEATING
  YESTERDAY        0                         0      0        0
  MONTH TO DATE    0                         0      0        2
  SINCE JUN 1     21                        75    -54       14
  SINCE JUL 1      0                         0      0        2

 COOLING
  YESTERDAY       15                         7      8        8
  MONTH TO DATE  172                       114     58      104
  SINCE JUN 1    290                       172    118      272
  SINCE JAN 1    294                       177    117      272
..................................................................


WIND (MPH)
  HIGHEST WIND SPEED    29   HIGHEST WIND DIRECTION    SE (140)
  HIGHEST GUST SPEED    39   HIGHEST GUST DIRECTION    SE (150)
  AVERAGE WIND SPEED     8.5


SKY COVER
  POSSIBLE SUNSHINE  MM
  AVERAGE SKY COVER 0.1


WEATHER CONDITIONS
 THE FOLLOWING WEATHER WAS RECORDED YESTERDAY.
  THUNDERSTORM
  LIGHT RAIN


RELATIVE HUMIDITY (PERCENT)
 HIGHEST    68           600 AM
 LOWEST     19           400 PM
 AVERAGE    44

..........................................................


THE CORTEZ CO CLIMATE NORMALS FOR TODAY
                         NORMAL    RECORD    YEAR
 MAXIMUM TEMPERATURE (F)   90        MM        MM
 MINIMUM TEMPERATURE (F)   54        MM        MM


SUNRISE AND SUNSET
JULY 20 2017..........SUNRISE   610 AM MDT   SUNSET   832 PM MDT
JULY 21 2017..........SUNRISE   611 AM MDT   SUNSET   831 PM MDT


-  INDICATES NEGATIVE NUMBERS.
R  INDICATES RECORD WAS SET OR TIED.
MM INDICATES DATA IS MISSING.
T  INDICATES TRACE AMOUNT.




$$
