000
CDUS43 KPAH 280628
CLICGI


CLIMATE REPORT
NATIONAL WEATHER SERVICE PADUCAH KY
127 AM CDT SAT MAY 28 2016

...................................

...THE CAPE GIRARDEAU MO CLIMATE SUMMARY FOR MAY 27 2016...

CLIMATE NORMAL PERIOD 1981 TO 2010
CLIMATE RECORD PERIOD 1960 TO 2016

WEATHER ITEM   OBSERVED TIME   RECORD YEAR NORMAL DEPARTURE LAST
                VALUE   (LST)  VALUE       VALUE  FROM      YEAR
                                                  NORMAL
..................................................................
TEMPERATURE (F)
 YESTERDAY
  MAXIMUM         80    116 PM  95    2012  81     -1       79
  MINIMUM         66    718 AM  36    1961  59      7       62
  AVERAGE         73                        70      3

PRECIPITATION (IN)
  YESTERDAY        1.21          4.21 1973   0.15   1.06     0.04
  MONTH TO DATE    8.32                      4.88   3.44     5.66
  SINCE MAR 1     18.48                     13.64   4.84    18.62
  SINCE JAN 1     23.26                     20.52   2.74    25.14

DEGREE DAYS
 HEATING
  YESTERDAY        0                         1     -1        0
  MONTH TO DATE  100                        65     35       56
  SINCE MAR 1    679                       886   -207      833
  SINCE JUL 1   3571                      4383   -812     4611

 COOLING
  YESTERDAY        8                         6      2        6
  MONTH TO DATE   62                        96    -34      123
  SINCE MAR 1     80                       127    -47      151
  SINCE JAN 1     80                       127    -47      151
..................................................................

WIND (MPH)
  HIGHEST WIND SPEED    35   HIGHEST WIND DIRECTION    SW (230)
  HIGHEST GUST SPEED    41   HIGHEST GUST DIRECTION    SW (230)
  AVERAGE WIND SPEED     8.6

SKY COVER
  AVERAGE SKY COVER 0.4

WEATHER CONDITIONS
 THE FOLLOWING WEATHER WAS RECORDED YESTERDAY.
  THUNDERSTORM
  HEAVY RAIN
  RAIN
  LIGHT RAIN
  FOG

RELATIVE HUMIDITY (PERCENT)
 HIGHEST    93
 LOWEST     74
 AVERAGE    84
..........................................................

THE CAPE GIRARDEAU MO CLIMATE NORMALS FOR TODAY
                         NORMAL    RECORD    YEAR
 MAXIMUM TEMPERATURE (F)   81        96      2012
 MINIMUM TEMPERATURE (F)   59        42      1961

SUNRISE AND SUNSET
MAY 28 2016...........SUNRISE   541 AM CDT   SUNSET   811 PM CDT
MAY 29 2016...........SUNRISE   541 AM CDT   SUNSET   811 PM CDT

-  INDICATES NEGATIVE NUMBERS.
R  INDICATES RECORD WAS SET OR TIED.
MM INDICATES DATA IS MISSING.
T  INDICATES TRACE AMOUNT.

$$
