000
CDUS43 KPAH 020631
CLICGI


CLIMATE REPORT
NATIONAL WEATHER SERVICE PADUCAH KY
129 AM CDT THU OCT 2 2014


...................................

...THE CAPE GIRARDEAU MO CLIMATE SUMMARY FOR OCTOBER 1 2014...

CLIMATE NORMAL PERIOD 1981 TO 2010
CLIMATE RECORD PERIOD 1960 TO 2014


WEATHER ITEM   OBSERVED TIME   RECORD YEAR NORMAL DEPARTURE LAST
                VALUE   (LST)  VALUE       VALUE  FROM      YEAR
                                                  NORMAL
..................................................................
TEMPERATURE (F)
 YESTERDAY
  MAXIMUM         87    220 PM  92    1971  75     12       74
  MINIMUM         54    611 AM  35    1984  50      4       64
  AVERAGE         71                        63      8

PRECIPITATION (IN)
  YESTERDAY        0.00          1.99 1986   0.11  -0.11     0.00
  MONTH TO DATE    0.00                      0.11  -0.11     0.00
  SINCE SEP 1      2.05                      3.39  -1.34     0.44
  SINCE JAN 1     34.35                     34.44  -0.09    28.67

DEGREE DAYS
 HEATING
  YESTERDAY        0                         5     -5        0
  MONTH TO DATE    0                         5     -5        0
  SINCE SEP 1     46                        53     -7       10
  SINCE JUL 1     46                        54     -8       11

 COOLING
  YESTERDAY        6                         2      4        4
  MONTH TO DATE    6                         2      4        4
  SINCE SEP 1    151                       164    -13      216
  SINCE JAN 1   1390                      1424    -34     1397
..................................................................


WIND (MPH)
  HIGHEST WIND SPEED    16   HIGHEST WIND DIRECTION     S (180)
  HIGHEST GUST SPEED    22   HIGHEST GUST DIRECTION     S (190)
  AVERAGE WIND SPEED     5.8


SKY COVER
  AVERAGE SKY COVER 0.3


WEATHER CONDITIONS
 THE FOLLOWING WEATHER WAS RECORDED YESTERDAY.
  FOG


RELATIVE HUMIDITY (PERCENT)
 HIGHEST   100
 LOWEST     43
 AVERAGE    72

..........................................................


THE CAPE GIRARDEAU MO CLIMATE NORMALS FOR TODAY
                         NORMAL    RECORD    YEAR
 MAXIMUM TEMPERATURE (F)   75        92      1971
 MINIMUM TEMPERATURE (F)   49        34      2004


SUNRISE AND SUNSET
OCTOBER  2 2014.......SUNRISE   655 AM CDT   SUNSET   640 PM CDT
OCTOBER  3 2014.......SUNRISE   655 AM CDT   SUNSET   639 PM CDT


-  INDICATES NEGATIVE NUMBERS.
R  INDICATES RECORD WAS SET OR TIED.
MM INDICATES DATA IS MISSING.
T  INDICATES TRACE AMOUNT.




$$
