000
CDUS43 KPAH 270631
CLICGI


CLIMATE REPORT
NATIONAL WEATHER SERVICE PADUCAH KY
1230 AM CST FRI FEB 27 2015


...................................

...THE CAPE GIRARDEAU MO CLIMATE SUMMARY FOR FEBRUARY 26 2015...

CLIMATE NORMAL PERIOD 1981 TO 2010
CLIMATE RECORD PERIOD 1960 TO 2015


WEATHER ITEM   OBSERVED TIME   RECORD YEAR NORMAL DEPARTURE LAST
                VALUE   (LST)  VALUE       VALUE  FROM      YEAR
                                                  NORMAL
..................................................................
TEMPERATURE (F)
 YESTERDAY
  MAXIMUM         31   1025 AM  74    1996  52    -21       30
  MINIMUM         17    112 AM  12    1963  31    -14       17
  AVERAGE         24                        41    -17

PRECIPITATION (IN)
  YESTERDAY        T             1.66 2000   0.12  -0.12      T
  MONTH TO DATE    1.75                      3.17  -1.42     1.14
  SINCE DEC 1      9.33                     10.89  -1.56     8.70
  SINCE JAN 1      6.52                      6.64  -0.12     3.14

DEGREE DAYS
 HEATING
  YESTERDAY       41                        24     17       41
  MONTH TO DATE  982                       713    269      874
  SINCE DEC 1   2695                      2600     95     2952
  SINCE JUL 1   3691                      3451    240     3858

 COOLING
  YESTERDAY        0                         0      0        0
  MONTH TO DATE    0                         0      0        0
  SINCE DEC 1      0                         0      0        0
  SINCE JAN 1      0                         0      0        0
..................................................................


WIND (MPH)
  HIGHEST WIND SPEED    24   HIGHEST WIND DIRECTION    NW (330)
  HIGHEST GUST SPEED    29   HIGHEST GUST DIRECTION     N (340)
  AVERAGE WIND SPEED    11.1


SKY COVER
  AVERAGE SKY COVER 0.9


WEATHER CONDITIONS
 THE FOLLOWING WEATHER WAS RECORDED YESTERDAY.
  FOG
  FOG W/VISIBILITY <= 1/4 MILE


RELATIVE HUMIDITY (PERCENT)
 HIGHEST   100
 LOWEST     63
 AVERAGE    82

..........................................................


THE CAPE GIRARDEAU MO CLIMATE NORMALS FOR TODAY
                         NORMAL    RECORD    YEAR
 MAXIMUM TEMPERATURE (F)   52        75      1996
 MINIMUM TEMPERATURE (F)   31        10      1993


SUNRISE AND SUNSET
FEBRUARY 27 2015......SUNRISE   632 AM CST   SUNSET   550 PM CST
FEBRUARY 28 2015......SUNRISE   631 AM CST   SUNSET   551 PM CST


-  INDICATES NEGATIVE NUMBERS.
R  INDICATES RECORD WAS SET OR TIED.
MM INDICATES DATA IS MISSING.
T  INDICATES TRACE AMOUNT.




$$
