000
CDUS44 KMRX 040838
CLICHA


CLIMATE REPORT
NATIONAL WEATHER SERVICE MORRISTOWN TN
438 AM EDT TUE AUG 4 2015


...................................

...THE CHATTANOOGA  ASOS CLIMATE SUMMARY FOR AUGUST 3 2015...

CLIMATE NORMAL PERIOD 1981 TO 2010
CLIMATE RECORD PERIOD 1879 TO 2015


WEATHER ITEM   OBSERVED TIME   RECORD YEAR NORMAL DEPARTURE LAST
                VALUE   (LST)  VALUE       VALUE  FROM      YEAR
                                                  NORMAL
..................................................................
TEMPERATURE (F)
 YESTERDAY
  MAXIMUM         94    453 PM 101    2011  90      4       88
  MINIMUM         67    615 AM  58    1965  70     -3       68
  AVERAGE         81                        80      1       78

PRECIPITATION (IN)
  YESTERDAY        0.00          1.71 1948   0.14  -0.14     0.00
  MONTH TO DATE    0.00                      0.39  -0.39     0.13
  SINCE JUN 1     10.39                      9.35   1.04     7.69
  SINCE JAN 1     33.59                     32.17   1.42    24.98

DEGREE DAYS
 COOLING
  YESTERDAY       16                        15      1       13
  MONTH TO DATE   44                        45     -1       35
  SINCE JUN 1   1000                       853    147      831
  SINCE JAN 1   1276                      1049    227     1089
..................................................................


WIND (MPH)
  HIGHEST WIND SPEED    14   HIGHEST WIND DIRECTION     N (360)
  HIGHEST GUST SPEED    17   HIGHEST GUST DIRECTION     N (20)
  AVERAGE WIND SPEED     3.3


SKY COVER
  POSSIBLE SUNSHINE  MM
  AVERAGE SKY COVER 0.4


WEATHER CONDITIONS
 THE FOLLOWING WEATHER WAS RECORDED YESTERDAY.
  NO SIGNIFICANT WEATHER WAS OBSERVED.


RELATIVE HUMIDITY (PERCENT)
 HIGHEST    87           600 AM
 LOWEST     26           400 PM
 AVERAGE    57

..........................................................


THE CHATTANOOGA  ASOS CLIMATE NORMALS FOR TODAY
                         NORMAL    RECORD    YEAR
 MAXIMUM TEMPERATURE (F)   90       105      1947
 MINIMUM TEMPERATURE (F)   70        56      1950


SUNRISE AND SUNSET
AUGUST  4 2015........SUNRISE   652 AM EDT   SUNSET   841 PM EDT
AUGUST  5 2015........SUNRISE   653 AM EDT   SUNSET   840 PM EDT


-  INDICATES NEGATIVE NUMBERS.
R  INDICATES RECORD WAS SET OR TIED.
MM INDICATES DATA IS MISSING.
T  INDICATES TRACE AMOUNT.




$$
