000
CDUS44 KMRX 232137
CLICHA

CLIMATE REPORT
NATIONAL WEATHER SERVICE MORRISTOWN TN
537 PM EDT WED APR 23 2014


...................................

...THE CHATTANOOGA  ASOS CLIMATE SUMMARY FOR APRIL 23 2014...
VALID TODAY AS OF 0500 PM LOCAL TIME.

CLIMATE NORMAL PERIOD 1981 TO 2010
CLIMATE RECORD PERIOD 1879 TO 2014


WEATHER ITEM   OBSERVED TIME   RECORD YEAR NORMAL DEPARTURE LAST
                VALUE   (LST)  VALUE       VALUE  FROM      YEAR
                                                  NORMAL
..................................................................
TEMPERATURE (F)
 TODAY
  MAXIMUM         75    420 PM  91    1925  75      0       75
  MINIMUM         48    549 AM  34    1986  50     -2       48
                                      1982
  AVERAGE         62                        62      0       62

PRECIPITATION (IN)
  TODAY            0.00          3.96 1899   0.14  -0.14     0.00
  MONTH TO DATE    3.00                      3.07  -0.07     5.67
  SINCE MAR 1      5.38                      8.05  -2.67    10.38
  SINCE JAN 1     12.97                     17.80  -4.83    24.06

SNOWFALL (IN)
  TODAY            0.0                       0.0    0.0      0.0
  MONTH TO DATE    0.0                       0.1   -0.1      0.0
  SINCE MAR 1      T                         1.3   -1.3       T
  SINCE JUL 1      8.4                       3.9    4.5      0.3
  SNOW DEPTH       0

DEGREE DAYS
 HEATING
  TODAY            3                         4     -1        3
  MONTH TO DATE  126                       151    -25      131
  SINCE MAR 1    561                       555      6      682
  SINCE JUL 1   3355                      3177    178     2998

 COOLING
  TODAY            0                         2     -2        0
  MONTH TO DATE   15                        26    -11       34
  SINCE MAR 1     15                        33    -18       37
  SINCE JAN 1     15                        33    -18       39
..................................................................


WIND (MPH)
  HIGHEST WIND SPEED    18   HIGHEST WIND DIRECTION    NE (30)
  HIGHEST GUST SPEED    24   HIGHEST GUST DIRECTION    NE (30)
  AVERAGE WIND SPEED     7.8


SKY COVER
  POSSIBLE SUNSHINE  MM
  AVERAGE SKY COVER  MM


WEATHER CONDITIONS
 THE FOLLOWING WEATHER WAS RECORDED TODAY.
  NO SIGNIFICANT WEATHER WAS OBSERVED.


RELATIVE HUMIDITY (PERCENT)
 HIGHEST    74           600 AM
 LOWEST     23           400 PM
 AVERAGE    49

..........................................................


THE CHATTANOOGA  ASOS CLIMATE NORMALS FOR TOMORROW
                         NORMAL    RECORD    YEAR
 MAXIMUM TEMPERATURE (F)   75        92      1925
 MINIMUM TEMPERATURE (F)   51        34      1986
                                             1982
                                             1910


SUNRISE AND SUNSET
APRIL 23 2014.........SUNRISE   659 AM EDT   SUNSET   820 PM EDT
APRIL 24 2014.........SUNRISE   658 AM EDT   SUNSET   821 PM EDT


-  INDICATES NEGATIVE NUMBERS.
R  INDICATES RECORD WAS SET OR TIED.
MM INDICATES DATA IS MISSING.
T  INDICATES TRACE AMOUNT.




$$
