000
CDUS44 KMRX 240826
CLICHA


CLIMATE REPORT
NATIONAL WEATHER SERVICE MORRISTOWN TN
426 AM EDT MON APR 24 2017


...................................

...THE CHATTANOOGA  ASOS CLIMATE SUMMARY FOR APRIL 23 2017...

CLIMATE NORMAL PERIOD 1981 TO 2010
CLIMATE RECORD PERIOD 1879 TO 2017


WEATHER ITEM   OBSERVED TIME   RECORD YEAR NORMAL DEPARTURE LAST
                VALUE   (LST)  VALUE       VALUE  FROM      YEAR
                                                  NORMAL
..................................................................
TEMPERATURE (F)
 YESTERDAY
  MAXIMUM         64    437 PM  91    1925  75    -11       76
  MINIMUM         56   1159 PM  34    1986  50      6       52
                                      1982
  AVERAGE         60                        62     -2       64

PRECIPITATION (IN)
  YESTERDAY        1.87          3.96 1899   0.14   1.73     0.00
  MONTH TO DATE    9.17                      3.07   6.10     1.33
  SINCE MAR 1     13.30                      8.05   5.25     4.97
  SINCE JAN 1     21.73                     17.80   3.93    15.71

SNOWFALL (IN)
  YESTERDAY        0.0                       0.0    0.0      0.0
  MONTH TO DATE    0.0                       0.1   -0.1      0.0
  SINCE MAR 1      T                         1.3   -1.3       T
  SINCE JUL 1      0.3                       3.9   -3.6      0.5
  SNOW DEPTH       0

DEGREE DAYS
 HEATING
  YESTERDAY        5                         4      1        1
  MONTH TO DATE   53                       151    -98      125
  SINCE MAR 1    381                       555   -174      370
  SINCE JUL 1   2192                      3177   -985     2455

 COOLING
  YESTERDAY        0                         2     -2        0
  MONTH TO DATE   70                        26     44       23
  SINCE MAR 1     89                        33     56       35
  SINCE JAN 1     89                        33     56       35
..................................................................


WIND (MPH)
  HIGHEST WIND SPEED    14   HIGHEST WIND DIRECTION     W (250)
  HIGHEST GUST SPEED    18   HIGHEST GUST DIRECTION     S (180)
  AVERAGE WIND SPEED     4.5


SKY COVER
  POSSIBLE SUNSHINE  MM
  AVERAGE SKY COVER 0.9


WEATHER CONDITIONS
 THE FOLLOWING WEATHER WAS RECORDED YESTERDAY.
  THUNDERSTORM
  HEAVY RAIN
  RAIN
  LIGHT RAIN
  FOG


RELATIVE HUMIDITY (PERCENT)
 HIGHEST   100          1200 AM
 LOWEST     86           900 PM
 AVERAGE    93

..........................................................


THE CHATTANOOGA  ASOS CLIMATE NORMALS FOR TODAY
                         NORMAL    RECORD    YEAR
 MAXIMUM TEMPERATURE (F)   75        92      1925
 MINIMUM TEMPERATURE (F)   51        34      1986
                                             1982
                                             1910


SUNRISE AND SUNSET
APRIL 24 2017.........SUNRISE   657 AM EDT   SUNSET   821 PM EDT
APRIL 25 2017.........SUNRISE   656 AM EDT   SUNSET   822 PM EDT


-  INDICATES NEGATIVE NUMBERS.
R  INDICATES RECORD WAS SET OR TIED.
MM INDICATES DATA IS MISSING.
T  INDICATES TRACE AMOUNT.




$$
