000
CDUS44 KMRX 042112
CLICHA

CLIMATE REPORT
NATIONAL WEATHER SERVICE MORRISTOWN TN
511 PM EDT SAT JUL 4 2015


...................................

...THE CHATTANOOGA CLIMATE SUMMARY FOR JULY 4 2015...
VALID TODAY AS OF 0500 PM LOCAL TIME.

CLIMATE NORMAL PERIOD 1981 TO 2010
CLIMATE RECORD PERIOD 1879 TO 2015


WEATHER ITEM   OBSERVED TIME   RECORD YEAR NORMAL DEPARTURE LAST
                VALUE   (LST)  VALUE       VALUE  FROM      YEAR
                                                  NORMAL
..................................................................
TEMPERATURE (F)
 TODAY
  MAXIMUM         81    359 PM  99    1948  90     -9       83
  MINIMUM         69    657 AM  56    1967  69      0       65
  AVERAGE         75                        80     -5       74

PRECIPITATION (IN)
  TODAY            0.31          2.99 1941   0.15   0.16     0.00
  MONTH TO DATE    2.79                      0.63   2.16     0.00
  SINCE JUN 1      6.90                      4.68   2.22     4.99
  SINCE JAN 1     30.10                     27.50   2.60    22.28

SNOWFALL (IN)
  TODAY            0.0                       0.0    0.0      0.0
  MONTH TO DATE    0.0                       0.0    0.0      0.0
  SINCE JUN 1      0.0                       0.0    0.0      0.0
  SINCE JUL 1      0.0                       0.0    0.0      0.0
  SNOW DEPTH       0

DEGREE DAYS
 HEATING
  TODAY            0                         0      0        0
  MONTH TO DATE    0                         0      0        0
  SINCE JUN 1      0                         2     -2        0
  SINCE JUL 1      0                         0      0        0

 COOLING
  TODAY           10                        14     -4        9
  MONTH TO DATE   38                        56    -18       57
  SINCE JUN 1    479                       401     78      458
  SINCE JAN 1    755                       597    158      716
..................................................................


WIND (MPH)
  HIGHEST WIND SPEED    12   HIGHEST WIND DIRECTION    SW (230)
  HIGHEST GUST SPEED    18   HIGHEST GUST DIRECTION    SW (210)
  AVERAGE WIND SPEED     5.9


SKY COVER
  POSSIBLE SUNSHINE  MM
  AVERAGE SKY COVER 0.8


WEATHER CONDITIONS
 THE FOLLOWING WEATHER WAS RECORDED TODAY.
  HEAVY RAIN
  RAIN
  LIGHT RAIN
  FOG
  HAZE


RELATIVE HUMIDITY (PERCENT)
 HIGHEST    97           300 AM
 LOWEST     62           200 PM
 AVERAGE    80

..........................................................


THE CHATTANOOGA CLIMATE NORMALS FOR TOMORROW
                         NORMAL    RECORD    YEAR
 MAXIMUM TEMPERATURE (F)   90       102      2012
 MINIMUM TEMPERATURE (F)   69        59      1972


SUNRISE AND SUNSET
JULY  4 2015..........SUNRISE   632 AM EDT   SUNSET   859 PM EDT
JULY  5 2015..........SUNRISE   632 AM EDT   SUNSET   858 PM EDT


-  INDICATES NEGATIVE NUMBERS.
R  INDICATES RECORD WAS SET OR TIED.
MM INDICATES DATA IS MISSING.
T  INDICATES TRACE AMOUNT.




$$
