000
CDUS44 KMRX 222133
CLICHA


CLIMATE REPORT
NATIONAL WEATHER SERVICE MORRISTOWN TN
533 PM EDT SUN OCT 22 2017


...................................

...THE CHATTANOOGA  ASOS CLIMATE SUMMARY FOR OCTOBER 22 2017...
VALID TODAY AS OF 0500 PM LOCAL TIME.

CLIMATE NORMAL PERIOD 1981 TO 2010
CLIMATE RECORD PERIOD 1879 TO 2017


WEATHER ITEM   OBSERVED TIME   RECORD YEAR NORMAL DEPARTURE LAST
                VALUE   (LST)  VALUE       VALUE  FROM      YEAR
                                                  NORMAL
..................................................................
TEMPERATURE (F)
 TODAY
  MAXIMUM         79    136 PM  86    1963  71      8       67
  MINIMUM         53    430 AM  24    1952  48      5       45
  AVERAGE         66                        60      6       56

PRECIPITATION (IN)
  TODAY            0.00          1.81 1928   0.11  -0.11     0.00
  MONTH TO DATE    4.01                      2.31   1.70     0.08
  SINCE SEP 1      7.65                      6.35   1.30     1.71
  SINCE JAN 1     51.40                     41.61   9.79    25.05

SNOWFALL (IN)
  TODAY            0.0                       0.0    0.0      0.0
  MONTH TO DATE    0.0                       0.0    0.0      0.0
  SINCE SEP 1      0.0                       0.0    0.0      0.0
  SINCE JUL 1      0.0                       0.0    0.0      0.0
  SNOW DEPTH       0

DEGREE DAYS
 HEATING
  TODAY            0                         6     -6        9
  MONTH TO DATE   31                        87    -56       18
  SINCE SEP 1     40                       102    -62       20
  SINCE JUL 1     40                       102    -62       20

 COOLING
  TODAY            1                         1      0        0
  MONTH TO DATE  104                        43     61      109
  SINCE SEP 1    343                       282     61      528
  SINCE JAN 1   1947                      1732    215     2437
..................................................................


WIND (MPH)
  HIGHEST WIND SPEED    17   HIGHEST WIND DIRECTION    SE (140)
  HIGHEST GUST SPEED    25   HIGHEST GUST DIRECTION    SE (140)
  AVERAGE WIND SPEED     4.5


SKY COVER
  POSSIBLE SUNSHINE  MM
  AVERAGE SKY COVER 0.5


WEATHER CONDITIONS
 THE FOLLOWING WEATHER WAS RECORDED TODAY.
  NO SIGNIFICANT WEATHER WAS OBSERVED.


RELATIVE HUMIDITY (PERCENT)
 HIGHEST    93           500 AM
 LOWEST     54           300 PM
 AVERAGE    74

..........................................................


THE CHATTANOOGA  ASOS CLIMATE NORMALS FOR TOMORROW
                         NORMAL    RECORD    YEAR
 MAXIMUM TEMPERATURE (F)   71        88      1941
 MINIMUM TEMPERATURE (F)   47        28      1974


SUNRISE AND SUNSET
OCTOBER 22 2017.......SUNRISE   753 AM EDT   SUNSET   657 PM EDT
OCTOBER 23 2017.......SUNRISE   754 AM EDT   SUNSET   656 PM EDT


-  INDICATES NEGATIVE NUMBERS.
R  INDICATES RECORD WAS SET OR TIED.
MM INDICATES DATA IS MISSING.
T  INDICATES TRACE AMOUNT.




$$
