000
CDUS41 KLWX 020545
CLICHO


CLIMATE REPORT
NATIONAL WEATHER SERVICE BALTIMORE MD/WASHINGTON DC
1244 AM EST MON MAR 2 2015


...................................

...THE CHARLOTTESVILLE VA CLIMATE SUMMARY FOR MARCH 1 2015...

CLIMATE NORMAL PERIOD 1981 TO 2010
CLIMATE RECORD PERIOD 1889 TO 2015


WEATHER ITEM   OBSERVED TIME   RECORD YEAR NORMAL DEPARTURE LAST
                VALUE   (LST)  VALUE       VALUE  FROM      YEAR
                                                  NORMAL
..................................................................
TEMPERATURE (F)
 YESTERDAY
  MAXIMUM         32   1159 PM  MM      MM  52    -20       49
  MINIMUM         18    115 AM  MM      MM  30    -12       15
  AVERAGE         25                        41    -16       32

PRECIPITATION (IN)
  YESTERDAY        0.03                      0.09  -0.06     0.00
  MONTH TO DATE    0.03                      0.09  -0.06     0.00
  SINCE MAR 1      0.03                      0.09  -0.06     0.00
  SINCE JAN 1      2.69                      5.56  -2.87     5.09

DEGREE DAYS
 HEATING
  YESTERDAY       40                        24     16       33
  MONTH TO DATE   40                        24     16       33
  SINCE MAR 1     40                        24     16       33
  SINCE JUL 1   3555                      3436    119     3542

 COOLING
  YESTERDAY        0                         0      0        0
  MONTH TO DATE    0                         0      0        0
  SINCE MAR 1      0                         0      0        0
  SINCE JAN 1      0                         0      0        0
..................................................................


WIND (MPH)
  HIGHEST WIND SPEED    13   HIGHEST WIND DIRECTION     S (200)
  HIGHEST GUST SPEED    15   HIGHEST GUST DIRECTION     S (190)
  AVERAGE WIND SPEED     4.2


SKY COVER
  POSSIBLE SUNSHINE  MM
  AVERAGE SKY COVER 0.8


WEATHER CONDITIONS
 THE FOLLOWING WEATHER WAS RECORDED YESTERDAY.
  LT FREEZING RAIN
  FOG


RELATIVE HUMIDITY (PERCENT)
 HIGHEST   100           900 PM
 LOWEST     57           200 AM
 AVERAGE    79

..........................................................


THE CHARLOTTESVILLE VA CLIMATE NORMALS FOR TODAY
                         NORMAL    RECORD    YEAR
 MAXIMUM TEMPERATURE (F)   53        MM        MM
 MINIMUM TEMPERATURE (F)   30        MM        MM


SUNRISE AND SUNSET
MARCH  2 2015.........SUNRISE   645 AM EST   SUNSET   608 PM EST
MARCH  3 2015.........SUNRISE   643 AM EST   SUNSET   609 PM EST


-  INDICATES NEGATIVE NUMBERS.
R  INDICATES RECORD WAS SET OR TIED.
MM INDICATES DATA IS MISSING.
T  INDICATES TRACE AMOUNT.




$$
