000
CDUS41 KLWX 302126
CLICHO


CLIMATE REPORT
NATIONAL WEATHER SERVICE BALTIMORE MD/WASHINGTON DC
525 PM EDT SAT AUG 30 2014


...................................

...THE CHARLOTTESVILLE VA CLIMATE SUMMARY FOR AUGUST 30 2014...
VALID TODAY AS OF 0500 PM LOCAL TIME.

CLIMATE NORMAL PERIOD 1981 TO 2010
CLIMATE RECORD PERIOD 1889 TO 2014


WEATHER ITEM   OBSERVED TIME   RECORD YEAR NORMAL DEPARTURE LAST
                VALUE   (LST)  VALUE       VALUE  FROM      YEAR
                                                  NORMAL
..................................................................
TEMPERATURE (F)
 TODAY
  MAXIMUM         84    332 PM  MM      MM  83      1       84
  MINIMUM         67    609 AM  MM      MM  61      6       65
  AVERAGE         76                        72      4       75

PRECIPITATION (IN)
  TODAY            0.00                      0.09  -0.09     0.00
  MONTH TO DATE    4.33                      3.55   0.78     5.57
  SINCE JUN 1     10.23                     11.60  -1.37    16.34
  SINCE JAN 1     28.50                     28.07   0.43    32.97

DEGREE DAYS
 HEATING
  TODAY            0                                         0
  MONTH TO DATE    0                                         5
  SINCE JUN 1      2                                         7
  SINCE JUL 1      0                                         5

 COOLING
  TODAY           11                                        10
  MONTH TO DATE  219                                       223
  SINCE JUN 1    796                                       843
  SINCE JAN 1    912                                       990
..................................................................


WIND (MPH)
  HIGHEST WIND SPEED    12   HIGHEST WIND DIRECTION     S (160)
  HIGHEST GUST SPEED    15   HIGHEST GUST DIRECTION     S (160)
  AVERAGE WIND SPEED     3.6


SKY COVER
  POSSIBLE SUNSHINE  MM
  AVERAGE SKY COVER 0.9


WEATHER CONDITIONS
 THE FOLLOWING WEATHER WAS RECORDED TODAY.
  NO SIGNIFICANT WEATHER WAS OBSERVED.


RELATIVE HUMIDITY (PERCENT)
 HIGHEST    87           600 AM
 LOWEST     69           200 PM
 AVERAGE    78

..........................................................


THE CHARLOTTESVILLE VA CLIMATE NORMALS FOR TOMORROW
                         NORMAL    RECORD    YEAR
 MAXIMUM TEMPERATURE (F)   83        MM        MM
 MINIMUM TEMPERATURE (F)   61        MM        MM


SUNRISE AND SUNSET
AUGUST 30 2014........SUNRISE   642 AM EDT   SUNSET   746 PM EDT
AUGUST 31 2014........SUNRISE   643 AM EDT   SUNSET   745 PM EDT


-  INDICATES NEGATIVE NUMBERS.
R  INDICATES RECORD WAS SET OR TIED.
MM INDICATES DATA IS MISSING.
T  INDICATES TRACE AMOUNT.




$$
