220
CDUS41 KLWX 290535
CLICHO


CLIMATE REPORT
NATIONAL WEATHER SERVICE BALTIMORE MD/WASHINGTON DC
134 AM EDT SAT APR 29 2017


...................................

...THE CHARLOTTESVILLE VA CLIMATE SUMMARY FOR APRIL 28 2017...

CLIMATE NORMAL PERIOD 1981 TO 2010
CLIMATE RECORD PERIOD 1889 TO 2017


WEATHER ITEM   OBSERVED TIME   RECORD YEAR NORMAL DEPARTURE LAST
                VALUE   (LST)  VALUE       VALUE  FROM      YEAR
                                                  NORMAL
..................................................................
TEMPERATURE (F)
 YESTERDAY
  MAXIMUM         86    335 PM  MM      MM  71     15       60
  MINIMUM         59    540 AM  MM      MM  46     13       54
  AVERAGE         73                        59     14       57

PRECIPITATION (IN)
  YESTERDAY        0.00                      0.10  -0.10     1.00
  MONTH TO DATE    2.80                      3.16  -0.36     3.32
  SINCE MAR 1      5.53                      6.82  -1.29     4.81
  SINCE JAN 1      8.77                     12.29  -3.52    10.93

DEGREE DAYS
 HEATING
  YESTERDAY        0                         7     -7        8
  MONTH TO DATE  124                       294   -170      239
  SINCE MAR 1    628                       886   -258      582
  SINCE JUL 1   3001                      4298  -1297     3340

 COOLING
  YESTERDAY        8                         1      7        0
  MONTH TO DATE   65                        20     45       23
  SINCE MAR 1     69                        22     47       27
  SINCE JAN 1     70                        22     48       27
..................................................................


WIND (MPH)
  HIGHEST WIND SPEED    15   HIGHEST WIND DIRECTION     S (190)
  HIGHEST GUST SPEED    22   HIGHEST GUST DIRECTION     S (190)
  AVERAGE WIND SPEED     5.7


SKY COVER
  POSSIBLE SUNSHINE  MM
  AVERAGE SKY COVER 0.0


WEATHER CONDITIONS
 THE FOLLOWING WEATHER WAS RECORDED YESTERDAY.
  FOG


RELATIVE HUMIDITY (PERCENT)
 HIGHEST   100           600 AM
 LOWEST     40           100 PM
 AVERAGE    70

..........................................................


THE CHARLOTTESVILLE VA CLIMATE NORMALS FOR TODAY
                         NORMAL    RECORD    YEAR
 MAXIMUM TEMPERATURE (F)   71        MM        MM
 MINIMUM TEMPERATURE (F)   47        MM        MM


SUNRISE AND SUNSET
APRIL 29 2017.........SUNRISE   619 AM EDT   SUNSET   803 PM EDT
APRIL 30 2017.........SUNRISE   618 AM EDT   SUNSET   804 PM EDT


-  INDICATES NEGATIVE NUMBERS.
R  INDICATES RECORD WAS SET OR TIED.
MM INDICATES DATA IS MISSING.
T  INDICATES TRACE AMOUNT.




$$
