000
CDUS42 KCHS 050542
CLICHS


CLIMATE REPORT
NATIONAL WEATHER SERVICE CHARLESTON SC
1240 AM EST THU MAR 5 2015


...................................

...THE NORTH CHARLESTON SC CLIMATE SUMMARY FOR MARCH 4 2015...

CLIMATE NORMAL PERIOD 1981 TO 2010
CLIMATE RECORD PERIOD 1938 TO 2015


WEATHER ITEM   OBSERVED TIME   RECORD YEAR NORMAL DEPARTURE LAST
                VALUE   (LST)  VALUE       VALUE  FROM      YEAR
                                                  NORMAL
..................................................................
TEMPERATURE (F)
 YESTERDAY
  MAXIMUM         81    157 PM  83    2004  67     14       40
  MINIMUM         53   1227 AM  21    1980  44      9       33
  AVERAGE         67                        55     12       37

PRECIPITATION (IN)
  YESTERDAY        0.00          2.36 1977   0.12  -0.12      T
  MONTH TO DATE    0.14                      0.46  -0.32     0.54
  SINCE MAR 1      0.14                      0.46  -0.32     0.54
  SINCE JAN 1      8.07                      7.13   0.94     5.39

SNOWFALL (IN)
  YESTERDAY        0.0                       0.0    0.0
  SINCE MAR 1      0.0                       0.0    0.0
  SINCE JUL 1      T                         0.5   -0.5

DEGREE DAYS
 HEATING
  YESTERDAY        0                        10    -10       28
  MONTH TO DATE   36                        42     -6       58
  SINCE MAR 1     36                        42     -6       58
  SINCE JUL 1   1773                      1678     95     1581

 COOLING
  YESTERDAY        2                         1      1        0
  MONTH TO DATE    2                         2      0        0
  SINCE MAR 1      2                         2      0        0
  SINCE JAN 1      6                         9     -3       10
..................................................................


WIND (MPH)
  HIGHEST WIND SPEED    25   HIGHEST WIND DIRECTION    SW (210)
  HIGHEST GUST SPEED    30   HIGHEST GUST DIRECTION    SW (210)
  AVERAGE WIND SPEED    13.4


SKY COVER
  POSSIBLE SUNSHINE  MM
  AVERAGE SKY COVER 0.6


WEATHER CONDITIONS
 THE FOLLOWING WEATHER WAS RECORDED YESTERDAY.
  FOG
  FOG W/VISIBILITY <= 1/4 MILE


RELATIVE HUMIDITY (PERCENT)
 HIGHEST   100           200 AM
 LOWEST     51           200 PM
 AVERAGE    76

..........................................................


THE NORTH CHARLESTON SC CLIMATE NORMALS FOR TODAY
                         NORMAL    RECORD    YEAR
 MAXIMUM TEMPERATURE (F)   67        85      1997
 MINIMUM TEMPERATURE (F)   44        23      1978


SUNRISE AND SUNSET
MARCH  5 2015.........SUNRISE   643 AM EST   SUNSET   620 PM EST
MARCH  6 2015.........SUNRISE   642 AM EST   SUNSET   621 PM EST


-  INDICATES NEGATIVE NUMBERS.
R  INDICATES RECORD WAS SET OR TIED.
MM INDICATES DATA IS MISSING.
T  INDICATES TRACE AMOUNT.

$$
