000
CDUS42 KCHS 160537
CLICHS

CLIMATE REPORT
NATIONAL WEATHER SERVICE CHARLESTON SC
137 AM EDT WED APR 16 2014

...................................

...THE NORTH CHARLESTON SC CLIMATE SUMMARY FOR APRIL 15 2014...

CLIMATE NORMAL PERIOD 1981 TO 2010
CLIMATE RECORD PERIOD 1938 TO 2014


WEATHER ITEM   OBSERVED TIME   RECORD YEAR NORMAL DEPARTURE LAST
                VALUE   (LST)  VALUE       VALUE  FROM      YEAR
                                                  NORMAL
..................................................................
TEMPERATURE (F)
 YESTERDAY
  MAXIMUM         74    451 PM  92    2006  76     -2       73
  MINIMUM         52   1159 PM  33    1950  53     -1       61
  AVERAGE         63                        65     -2       67

PRECIPITATION (IN)
  YESTERDAY        0.25          4.10 1958   0.10   0.15     0.64
  MONTH TO DATE    1.57                      1.48   0.09     3.57
  SINCE MAR 1      6.50                      5.19   1.31     7.64
  SINCE JAN 1     11.35                     11.86  -0.51    18.46

SNOWFALL (IN)
  YESTERDAY        0.0                       0.0    0.0
  SINCE MAR 1      0.0                       0.0    0.0
  SINCE JUL 1      T                         0.5   -0.5

DEGREE DAYS
 HEATING
  YESTERDAY        2                         3     -1        0
  MONTH TO DATE    6                        59    -53       46
  SINCE MAR 1    320                       298     22      426
  SINCE JUL 1   1843                      1934    -91     1811

 COOLING
  YESTERDAY        0                         3     -3        2
  MONTH TO DATE   63                        31     32       37
  SINCE MAR 1     72                        58     14       47
  SINCE JAN 1     82                        65     17       68
..................................................................


WIND (MPH)
  HIGHEST WIND SPEED    23   HIGHEST WIND DIRECTION     N (360)
  HIGHEST GUST SPEED    30   HIGHEST GUST DIRECTION     N (360)
  AVERAGE WIND SPEED    13.5


SKY COVER
  POSSIBLE SUNSHINE  MM
  AVERAGE SKY COVER 0.9


WEATHER CONDITIONS
 THE FOLLOWING WEATHER WAS RECORDED YESTERDAY.
  RAIN
  LIGHT RAIN
  FOG


RELATIVE HUMIDITY (PERCENT)
 HIGHEST    90           500 AM
 LOWEST     72          1100 PM
 AVERAGE    81

..........................................................


THE NORTH CHARLESTON SC CLIMATE NORMALS FOR TODAY
                         NORMAL    RECORD    YEAR
 MAXIMUM TEMPERATURE (F)   77        92      1967
 MINIMUM TEMPERATURE (F)   53        32      1962


SUNRISE AND SUNSET
APRIL 16 2014.........SUNRISE   649 AM EDT   SUNSET   751 PM EDT
APRIL 17 2014.........SUNRISE   648 AM EDT   SUNSET   752 PM EDT


-  INDICATES NEGATIVE NUMBERS.
R  INDICATES RECORD WAS SET OR TIED.
MM INDICATES DATA IS MISSING.
T  INDICATES TRACE AMOUNT.

$$
