000
CDUS42 KCHS 152205
CLICHS


CLIMATE REPORT
NATIONAL WEATHER SERVICE CHARLESTON SC
505 PM EST FRI DEC 15 2017


...................................

...THE NORTH CHARLESTON SC CLIMATE SUMMARY FOR DECEMBER 15 2017...
VALID TODAY AS OF 0500 PM LOCAL TIME.

CLIMATE NORMAL PERIOD 1981 TO 2010
CLIMATE RECORD PERIOD 1938 TO 2017


WEATHER ITEM   OBSERVED TIME   RECORD YEAR NORMAL DEPARTURE LAST
                VALUE   (LST)  VALUE       VALUE  FROM      YEAR
                                                  NORMAL
..................................................................
TEMPERATURE (F)
 TODAY
  MAXIMUM         65   1236 PM  80    1971  62      3       60
  MINIMUM         41    759 AM  15    1962  40      1       39
  AVERAGE         53                        51      2       50

PRECIPITATION (IN)
  TODAY            0.00          1.50 1974   0.10  -0.10     0.00
  MONTH TO DATE    2.08                      1.41   0.67     4.35
  SINCE DEC 1      2.08                      1.41   0.67     4.35
  SINCE JAN 1     52.44                     49.33   3.11    59.20

SNOWFALL (IN)
  TODAY            0.0                       0.0    0.0
  SINCE DEC 1      0.0                       0.1   -0.1
  SINCE JUL 1      T                         0.1   -0.1

DEGREE DAYS
 HEATING
  TODAY           12                        14     -2       15
  MONTH TO DATE  203                       192     11      153
  SINCE DEC 1    203                       192     11      153
  SINCE JUL 1    489                       484      5      371

 COOLING
  TODAY            0                         0      0        0
  MONTH TO DATE    0                         0      0        0
  SINCE DEC 1      0                         0      0        0
  SINCE JAN 1   2679                      2297    382     2958
..................................................................


WIND (MPH)
  HIGHEST WIND SPEED    16   HIGHEST WIND DIRECTION     W (270)
  HIGHEST GUST SPEED    20   HIGHEST GUST DIRECTION    SW (240)
  AVERAGE WIND SPEED     6.2


SKY COVER
  POSSIBLE SUNSHINE  MM
  AVERAGE SKY COVER 0.7


WEATHER CONDITIONS
 THE FOLLOWING WEATHER WAS RECORDED TODAY.
  NO SIGNIFICANT WEATHER WAS OBSERVED.


RELATIVE HUMIDITY (PERCENT)
 HIGHEST    89           700 AM
 LOWEST     39           100 PM
 AVERAGE    64

..........................................................


THE NORTH CHARLESTON SC CLIMATE NORMALS FOR TOMORROW
                         NORMAL    RECORD    YEAR
 MAXIMUM TEMPERATURE (F)   61        81      1971
 MINIMUM TEMPERATURE (F)   40        16      1943


SUNRISE AND SUNSET
DECEMBER 15 2017......SUNRISE   715 AM EST   SUNSET   515 PM EST
DECEMBER 16 2017......SUNRISE   716 AM EST   SUNSET   516 PM EST


-  INDICATES NEGATIVE NUMBERS.
R  INDICATES RECORD WAS SET OR TIED.
MM INDICATES DATA IS MISSING.
T  INDICATES TRACE AMOUNT.




$$
