000
CDUS42 KCHS 280606
CLICHS


CLIMATE REPORT
NATIONAL WEATHER SERVICE CHARLESTON SC
206 AM EDT SUN AUG 28 2016


...................................

...THE NORTH CHARLESTON SC CLIMATE SUMMARY FOR AUGUST 27 2016...

CLIMATE NORMAL PERIOD 1981 TO 2010
CLIMATE RECORD PERIOD 1938 TO 2016


WEATHER ITEM   OBSERVED TIME   RECORD YEAR NORMAL DEPARTURE LAST
                VALUE   (LST)  VALUE       VALUE  FROM      YEAR
                                                  NORMAL
..................................................................
TEMPERATURE (F)
 YESTERDAY
  MAXIMUM         92    235 PM  99    1954  88      4       84
  MINIMUM         73    609 AM  61    1966  71      2       72
                                      1945
                                      1942
  AVERAGE         83                        80      3       78

PRECIPITATION (IN)
  YESTERDAY        0.00          2.10 1995   0.26  -0.26     0.07
                                      1962
  MONTH TO DATE    3.26                      6.18  -2.92     3.74
  SINCE JUN 1     10.78                     18.36  -7.58    19.15
  SINCE JAN 1     31.53                     34.67  -3.14    34.37

DEGREE DAYS
 HEATING
  YESTERDAY        0                         0      0        0
  MONTH TO DATE    0                         0      0        0
  SINCE JUN 1      0                         1     -1        0
  SINCE JUL 1      0                         0      0        0

 COOLING
  YESTERDAY       18                        15      3       13
  MONTH TO DATE  521                       435     86      457
  SINCE JUN 1   1712                      1385    327     1559
  SINCE JAN 1   2207                      1747    460     1992
..................................................................


WIND (MPH)
  HIGHEST WIND SPEED    18   HIGHEST WIND DIRECTION    SE (130)
  HIGHEST GUST SPEED    25   HIGHEST GUST DIRECTION    SE (120)
  AVERAGE WIND SPEED     8.1


SKY COVER
  POSSIBLE SUNSHINE  MM
  AVERAGE SKY COVER 0.1


WEATHER CONDITIONS
 THE FOLLOWING WEATHER WAS RECORDED YESTERDAY.
  NO SIGNIFICANT WEATHER WAS OBSERVED.


RELATIVE HUMIDITY (PERCENT)
 HIGHEST    93           100 AM
 LOWEST     41          1200 PM
 AVERAGE    67

..........................................................


THE NORTH CHARLESTON SC CLIMATE NORMALS FOR TODAY
                         NORMAL    RECORD    YEAR
 MAXIMUM TEMPERATURE (F)   88        98      1990
 MINIMUM TEMPERATURE (F)   71        60      1986


SUNRISE AND SUNSET
AUGUST 28 2016........SUNRISE   652 AM EDT   SUNSET   749 PM EDT
AUGUST 29 2016........SUNRISE   653 AM EDT   SUNSET   748 PM EDT


-  INDICATES NEGATIVE NUMBERS.
R  INDICATES RECORD WAS SET OR TIED.
MM INDICATES DATA IS MISSING.
T  INDICATES TRACE AMOUNT.




$$
