992
CDUS43 KDVN 240908
CLICID


CLIMATE REPORT
NATIONAL WEATHER SERVICE QUAD CITIES IA IL
407 AM CDT WED AUG 24 2016


...................................

...THE CEDAR RAPIDS IA CLIMATE SUMMARY FOR AUGUST 23 2016...

CLIMATE NORMAL PERIOD 1981 TO 2010
CLIMATE RECORD PERIOD 1891 TO 2016


WEATHER ITEM   OBSERVED TIME   RECORD YEAR NORMAL DEPARTURE LAST
                VALUE   (LST)  VALUE       VALUE  FROM      YEAR
                                                  NORMAL
..................................................................
TEMPERATURE (F)
 YESTERDAY
  MAXIMUM         81    157 PM  99    1947  81      0       72
  MINIMUM         60    535 AM  43    1891  60      0       52
  AVERAGE         71                        70      1       62

PRECIPITATION (IN)
  YESTERDAY        0.00         MM      MM   0.14  -0.14     0.18
  MONTH TO DATE    6.66                      3.37   3.29     1.53
  SINCE JUN 1     18.85                     12.75   6.10    15.96
  SINCE JAN 1     27.51                     24.19   3.32    25.16

DEGREE DAYS
 HEATING
  YESTERDAY        0                         1     -1        3
  MONTH TO DATE    1                         4     -3        8
  SINCE JUN 1      9                        37    -28       21
  SINCE JUL 1      4                         8     -4       12

 COOLING
  YESTERDAY        6                         6      0        0
  MONTH TO DATE  194                       157     37      134
  SINCE JUN 1    685                       575    110      500
  SINCE JAN 1    745                       624    121      550
..................................................................


WIND (MPH)
  HIGHEST WIND SPEED    20   HIGHEST WIND DIRECTION     S (160)
  HIGHEST GUST SPEED    27   HIGHEST GUST DIRECTION     S (170)
  AVERAGE WIND SPEED    10.7


SKY COVER
  POSSIBLE SUNSHINE  MM
  AVERAGE SKY COVER 0.4


WEATHER CONDITIONS
 THE FOLLOWING WEATHER WAS RECORDED YESTERDAY.
  NO SIGNIFICANT WEATHER WAS OBSERVED.


RELATIVE HUMIDITY (PERCENT)
 HIGHEST   100           300 AM
 LOWEST     69           200 PM
 AVERAGE    85

..........................................................


THE CEDAR RAPIDS IA CLIMATE NORMALS FOR TODAY
                         NORMAL    RECORD    YEAR
 MAXIMUM TEMPERATURE (F)   81       100      1947
 MINIMUM TEMPERATURE (F)   60        41      1942


SUNRISE AND SUNSET
AUGUST 24 2016........SUNRISE   625 AM CDT   SUNSET   752 PM CDT
AUGUST 25 2016........SUNRISE   626 AM CDT   SUNSET   751 PM CDT


-  INDICATES NEGATIVE NUMBERS.
R  INDICATES RECORD WAS SET OR TIED.
MM INDICATES DATA IS MISSING.
T  INDICATES TRACE AMOUNT.




$$
