000
CDUS43 KDVN 230908
CLICID


CLIMATE REPORT
NATIONAL WEATHER SERVICE QUAD CITIES IA IL
407 AM CDT WED APR 23 2014


...................................

...THE CEDAR RAPIDS IA CLIMATE SUMMARY FOR APRIL 22 2014...

CLIMATE NORMAL PERIOD 1981 TO 2010
CLIMATE RECORD PERIOD 1891 TO 2014


WEATHER ITEM   OBSERVED TIME   RECORD YEAR NORMAL DEPARTURE LAST
                VALUE   (LST)  VALUE       VALUE  FROM      YEAR
                                                  NORMAL
..................................................................
TEMPERATURE (F)
 YESTERDAY
  MAXIMUM         62    246 PM  95    1980  63     -1       66
  MINIMUM         40    620 AM  22    1986  40      0       47
  AVERAGE         51                        52     -1       57

PRECIPITATION (IN)
  YESTERDAY        0.00         MM      MM   0.12  -0.12     0.01
  MONTH TO DATE    4.97                      2.12   2.85     8.53
  SINCE MAR 1      5.36                      4.22   1.14    10.87
  SINCE JAN 1      7.11                      6.36   0.75    12.82

DEGREE DAYS
 HEATING
  YESTERDAY       14                        14      0        8
  MONTH TO DATE  397                       386     11      465
  SINCE MAR 1   1467                      1267    200     1575
  SINCE JUL 1   7506                      6550    956     6687

 COOLING
  YESTERDAY        0                         0      0        0
  MONTH TO DATE    7                         0      7        0
  SINCE MAR 1      7                         0      7        0
  SINCE JAN 1      7                         0      7        0
..................................................................


WIND (MPH)
  HIGHEST WIND SPEED    23   HIGHEST WIND DIRECTION    NW (330)
  HIGHEST GUST SPEED    29   HIGHEST GUST DIRECTION     N (350)
  AVERAGE WIND SPEED    12.8


SKY COVER
  POSSIBLE SUNSHINE  MM
  AVERAGE SKY COVER 0.0


WEATHER CONDITIONS
 THE FOLLOWING WEATHER WAS RECORDED YESTERDAY.
  NO SIGNIFICANT WEATHER WAS OBSERVED.


RELATIVE HUMIDITY (PERCENT)
 HIGHEST    76           100 AM
 LOWEST     32           300 PM
 AVERAGE    54

..........................................................


THE CEDAR RAPIDS IA CLIMATE NORMALS FOR TODAY
                         NORMAL    RECORD    YEAR
 MAXIMUM TEMPERATURE (F)   64        90      1925
 MINIMUM TEMPERATURE (F)   41        20      1927


SUNRISE AND SUNSET
APRIL 23 2014.........SUNRISE   614 AM CDT   SUNSET   757 PM CDT
APRIL 24 2014.........SUNRISE   613 AM CDT   SUNSET   758 PM CDT


-  INDICATES NEGATIVE NUMBERS.
R  INDICATES RECORD WAS SET OR TIED.
MM INDICATES DATA IS MISSING.
T  INDICATES TRACE AMOUNT.




$$
