000
CDUS43 KDVN 290905
CLICID


CLIMATE REPORT
NATIONAL WEATHER SERVICE QUAD CITIES IA IL
405 AM CDT MON MAY 29 2017


...................................

...THE CEDAR RAPIDS IA CLIMATE SUMMARY FOR MAY 28 2017...

CLIMATE NORMAL PERIOD 1981 TO 2010
CLIMATE RECORD PERIOD 1891 TO 2017


WEATHER ITEM   OBSERVED TIME   RECORD YEAR NORMAL DEPARTURE LAST
                VALUE   (LST)  VALUE       VALUE  FROM      YEAR
                                                  NORMAL
..................................................................
TEMPERATURE (F)
 YESTERDAY
  MAXIMUM         77    405 PM  95    1991  75      2       79
  MINIMUM         53   1150 PM  33    1928  53      0       61
  AVERAGE         65                        64      1       70

PRECIPITATION (IN)
  YESTERDAY        0.02         MM      MM   0.13  -0.11     0.66
  MONTH TO DATE    3.66                      3.72  -0.06     2.75
  SINCE MAR 1     10.21                      8.87   1.34     7.51
  SINCE JAN 1     12.38                     11.01   1.37     8.11

DEGREE DAYS
 HEATING
  YESTERDAY        0                         3     -3        0
  MONTH TO DATE  212                       183     29      187
  SINCE MAR 1   1447                      1545    -98     1338
  SINCE JUL 1   5723                      6828  -1105     5649

 COOLING
  YESTERDAY        0                         2     -2        5
  MONTH TO DATE   29                        33     -4       40
  SINCE MAR 1     38                        40     -2       43
  SINCE JAN 1     38                        40     -2       43
..................................................................


WIND (MPH)
  HIGHEST WIND SPEED    25   HIGHEST WIND DIRECTION     W (290)
  HIGHEST GUST SPEED    40   HIGHEST GUST DIRECTION     W (270)
  AVERAGE WIND SPEED    11.5


SKY COVER
  POSSIBLE SUNSHINE  MM
  AVERAGE SKY COVER 0.3


WEATHER CONDITIONS
 THE FOLLOWING WEATHER WAS RECORDED YESTERDAY.
  RAIN
  FOG


RELATIVE HUMIDITY (PERCENT)
 HIGHEST   100          1200 AM
 LOWEST     38           300 PM
 AVERAGE    69

..........................................................


THE CEDAR RAPIDS IA CLIMATE NORMALS FOR TODAY
                         NORMAL    RECORD    YEAR
 MAXIMUM TEMPERATURE (F)   75        99      1934
 MINIMUM TEMPERATURE (F)   54        34      1947


SUNRISE AND SUNSET
MAY 29 2017...........SUNRISE   536 AM CDT   SUNSET   833 PM CDT
MAY 30 2017...........SUNRISE   535 AM CDT   SUNSET   834 PM CDT


-  INDICATES NEGATIVE NUMBERS.
R  INDICATES RECORD WAS SET OR TIED.
MM INDICATES DATA IS MISSING.
T  INDICATES TRACE AMOUNT.




$$
