000
CDUS43 KDVN 202226
CLICID


CLIMATE REPORT
NATIONAL WEATHER SERVICE QUAD CITIES IA IL
425 PM CST TUE FEB 20 2018


...................................

...THE CEDAR RAPIDS IA CLIMATE SUMMARY FOR FEBRUARY 20 2018...
VALID TODAY AS OF 0400 PM LOCAL TIME.

CLIMATE NORMAL PERIOD 1981 TO 2010
CLIMATE RECORD PERIOD 1891 TO 2018


WEATHER ITEM   OBSERVED TIME   RECORD YEAR NORMAL DEPARTURE LAST
                VALUE   (LST)  VALUE       VALUE  FROM      YEAR
                                                  NORMAL
..................................................................
TEMPERATURE (F)
 TODAY
  MAXIMUM         34    848 AM  61    2017  35     -1       61
  MINIMUM         27    359 PM -23    1929  17     10       50
  AVERAGE         31                        26      5       56

PRECIPITATION (IN)
  TODAY            0.63         MM      MM   0.05   0.58     0.16
  MONTH TO DATE    1.32                      0.81   0.51     0.45
  SINCE DEC 1      2.38                      3.15  -0.77     3.20
  SINCE JAN 1      1.77                      1.73   0.04     1.95

DEGREE DAYS
 HEATING
  TODAY           34                        39     -5        9
  MONTH TO DATE  907                       839     68      636
  SINCE DEC 1   3559                      3541     18     3170
  SINCE JUL 1   4817                      4987   -170     4087

 COOLING
  TODAY            0                         0      0        0
  MONTH TO DATE    0                         0      0        0
  SINCE DEC 1      0                         0      0        0
  SINCE JAN 1      0                         0      0        0
..................................................................


WIND (MPH)
  HIGHEST WIND SPEED    24   HIGHEST WIND DIRECTION    NW (310)
  HIGHEST GUST SPEED    28   HIGHEST GUST DIRECTION    NW (310)
  AVERAGE WIND SPEED    12.1


SKY COVER
  POSSIBLE SUNSHINE  MM
  AVERAGE SKY COVER 1.0


WEATHER CONDITIONS
 THE FOLLOWING WEATHER WAS RECORDED TODAY.
  THUNDERSTORM
  HEAVY RAIN
  RAIN
  LIGHT RAIN
  FOG


RELATIVE HUMIDITY (PERCENT)
 HIGHEST   100          1200 AM
 LOWEST     78           200 PM
 AVERAGE    89

..........................................................


THE CEDAR RAPIDS IA CLIMATE NORMALS FOR TOMORROW
                         NORMAL    RECORD    YEAR
 MAXIMUM TEMPERATURE (F)   35        68      1930
 MINIMUM TEMPERATURE (F)   18       -10      1963


SUNRISE AND SUNSET
FEBRUARY 20 2018......SUNRISE   655 AM CST   SUNSET   546 PM CST
FEBRUARY 21 2018......SUNRISE   654 AM CST   SUNSET   547 PM CST


-  INDICATES NEGATIVE NUMBERS.
R  INDICATES RECORD WAS SET OR TIED.
MM INDICATES DATA IS MISSING.
T  INDICATES TRACE AMOUNT.




$$
