000
CDUS43 KDVN 160919
CLICID


CLIMATE REPORT
NATIONAL WEATHER SERVICE QUAD CITIES IA IL
417 AM CDT TUE SEP 16 2014


...................................

...THE CEDAR RAPIDS IA CLIMATE SUMMARY FOR SEPTEMBER 15 2014...

CLIMATE NORMAL PERIOD 1981 TO 2010
CLIMATE RECORD PERIOD 1891 TO 2014


WEATHER ITEM   OBSERVED TIME   RECORD YEAR NORMAL DEPARTURE LAST
                VALUE   (LST)  VALUE       VALUE  FROM      YEAR
                                                  NORMAL
..................................................................
TEMPERATURE (F)
 YESTERDAY
  MAXIMUM         66   1024 AM  97    1939  75     -9       65
  MINIMUM         44   1159 PM  31    2007  51     -7       52
  AVERAGE         55                        63     -8       59

PRECIPITATION (IN)
  YESTERDAY        0.06         MM      MM   0.10  -0.04     0.87
  MONTH TO DATE    3.27                      1.67   1.60     0.88
  SINCE SEP 1      3.27                      1.67   1.60     0.88
  SINCE JAN 1     33.75                     26.97   6.78    30.28

DEGREE DAYS
 HEATING
  YESTERDAY       10                         4      6        6
  MONTH TO DATE   81                        38     43       20
  SINCE SEP 1     81                        38     43       20
  SINCE JUL 1    100                        57     43       39

 COOLING
  YESTERDAY        0                         2     -2        0
  MONTH TO DATE   34                        51    -17      114
  SINCE SEP 1     34                        51    -17      114
  SINCE JAN 1    651                       719    -68      834
..................................................................


WIND (MPH)
  HIGHEST WIND SPEED    23   HIGHEST WIND DIRECTION    NE (30)
  HIGHEST GUST SPEED    30   HIGHEST GUST DIRECTION     N (20)
  AVERAGE WIND SPEED     7.3


SKY COVER
  POSSIBLE SUNSHINE  MM
  AVERAGE SKY COVER 0.7


WEATHER CONDITIONS
 THE FOLLOWING WEATHER WAS RECORDED YESTERDAY.
  THUNDERSTORM
  LIGHT RAIN
  FOG


RELATIVE HUMIDITY (PERCENT)
 HIGHEST   100           600 AM
 LOWEST     69           400 PM
 AVERAGE    85

..........................................................


THE CEDAR RAPIDS IA CLIMATE NORMALS FOR TODAY
                         NORMAL    RECORD    YEAR
 MAXIMUM TEMPERATURE (F)   75        98      1931
 MINIMUM TEMPERATURE (F)   51        34      1937


SUNRISE AND SUNSET
SEPTEMBER 16 2014.....SUNRISE   648 AM CDT   SUNSET   714 PM CDT
SEPTEMBER 17 2014.....SUNRISE   649 AM CDT   SUNSET   713 PM CDT


-  INDICATES NEGATIVE NUMBERS.
R  INDICATES RECORD WAS SET OR TIED.
MM INDICATES DATA IS MISSING.
T  INDICATES TRACE AMOUNT.




$$
