000
CDUS43 KDVN 222131
CLICID


CLIMATE REPORT
NATIONAL WEATHER SERVICE QUAD CITIES IA IL
431 PM CDT FRI SEP 22 2017


...................................

...THE CEDAR RAPIDS IA CLIMATE SUMMARY FOR SEPTEMBER 22 2017...
VALID TODAY AS OF 0400 PM LOCAL TIME.

CLIMATE NORMAL PERIOD 1981 TO 2010
CLIMATE RECORD PERIOD 1891 TO 2017


WEATHER ITEM   OBSERVED TIME   RECORD YEAR NORMAL DEPARTURE LAST
                VALUE   (LST)  VALUE       VALUE  FROM      YEAR
                                                  NORMAL
..................................................................
TEMPERATURE (F)
 TODAY
  MAXIMUM         93    235 PM  94    1930  72     21       80
  MINIMUM         71    630 AM  29    1974  48     23       68
  AVERAGE         82                        60     22       74

PRECIPITATION (IN)
  TODAY            0.00         MM      MM   0.11  -0.11     0.01
  MONTH TO DATE    0.24                      2.41  -2.17     4.27
  SINCE SEP 1      0.24                      2.41  -2.17     4.27
  SINCE JAN 1     20.26                     27.71  -7.45    32.80

DEGREE DAYS
 HEATING
  TODAY            0                         6     -6        0
  MONTH TO DATE   37                        75    -38        4
  SINCE SEP 1     37                        75    -38        4
  SINCE JUL 1     48                        94    -46        8

 COOLING
  TODAY           17                         1     16        9
  MONTH TO DATE   90                        64     26      118
  SINCE SEP 1     90                        64     26      118
  SINCE JAN 1    689                       732    -43      929
..................................................................


WIND (MPH)
  HIGHEST WIND SPEED    21   HIGHEST WIND DIRECTION     S (190)
  HIGHEST GUST SPEED    28   HIGHEST GUST DIRECTION     S (190)
  AVERAGE WIND SPEED    11.1


SKY COVER
  POSSIBLE SUNSHINE  MM
  AVERAGE SKY COVER 0.0


WEATHER CONDITIONS
 THE FOLLOWING WEATHER WAS RECORDED TODAY.
  NO SIGNIFICANT WEATHER WAS OBSERVED.


RELATIVE HUMIDITY (PERCENT)
 HIGHEST    90           500 AM
 LOWEST     44           100 PM
 AVERAGE    67

..........................................................


THE CEDAR RAPIDS IA CLIMATE NORMALS FOR TOMORROW
                         NORMAL    RECORD    YEAR
 MAXIMUM TEMPERATURE (F)   72        90      1930
 MINIMUM TEMPERATURE (F)   48        29      2012


SUNRISE AND SUNSET
SEPTEMBER 22 2017.....SUNRISE   654 AM CDT   SUNSET   703 PM CDT
SEPTEMBER 23 2017.....SUNRISE   656 AM CDT   SUNSET   702 PM CDT


-  INDICATES NEGATIVE NUMBERS.
R  INDICATES RECORD WAS SET OR TIED.
MM INDICATES DATA IS MISSING.
T  INDICATES TRACE AMOUNT.




$$
