000
CDUS41 KCLE 290540
CLICLE


CLIMATE REPORT
NATIONAL WEATHER SERVICE CLEVELAND OH
1240 AM EST SAT NOV 29 2014


...................................

...THE CLEVELAND OH CLIMATE SUMMARY FOR NOVEMBER 28 2014...

CLIMATE NORMAL PERIOD 1981 TO 2010
CLIMATE RECORD PERIOD 1871 TO 2014


WEATHER ITEM   OBSERVED TIME   RECORD YEAR NORMAL DEPARTURE LAST
                VALUE   (LST)  VALUE       VALUE  FROM      YEAR
                                                  NORMAL
..................................................................
TEMPERATURE (F)
 YESTERDAY
  MAXIMUM         29   1159 PM  69    2005  45    -16       30
  MINIMUM         20    930 AM   8    1955  33    -13       20
  AVERAGE         25                        39    -14       25

PRECIPITATION (IN)
  YESTERDAY        T                         0.12  -0.12     0.01
  MONTH TO DATE    3.37                      3.39  -0.02     2.88
  SINCE SEP 1     10.68                     10.27   0.41     9.54
  SINCE JAN 1     41.79                     35.81   5.98    37.75

SNOWFALL (IN)
  YESTERDAY        T                         0.2   -0.2      0.1
  MONTH TO DATE   19.4                       3.8   15.6      4.7
  SINCE SEP 1     19.4                       4.0   15.4      4.7
  SINCE JUL 1     19.4                       4.0   15.4      4.7
  SNOW DEPTH       5

DEGREE DAYS
 HEATING
  YESTERDAY       40                        26     14       40
  MONTH TO DATE  800                       582    218      672
  SINCE SEP 1   1275                      1030    245     1076
  SINCE JUL 1   1300                      1042    258     1083

 COOLING
  YESTERDAY        0                         0      0        0
  MONTH TO DATE    0                         0      0        0
  SINCE SEP 1     67                       101    -34      127
  SINCE JAN 1    657                       816   -159      889
..................................................................


WIND (MPH)
  HIGHEST WIND SPEED    18   HIGHEST WIND DIRECTION    NW (300)
  HIGHEST GUST SPEED    23   HIGHEST GUST DIRECTION    NW (300)
  AVERAGE WIND SPEED    10.0


SKY COVER
  POSSIBLE SUNSHINE  MM
  AVERAGE SKY COVER 0.8


WEATHER CONDITIONS
 THE FOLLOWING WEATHER WAS RECORDED YESTERDAY.
  LIGHT SNOW


RELATIVE HUMIDITY (PERCENT)
 HIGHEST    75           900 PM
 LOWEST     60           400 AM
 AVERAGE    68

..........................................................


THE CLEVELAND OH CLIMATE NORMALS FOR TODAY
                         NORMAL    RECORD    YEAR
 MAXIMUM TEMPERATURE (F)   45        67      1933
 MINIMUM TEMPERATURE (F)   32         6      1976
                                             1929
                                             1887


SUNRISE AND SUNSET
NOVEMBER 29 2014......SUNRISE   732 AM EST   SUNSET   459 PM EST
NOVEMBER 30 2014......SUNRISE   733 AM EST   SUNSET   459 PM EST


-  INDICATES NEGATIVE NUMBERS.
R  INDICATES RECORD WAS SET OR TIED.
MM INDICATES DATA IS MISSING.
T  INDICATES TRACE AMOUNT.




$$
