000
CDUS41 KCLE 062112
CLICLE


CLIMATE REPORT
NATIONAL WEATHER SERVICE CLEVELAND OH
511 PM EDT FRI MAY 6 2016


...................................

...THE CLEVELAND OH CLIMATE SUMMARY FOR MAY 6 2016...
VALID TODAY AS OF 0500 PM LOCAL TIME.

CLIMATE NORMAL PERIOD 1981 TO 2010
CLIMATE RECORD PERIOD 1871 TO 2016


WEATHER ITEM   OBSERVED TIME   RECORD YEAR NORMAL DEPARTURE LAST
                VALUE   (LST)  VALUE       VALUE  FROM      YEAR
                                                  NORMAL
..................................................................
TEMPERATURE (F)
 TODAY
  MAXIMUM         69    346 PM  92    1959  67      2       70
  MINIMUM         43    400 AM  26    1968  47     -4       51
  AVERAGE         56                        57     -1       61

PRECIPITATION (IN)
  TODAY            0.00                      0.11  -0.11     0.00
  MONTH TO DATE    1.16                      0.67   0.49     0.08
  SINCE MAR 1      9.19                      7.09   2.10     4.82
  SINCE JAN 1     13.78                     12.15   1.63     9.62

SNOWFALL (IN)
  TODAY            0.0                       0.0    0.0      0.0
  MONTH TO DATE    0.0                       0.1   -0.1      0.0
  SINCE MAR 1     11.0                      16.0   -5.0      5.7
  SINCE JUL 1     32.8                      68.2  -35.4     67.1
  SNOW DEPTH       0

DEGREE DAYS
 HEATING
  TODAY            9                         9      0        4
  MONTH TO DATE   68                        58     10       31
  SINCE MAR 1   1211                      1352   -141     1436
  SINCE JUL 1   4802                      5569   -767     6386

 COOLING
  TODAY            0                         1     -1        0
  MONTH TO DATE    0                         6     -6        5
  SINCE MAR 1      0                        17    -17        6
  SINCE JAN 1      0                        17    -17        6
..................................................................


WIND (MPH)
  HIGHEST WIND SPEED    20   HIGHEST WIND DIRECTION    NW (330)
  HIGHEST GUST SPEED    27   HIGHEST GUST DIRECTION    NW (330)


SKY COVER
  POSSIBLE SUNSHINE  MM
  AVERAGE SKY COVER 0.2


WEATHER CONDITIONS
 THE FOLLOWING WEATHER WAS RECORDED TODAY.
  NO SIGNIFICANT WEATHER WAS OBSERVED.


RELATIVE HUMIDITY (PERCENT)
 HIGHEST    89           400 AM
 LOWEST     32           400 PM
 AVERAGE    61

..........................................................


THE CLEVELAND OH CLIMATE NORMALS FOR TOMORROW
                         NORMAL    RECORD    YEAR
 MAXIMUM TEMPERATURE (F)   67        86      1936
                                             1889
                                             1880
 MINIMUM TEMPERATURE (F)   47        28      1970


SUNRISE AND SUNSET
MAY  6 2016...........SUNRISE   618 AM EDT   SUNSET   831 PM EDT
MAY  7 2016...........SUNRISE   617 AM EDT   SUNSET   832 PM EDT


-  INDICATES NEGATIVE NUMBERS.
R  INDICATES RECORD WAS SET OR TIED.
MM INDICATES DATA IS MISSING.
T  INDICATES TRACE AMOUNT.




$$
