000
CDUS44 KHGX 210739
CLICLL


CLIMATE REPORT
NATIONAL WEATHER SERVICE HOUSTON/GALVESTON TX
229 AM CDT MON APR 21 2014


...................................

...THE COLLEGE STATION CLIMATE SUMMARY FOR APRIL 20 2014...

CLIMATE NORMAL PERIOD 1981 TO 2010
CLIMATE RECORD PERIOD 1902 TO 2014


WEATHER ITEM   OBSERVED TIME   RECORD YEAR NORMAL DEPARTURE LAST
                VALUE   (LST)  VALUE       VALUE  FROM      YEAR
                                                  NORMAL
..................................................................
TEMPERATURE (F)
 YESTERDAY
  MAXIMUM         80    414 PM  94    2011  80      0       71
                                      1925
  MINIMUM         59    527 AM  40    1953  59      0       41
  AVERAGE         70                        70      0       56

PRECIPITATION (IN)
  YESTERDAY        0.00          2.40 1915   0.09  -0.09     0.00
  MONTH TO DATE    1.23                      1.63  -0.40     1.40
  SINCE MAR 1      2.84                      4.80  -1.96     3.13
  SINCE JAN 1      5.02                     10.89  -5.87     9.29

SNOWFALL (IN)
  YESTERDAY        0.0
  MONTH TO DATE    0.0
  SINCE JUL 1      T

DEGREE DAYS
 HEATING
  YESTERDAY        0                         1     -1        9
  MONTH TO DATE   59                        40     19       72
  SINCE MAR 1    328                       212    116      261
  SINCE JUL 1   2052                      1599    453     1320

 COOLING
  YESTERDAY        5                         6     -1        0
  MONTH TO DATE   74                        86    -12       84
  SINCE MAR 1     97                       145    -48      142
  SINCE JAN 1    118                       173    -55      177
..................................................................


WIND (MPH)
  HIGHEST WIND SPEED    20   HIGHEST WIND DIRECTION     S (170)
  HIGHEST GUST SPEED    25   HIGHEST GUST DIRECTION    SE (150)
  AVERAGE WIND SPEED     8.2


SKY COVER
  AVERAGE SKY COVER 0.5


WEATHER CONDITIONS
 THE FOLLOWING WEATHER WAS RECORDED YESTERDAY.
  FOG


RELATIVE HUMIDITY (PERCENT)
 HIGHEST   100           500 AM
 LOWEST     39           400 PM
 AVERAGE    70

..........................................................


THE COLLEGE STATION CLIMATE NORMALS FOR TODAY
                         NORMAL    RECORD    YEAR
 MAXIMUM TEMPERATURE (F)   80        94      1925
 MINIMUM TEMPERATURE (F)   60        38      1931


SUNRISE AND SUNSET
APRIL 21 2014.........SUNRISE   652 AM CDT   SUNSET   757 PM CDT
APRIL 22 2014.........SUNRISE   650 AM CDT   SUNSET   758 PM CDT


-  INDICATES NEGATIVE NUMBERS.
R  INDICATES RECORD WAS SET OR TIED.
MM INDICATES DATA IS MISSING.
T  INDICATES TRACE AMOUNT.




$$
