000
CDUS44 KHGX 080720
CLICLL


CLIMATE REPORT
NATIONAL WEATHER SERVICE HOUSTON/GALVESTON TX
119 AM CST THU DEC 8 2016


...................................

...THE COLLEGE STATION CLIMATE SUMMARY FOR DECEMBER 7 2016...

CLIMATE NORMAL PERIOD 1981 TO 2010
CLIMATE RECORD PERIOD 1902 TO 2016


WEATHER ITEM   OBSERVED TIME   RECORD YEAR NORMAL DEPARTURE LAST
                VALUE   (LST)  VALUE       VALUE  FROM      YEAR
                                                  NORMAL
..................................................................
TEMPERATURE (F)
 YESTERDAY
  MAXIMUM         59    431 PM  84    1924  64     -5       68
  MINIMUM         45    625 AM  16    1950  43      2       43
  AVERAGE         52                        54     -2       56

PRECIPITATION (IN)
  YESTERDAY        0.00          1.70 1931   0.11  -0.11     0.00
  MONTH TO DATE    2.58                      0.75   1.83     0.00
  SINCE DEC 1      2.58                      0.75   1.83     0.00
  SINCE JAN 1     46.60                     37.58   9.02    50.23

SNOWFALL (IN)
  YESTERDAY        0.0
  MONTH TO DATE    0.0
  SINCE JUL 1      0.0

DEGREE DAYS
 HEATING
  YESTERDAY       13                        12      1        9
  MONTH TO DATE   88                        80      8       81
  SINCE DEC 1     88                        80      8       81
  SINCE JUL 1    157                       305   -148      228

 COOLING
  YESTERDAY        0                         1     -1        0
  MONTH TO DATE    0                         7     -7        0
  SINCE DEC 1      0                         7     -7        0
  SINCE JAN 1   3290                      3080    210     3207
..................................................................


WIND (MPH)
  HIGHEST WIND SPEED    18   HIGHEST WIND DIRECTION     N (360)
  HIGHEST GUST SPEED    22   HIGHEST GUST DIRECTION     N (360)
  AVERAGE WIND SPEED     5.9


SKY COVER
  AVERAGE SKY COVER 0.9


WEATHER CONDITIONS
 THE FOLLOWING WEATHER WAS RECORDED YESTERDAY.
  FOG


RELATIVE HUMIDITY (PERCENT)
 HIGHEST   100          1200 AM
 LOWEST     72           300 PM
 AVERAGE    86

..........................................................


THE COLLEGE STATION CLIMATE NORMALS FOR TODAY
                         NORMAL    RECORD    YEAR
 MAXIMUM TEMPERATURE (F)   64        86      1922
 MINIMUM TEMPERATURE (F)   43        21      1917


SUNRISE AND SUNSET
DECEMBER  8 2016......SUNRISE   711 AM CST   SUNSET   524 PM CST
DECEMBER  9 2016......SUNRISE   711 AM CST   SUNSET   525 PM CST


-  INDICATES NEGATIVE NUMBERS.
R  INDICATES RECORD WAS SET OR TIED.
MM INDICATES DATA IS MISSING.
T  INDICATES TRACE AMOUNT.




$$
