000
CDUS44 KHGX 261446 CCA
CLICLL

CLIMATE REPORT...CORRECTION TO PRECIPITATION
NATIONAL WEATHER SERVICE HOUSTON/GALVESTON TX
845 AM CST FRI DEC 26 2014


...................................

...THE COLLEGE STATION CLIMATE SUMMARY FOR DECEMBER 25 2014...

CLIMATE NORMAL PERIOD 1981 TO 2010
CLIMATE RECORD PERIOD 1902 TO 2014


WEATHER ITEM   OBSERVED TIME   RECORD YEAR NORMAL DEPARTURE LAST
                VALUE   (LST)  VALUE       VALUE  FROM      YEAR
                                                  NORMAL
..................................................................
TEMPERATURE (F)
 YESTERDAY
  MAXIMUM         65    331 PM  85    1955  61      4       53
  MINIMUM         34    526 AM  11    1983  41     -7       37
  AVERAGE         50                        51     -1       45

PRECIPITATION (IN)
  YESTERDAY        0.00          1.17 1957   0.10  -0.10      T
  MONTH TO DATE    1.76                      2.61  -0.85     0.76
  SINCE DEC 1      1.76                      2.61  -0.85     0.76
  SINCE JAN 1     38.80                     39.44  -0.64    39.35

SNOWFALL (IN)
  YESTERDAY        0.0
  MONTH TO DATE    0.0
  SINCE JUL 1      0.0

DEGREE DAYS
 HEATING
  YESTERDAY       15                        14      1       20
  MONTH TO DATE  204                       322   -118      403
  SINCE DEC 1    204                       322   -118      403
  SINCE JUL 1    499                       547    -48      705

 COOLING
  YESTERDAY        0                         0      0        0
  MONTH TO DATE   10                        13     -3       14
  SINCE DEC 1     10                        13     -3       14
  SINCE JAN 1   2943                      3086   -143     3282
..................................................................


WIND (MPH)
  HIGHEST WIND SPEED    25   HIGHEST WIND DIRECTION     S (170)
  HIGHEST GUST SPEED    32   HIGHEST GUST DIRECTION     S (170)
  AVERAGE WIND SPEED    10.5


SKY COVER
  AVERAGE SKY COVER 0.1


WEATHER CONDITIONS
 THE FOLLOWING WEATHER WAS RECORDED YESTERDAY.
  NO SIGNIFICANT WEATHER WAS OBSERVED.


RELATIVE HUMIDITY (PERCENT)
 HIGHEST    89           500 AM
 LOWEST     37           200 PM
 AVERAGE    63

..........................................................


THE COLLEGE STATION CLIMATE NORMALS FOR TODAY
                         NORMAL    RECORD    YEAR
 MAXIMUM TEMPERATURE (F)   61        80      1916
 MINIMUM TEMPERATURE (F)   41        12      1983


SUNRISE AND SUNSET
DECEMBER 26 2014......SUNRISE   721 AM CST   SUNSET   531 PM CST
DECEMBER 27 2014......SUNRISE   721 AM CST   SUNSET   532 PM CST


-  INDICATES NEGATIVE NUMBERS.
R  INDICATES RECORD WAS SET OR TIED.
MM INDICATES DATA IS MISSING.
T  INDICATES TRACE AMOUNT.

$$
