752
CDUS42 KGSP 260632
CLICLT

CLIMATE REPORT
NATIONAL WEATHER SERVICE GREENVILLE-SPARTANBURG SC
232 AM EDT THU MAY 26 2016


...................................

...THE CHARLOTTE NC CLIMATE SUMMARY FOR MAY 25 2016...

CLIMATE NORMAL PERIOD 1981 TO 2010
CLIMATE RECORD PERIOD 1878 TO 2016


WEATHER ITEM   OBSERVED TIME   RECORD YEAR NORMAL DEPARTURE LAST
                VALUE   (LST)  VALUE       VALUE  FROM      YEAR
                                                  NORMAL
..................................................................
TEMPERATURE (F)
 YESTERDAY
  MAXIMUM         85    436 PM  95    1953  81      4       86
                                      1926
  MINIMUM         57    350 AM  41    2013  59     -2       59
  AVERAGE         71                        70      1       73

PRECIPITATION (IN)
  YESTERDAY        0.00          2.24 1939   0.11  -0.11     0.00
  MONTH TO DATE    4.90                      2.49   2.41      T
  SINCE MAR 1      7.78                      9.54  -1.76     8.33
  SINCE JAN 1     14.56                     16.27  -1.71    14.15

SNOWFALL (IN)
  YESTERDAY        0.0           0.0    MM   0.0    0.0      0.0
  MONTH TO DATE    0.0                       0.0    0.0      0.0
  SINCE MAR 1      0.0                       0.6   -0.6      0.0
  SINCE JUL 1      3.3                       4.3   -1.0      3.1
  SNOW DEPTH       0

DEGREE DAYS
 HEATING
  YESTERDAY        0                         1     -1        0
  MONTH TO DATE   43                        49     -6       15
  SINCE MAR 1    426                       682   -256      483
  SINCE JUL 1   2568                      3381   -813     3254

 COOLING
  YESTERDAY        6                         6      0        8
  MONTH TO DATE   90                        87      3      157
  SINCE MAR 1    188                       124     64      220
  SINCE JAN 1    188                       124     64      220
..................................................................


WIND (MPH)
  HIGHEST WIND SPEED    14   HIGHEST WIND DIRECTION     S (200)
  HIGHEST GUST SPEED    20   HIGHEST GUST DIRECTION    SW (210)
  AVERAGE WIND SPEED     3.2


SKY COVER
  POSSIBLE SUNSHINE  MM
  AVERAGE SKY COVER 0.3


WEATHER CONDITIONS
 THE FOLLOWING WEATHER WAS RECORDED YESTERDAY.
  NO SIGNIFICANT WEATHER WAS OBSERVED.


RELATIVE HUMIDITY (PERCENT)
 HIGHEST    86           400 AM
 LOWEST     37           200 PM
 AVERAGE    62

..........................................................


THE CHARLOTTE NC CLIMATE NORMALS FOR TODAY
                         NORMAL    RECORD    YEAR
 MAXIMUM TEMPERATURE (F)   81        96      1926
 MINIMUM TEMPERATURE (F)   59        45      1979


SUNRISE AND SUNSET
MAY 26 2016...........SUNRISE   613 AM EDT   SUNSET   829 PM EDT
MAY 27 2016...........SUNRISE   612 AM EDT   SUNSET   830 PM EDT


-  INDICATES NEGATIVE NUMBERS.
R  INDICATES RECORD WAS SET OR TIED.
MM INDICATES DATA IS MISSING.
T  INDICATES TRACE AMOUNT.

$$
