000
CDUS42 KGSP 190636 RRA
CLICLT

CLIMATE REPORT
NATIONAL WEATHER SERVICE GREENVILLE-SPARTANBURG SC
135 AM EST FRI DEC 19 2014


...................................

...THE CHARLOTTE NC CLIMATE SUMMARY FOR DECEMBER 18 2014...

CLIMATE NORMAL PERIOD 1981 TO 2010
CLIMATE RECORD PERIOD 1878 TO 2014


WEATHER ITEM   OBSERVED TIME   RECORD YEAR NORMAL DEPARTURE LAST
                VALUE   (LST)  VALUE       VALUE  FROM      YEAR
                                                  NORMAL
..................................................................
TEMPERATURE (F)
 YESTERDAY
  MAXIMUM         56    356 PM  75    1984  52      4       53
                                      1924
  MINIMUM         30    309 AM  11    1953  31     -1       32
  AVERAGE         43                        42      1       43

PRECIPITATION (IN)
  YESTERDAY        0.00          1.74 1959   0.10  -0.10     0.00
  MONTH TO DATE    0.39                      1.89  -1.50     1.93
  SINCE DEC 1      0.39                      1.89  -1.50     1.93
  SINCE JAN 1     43.28                     40.27   3.01    44.42

SNOWFALL (IN)
  YESTERDAY        0.0           0.9  1916   0.0    0.0      0.0
  MONTH TO DATE    0.0                       0.1   -0.1      0.0
  SINCE DEC 1      0.0                       0.1   -0.1      0.0
  SINCE JUL 1      T                         0.2   -0.2       T
  SNOW DEPTH       0

DEGREE DAYS
 HEATING
  YESTERDAY       22                        23     -1       22
  MONTH TO DATE  334                       385    -51      331
  SINCE DEC 1    334                       385    -51      331
  SINCE JUL 1    992                      1021    -29      981

 COOLING
  YESTERDAY        0                         0      0        0
  MONTH TO DATE    0                         0      0        6
  SINCE DEC 1      0                         0      0        6
  SINCE JAN 1   1655                      1517    138     1583
..................................................................


WIND (MPH)
  HIGHEST WIND SPEED     9   HIGHEST WIND DIRECTION    NE (60)
  HIGHEST GUST SPEED    17   HIGHEST GUST DIRECTION    NE (60)
  AVERAGE WIND SPEED     3.2


SKY COVER
  POSSIBLE SUNSHINE  MM
  AVERAGE SKY COVER 0.8


WEATHER CONDITIONS
 THE FOLLOWING WEATHER WAS RECORDED YESTERDAY.
  NO SIGNIFICANT WEATHER WAS OBSERVED.


RELATIVE HUMIDITY (PERCENT)
 HIGHEST    89           100 AM
 LOWEST     26           300 PM
 AVERAGE    58

..........................................................


THE CHARLOTTE NC CLIMATE NORMALS FOR TODAY
                         NORMAL    RECORD    YEAR
 MAXIMUM TEMPERATURE (F)   52        76      1984
 MINIMUM TEMPERATURE (F)   31        11      1963
                                             1884


SUNRISE AND SUNSET
DECEMBER 19 2014......SUNRISE   727 AM EST   SUNSET   515 PM EST
DECEMBER 20 2014......SUNRISE   728 AM EST   SUNSET   515 PM EST


-  INDICATES NEGATIVE NUMBERS.
R  INDICATES RECORD WAS SET OR TIED.
MM INDICATES DATA IS MISSING.
T  INDICATES TRACE AMOUNT.

$$
07
