000
CDUS42 KGSP 262047
CLICLT

CLIMATE REPORT
NATIONAL WEATHER SERVICE GREENVILLE-SPARTANBURG SC
442 PM EDT WED JUL 26 2017


...................................

...THE CHARLOTTE NC CLIMATE SUMMARY FOR JULY 26 2017...
VALID TODAY AS OF 400 PM LOCAL TIME.

CLIMATE NORMAL PERIOD 1981 TO 2010
CLIMATE RECORD PERIOD 1878 TO 2017


WEATHER ITEM   OBSERVED TIME   RECORD YEAR NORMAL DEPARTURE LAST
                VALUE   (LST)  VALUE       VALUE  FROM      YEAR
                                                  NORMAL
..................................................................
TEMPERATURE (F)
 TODAY
  MAXIMUM         87    305 PM 100    2005  89     -2       98
                                      1940
                                      1914
  MINIMUM         74    705 AM  60    1904  68      6       75
  AVERAGE         81                        79      2       87

PRECIPITATION (IN)
  TODAY            0.00          2.84 1889   0.13  -0.13     0.00
  MONTH TO DATE    3.75                      3.00   0.75     1.55
  SINCE JUN 1      8.05                      6.74   1.31     4.37
  SINCE JAN 1     28.97                     23.70   5.27    19.66

SNOWFALL (IN)
  TODAY            0.0           0.0    MM   0.0    0.0      0.0
  MONTH TO DATE    0.0                       0.0    0.0      0.0
  SINCE JUN 1      0.0                       0.0    0.0      0.0
  SINCE JUL 1      0.0                       0.0    0.0      0.0
  SNOW DEPTH       0

DEGREE DAYS
 HEATING
  TODAY            0                         0      0        0
  MONTH TO DATE    0                         0      0        0
  SINCE JUN 1      0                         3     -3        0
  SINCE JUL 1      0                         0      0        0

 COOLING
  TODAY           16                        14      2       22
  MONTH TO DATE  440                       357     83      460
  SINCE JUN 1    772                       668    104      870
  SINCE JAN 1   1075                       831    244     1115
..................................................................


WIND (MPH)
  HIGHEST WIND SPEED    14   HIGHEST WIND DIRECTION     E (70)
  HIGHEST GUST SPEED    22   HIGHEST GUST DIRECTION    NE (60)
  AVERAGE WIND SPEED     6.6


SKY COVER
  POSSIBLE SUNSHINE  MM
  AVERAGE SKY COVER 0.8


WEATHER CONDITIONS
 THE FOLLOWING WEATHER WAS RECORDED TODAY.
  NO SIGNIFICANT WEATHER WAS OBSERVED.


RELATIVE HUMIDITY (PERCENT)
 HIGHEST    93           700 AM
 LOWEST     57           300 PM
 AVERAGE    75

..........................................................


THE CHARLOTTE NC CLIMATE NORMALS FOR TOMORROW
                         NORMAL    RECORD    YEAR
 MAXIMUM TEMPERATURE (F)   89       103      1940
 MINIMUM TEMPERATURE (F)   68        57      1920


SUNRISE AND SUNSET
JULY 26 2017..........SUNRISE   628 AM EDT   SUNSET   832 PM EDT
JULY 27 2017..........SUNRISE   629 AM EDT   SUNSET   831 PM EDT


-  INDICATES NEGATIVE NUMBERS.
R  INDICATES RECORD WAS SET OR TIED.
MM INDICATES DATA IS MISSING.
T  INDICATES TRACE AMOUNT.




$$
JPT
