490
CDUS42 KGSP 242130
CLICLT

CLIMATE REPORT
NATIONAL WEATHER SERVICE GREENVILLE-SPARTANBURG SC
429 PM EST FRI FEB 24 2017

...THE CHARLOTTE NC CLIMATE SUMMARY FOR FEBRUARY 24 2017...
VALID TODAY AS OF 0400 PM LOCAL TIME.

CLIMATE NORMAL PERIOD 1981 TO 2010
CLIMATE RECORD PERIOD 1878 TO 2017


WEATHER ITEM   OBSERVED TIME   RECORD YEAR NORMAL DEPARTURE LAST
                VALUE   (LST)  VALUE       VALUE  FROM      YEAR
                                                  NORMAL
..................................................................
TEMPERATURE (F)
 TODAY
  MAXIMUM         78    326 PM  80    1982  57     21       72
                                      1930
  MINIMUM         48    648 AM  16    1967  35     13       44
  AVERAGE         63                        46     17       58

PRECIPITATION (IN)
  TODAY            0.00          1.90 1979   0.13  -0.13     0.54
  MONTH TO DATE    1.16                      2.81  -1.65     4.50
  SINCE DEC 1      9.79                      9.47   0.32    15.48
  SINCE JAN 1      6.88                      6.22   0.66     6.78

SNOWFALL (IN)
  TODAY            0.0           7.8  1942   0.0    0.0      0.0
  MONTH TO DATE    0.0                       1.0   -1.0       T
  SINCE DEC 1      1.1                       3.4   -2.3      3.3
  SINCE JUL 1      1.1                       3.5   -2.4      3.3
  SNOW DEPTH       0

DEGREE DAYS
 HEATING
  TODAY            2                        19    -17        7
  MONTH TO DATE  277                       518   -241      501
  SINCE DEC 1   1436                      1989   -553     1589
  SINCE JUL 1   1854                      2625   -771     2055

 COOLING
  TODAY            0                         0      0        0
  MONTH TO DATE    5                         0      5        0
  SINCE DEC 1      5                         1      4       12
  SINCE JAN 1      5                         0      5        0
..................................................................


WIND (MPH)
  HIGHEST WIND SPEED    13   HIGHEST WIND DIRECTION     S (180)
  HIGHEST GUST SPEED    16   HIGHEST GUST DIRECTION     S (190)
  AVERAGE WIND SPEED     3.8


SKY COVER
  POSSIBLE SUNSHINE  MM
  AVERAGE SKY COVER 0.2


WEATHER CONDITIONS
 THE FOLLOWING WEATHER WAS RECORDED TODAY.
  FOG


RELATIVE HUMIDITY (PERCENT)
 HIGHEST    93           500 AM
 LOWEST     43           300 PM
 AVERAGE    68

..........................................................


THE CHARLOTTE NC CLIMATE NORMALS FOR TOMORROW
                         NORMAL    RECORD    YEAR
 MAXIMUM TEMPERATURE (F)   57        82      1930
 MINIMUM TEMPERATURE (F)   35         7      1967


SUNRISE AND SUNSET
FEBRUARY 24 2017......SUNRISE   659 AM EST   SUNSET   615 PM EST
FEBRUARY 25 2017......SUNRISE   658 AM EST   SUNSET   616 PM EST


-  INDICATES NEGATIVE NUMBERS.
R  INDICATES RECORD WAS SET OR TIED.
MM INDICATES DATA IS MISSING.
T  INDICATES TRACE AMOUNT.

$$
