000
CDUS42 KGSP 210631
CLICLT

CLIMATE REPORT
NATIONAL WEATHER SERVICE GREENVILLE-SPARTANBURG SC
131 AM EST TUE NOV 21 2017


...................................

...THE CHARLOTTE NC CLIMATE SUMMARY FOR NOVEMBER 20 2017...

CLIMATE NORMAL PERIOD 1981 TO 2010
CLIMATE RECORD PERIOD 1878 TO 2017


WEATHER ITEM   OBSERVED TIME   RECORD YEAR NORMAL DEPARTURE LAST
                VALUE   (LST)  VALUE       VALUE  FROM      YEAR
                                                  NORMAL
..................................................................
TEMPERATURE (F)
 YESTERDAY
  MAXIMUM         58    334 PM  79    1942  61     -3       57
  MINIMUM         25    538 AM  18    1951  38    -13       30
  AVERAGE         42                        49     -7       44

PRECIPITATION (IN)
  YESTERDAY        0.00          1.36 1921   0.11  -0.11     0.00
  MONTH TO DATE    0.73                      2.04  -1.31     0.05
  SINCE SEP 1      7.40                      8.68  -1.28     8.27
  SINCE JAN 1     42.36                     37.28   5.08    29.81

SNOWFALL (IN)
  YESTERDAY        0.0           T    1914   0.0    0.0      0.0
  MONTH TO DATE    0.0                       0.1   -0.1      0.0
  SINCE SEP 1      0.0                       0.1   -0.1      0.0
  SINCE JUL 1      0.0                       0.1   -0.1      0.0
  SNOW DEPTH       0

DEGREE DAYS
 HEATING
  YESTERDAY       23                        16      7       21
  MONTH TO DATE  228                       256    -28      216
  SINCE SEP 1    363                       462    -99      291
  SINCE JUL 1    363                       462    -99      291

 COOLING
  YESTERDAY        0                         0      0        0
  MONTH TO DATE    5                         0      5        1
  SINCE SEP 1    344                       236    108      423
  SINCE JAN 1   1905                      1513    392     2190
..................................................................


WIND (MPH)
  HIGHEST WIND SPEED     9   HIGHEST WIND DIRECTION     S (170)
  HIGHEST GUST SPEED    11   HIGHEST GUST DIRECTION     S (190)
  AVERAGE WIND SPEED     2.9


SKY COVER
  POSSIBLE SUNSHINE  MM
  AVERAGE SKY COVER 0.3


WEATHER CONDITIONS
 THE FOLLOWING WEATHER WAS RECORDED YESTERDAY.
  NO SIGNIFICANT WEATHER WAS OBSERVED.


RELATIVE HUMIDITY (PERCENT)
 HIGHEST   100           600 AM
 LOWEST     28           200 PM
 AVERAGE    64

..........................................................


THE CHARLOTTE NC CLIMATE NORMALS FOR TODAY
                         NORMAL    RECORD    YEAR
 MAXIMUM TEMPERATURE (F)   61        78      1942
 MINIMUM TEMPERATURE (F)   38        19      1914


SUNRISE AND SUNSET
NOVEMBER 21 2017......SUNRISE   705 AM EST   SUNSET   514 PM EST
NOVEMBER 22 2017......SUNRISE   706 AM EST   SUNSET   514 PM EST


-  INDICATES NEGATIVE NUMBERS.
R  INDICATES RECORD WAS SET OR TIED.
MM INDICATES DATA IS MISSING.
T  INDICATES TRACE AMOUNT.

$$
