000
CDUS46 KLOX 280111
CLICMA


CLIMATE REPORT
NATIONAL WEATHER SERVICE LOS ANGELES/OXNARD CA
511 PM PST SAT DEC 27 2014


...................................

...THE CAMARILLO CLIMATE SUMMARY FOR DECEMBER 27 2014...
VALID TODAY AS OF 0500 PM LOCAL TIME.

CLIMATE NORMAL PERIOD 1981 TO 2010
CLIMATE RECORD PERIOD 1948 TO 2014


WEATHER ITEM   OBSERVED TIME   RECORD YEAR NORMAL DEPARTURE LAST
                VALUE   (LST)  VALUE       VALUE  FROM      YEAR
                                                  NORMAL
..................................................................
TEMPERATURE (F)
 TODAY
  MAXIMUM         63    331 PM  84    2013  65     -2       84
  MINIMUM         45    143 AM  29    1966  43      2       43
  AVERAGE         54                        54      0       64

PRECIPITATION (IN)
  TODAY            0.00          1.14 2004   0.14  -0.14     0.00
  MONTH TO DATE    4.08                      1.51   2.57     0.22
  SINCE JUL 1      4.94                      3.69   1.25     0.82
  SINCE JAN 1      9.13                     14.67  -5.54     2.97

SNOWFALL (IN)
  TODAY            0.0
  MONTH TO DATE    0.0
  SINCE DEC 1      0.0
  SINCE JUL 1      0.0

DEGREE DAYS
 HEATING
  TODAY           11                        11      0        1
  MONTH TO DATE  162                       306   -144      246
  SINCE DEC 1    162                       306   -144      246
  SINCE JUL 1    249                       638   -389      470

 COOLING
  TODAY            0                         0      0        0
  MONTH TO DATE    4                         0      4       21
  SINCE DEC 1      4                         0      4       21
  SINCE JAN 1   1013                       330    683      655
..................................................................


WIND (MPH)
  HIGHEST WIND SPEED    35   HIGHEST WIND DIRECTION    NE (60)
  HIGHEST GUST SPEED    45   HIGHEST GUST DIRECTION     E (70)
  AVERAGE WIND SPEED    20.2


SKY COVER
  POSSIBLE SUNSHINE  MM
  AVERAGE SKY COVER 0.0


WEATHER CONDITIONS
 THE FOLLOWING WEATHER WAS RECORDED TODAY.
  NO SIGNIFICANT WEATHER WAS OBSERVED.


RELATIVE HUMIDITY (PERCENT)
 HIGHEST    29           200 AM
 LOWEST     14           200 PM
 AVERAGE    22

..........................................................


THE CAMARILLO CLIMATE NORMALS FOR TOMORROW
                         NORMAL    RECORD    YEAR
 MAXIMUM TEMPERATURE (F)   65        83      1963
 MINIMUM TEMPERATURE (F)   43        27      1962


SUNRISE AND SUNSET
DECEMBER 27 2014......SUNRISE   701 AM PST   SUNSET   454 PM PST
DECEMBER 28 2014......SUNRISE   701 AM PST   SUNSET   455 PM PST


-  INDICATES NEGATIVE NUMBERS.
R  INDICATES RECORD WAS SET OR TIED.
MM INDICATES DATA IS MISSING.
T  INDICATES TRACE AMOUNT.




$$
