000
CDUS46 KLOX 290122
CLICMA


CLIMATE REPORT
NATIONAL WEATHER SERVICE LOS ANGELES/OXNARD CA
622 PM PDT SUN AUG 28 2016


...................................

...THE CAMARILLO CLIMATE SUMMARY FOR AUGUST 28 2016...
VALID TODAY AS OF 0600 PM LOCAL TIME.

CLIMATE NORMAL PERIOD 1981 TO 2010
CLIMATE RECORD PERIOD 1948 TO 2016


WEATHER ITEM   OBSERVED TIME   RECORD YEAR NORMAL DEPARTURE LAST
                VALUE   (LST)  VALUE       VALUE  FROM      YEAR
                                                  NORMAL
..................................................................
TEMPERATURE (F)
 TODAY
  MAXIMUM         79    201 PM  95    2015  77      2       95
  MINIMUM         57    550 AM  51    1975  59     -2       66
  AVERAGE         68                        68      0       81

PRECIPITATION (IN)
  TODAY            0.00          0.06 1951   0.00   0.00     0.00
  MONTH TO DATE    0.00                      0.03  -0.03     0.00
  SINCE OCT 1      5.98                     15.03  -9.05     8.96
  SINCE JAN 1      5.42                     11.03  -5.61     4.05

SNOWFALL (IN)
  TODAY            0.0
  MONTH TO DATE    0.0
  SINCE JUN 1      0.0
  SINCE JUL 1      0.0

DEGREE DAYS
 HEATING
  TODAY            0                         0      0        0
  MONTH TO DATE    0                         0      0        0
  SINCE JUN 1     17                        53    -36        4
  SINCE JUL 1      0                        10    -10        0

 COOLING
  TODAY            3                         3      0       16
  MONTH TO DATE  130                        84     46      226
  SINCE JUN 1    376                       178    198      465
  SINCE JAN 1    447                       209    238      574
..................................................................


WIND (MPH)
  HIGHEST WIND SPEED    14   HIGHEST WIND DIRECTION     W (260)
  HIGHEST GUST SPEED    17   HIGHEST GUST DIRECTION     W (260)
  AVERAGE WIND SPEED     4.8


SKY COVER
  POSSIBLE SUNSHINE  MM
  AVERAGE SKY COVER 0.0


WEATHER CONDITIONS
 THE FOLLOWING WEATHER WAS RECORDED TODAY.
  NO SIGNIFICANT WEATHER WAS OBSERVED.


RELATIVE HUMIDITY (PERCENT)
 HIGHEST    93           600 AM
 LOWEST     54          1200 PM
 AVERAGE    74

..........................................................


THE CAMARILLO CLIMATE NORMALS FOR TOMORROW
                         NORMAL    RECORD    YEAR
 MAXIMUM TEMPERATURE (F)   77        90      2009
 MINIMUM TEMPERATURE (F)   59        51      1960


SUNRISE AND SUNSET
AUGUST 28 2016........SUNRISE   627 AM PDT   SUNSET   727 PM PDT
AUGUST 29 2016........SUNRISE   628 AM PDT   SUNSET   726 PM PDT


-  INDICATES NEGATIVE NUMBERS.
R  INDICATES RECORD WAS SET OR TIED.
MM INDICATES DATA IS MISSING.
T  INDICATES TRACE AMOUNT.




$$
