000
CDUS46 KLOX 030115
CLICMA


CLIMATE REPORT
NATIONAL WEATHER SERVICE LOS ANGELES/OXNARD CA
615 PM PDT MON MAY 2 2016


...................................

...THE CAMARILLO CLIMATE SUMMARY FOR MAY 2 2016...
VALID TODAY AS OF 0600 PM LOCAL TIME.

CLIMATE NORMAL PERIOD 1981 TO 2010
CLIMATE RECORD PERIOD 1948 TO 2016


WEATHER ITEM   OBSERVED TIME   RECORD YEAR NORMAL DEPARTURE LAST
                VALUE   (LST)  VALUE       VALUE  FROM      YEAR
                                                  NORMAL
..................................................................
TEMPERATURE (F)
 TODAY
  MAXIMUM         68    245 PM  98    2013  71     -3       71
  MINIMUM         53    208 AM  39    1964  49      4       50
  AVERAGE         61                        60      1       61

PRECIPITATION (IN)
  TODAY            0.00          0.79 2003   0.02  -0.02     0.00
  MONTH TO DATE    0.00                      0.04  -0.04     0.00
  SINCE OCT 1      5.98                     14.66  -8.68     8.13
  SINCE JAN 1      5.42                     10.66  -5.24     3.22

SNOWFALL (IN)
  TODAY            0.0
  MONTH TO DATE    0.0
  SINCE MAR 1      0.0
  SINCE JUL 1      0.0

DEGREE DAYS
 HEATING
  TODAY            4                         5     -1        4
  MONTH TO DATE   10                        11     -1        4
  SINCE MAR 1    304                       495   -191      212
  SINCE JUL 1   1121                      1831   -710      869

 COOLING
  TODAY            0                         0      0        0
  MONTH TO DATE    0                         0      0        1
  SINCE MAR 1     13                        11      2       70
  SINCE JAN 1     71                        20     51      109
..................................................................


WIND (MPH)
  HIGHEST WIND SPEED    14   HIGHEST WIND DIRECTION     W (250)
  HIGHEST GUST SPEED    19   HIGHEST GUST DIRECTION     W (250)
  AVERAGE WIND SPEED     5.1


SKY COVER
  POSSIBLE SUNSHINE  MM
  AVERAGE SKY COVER 0.5


WEATHER CONDITIONS
 THE FOLLOWING WEATHER WAS RECORDED TODAY.
  FOG
  HAZE


RELATIVE HUMIDITY (PERCENT)
 HIGHEST    86          1200 AM
 LOWEST     58          1200 PM
 AVERAGE    72

..........................................................


THE CAMARILLO CLIMATE NORMALS FOR TOMORROW
                         NORMAL    RECORD    YEAR
 MAXIMUM TEMPERATURE (F)   71        96      2013
 MINIMUM TEMPERATURE (F)   49        40      1964


SUNRISE AND SUNSET
MAY  2 2016...........SUNRISE   605 AM PDT   SUNSET   742 PM PDT
MAY  3 2016...........SUNRISE   604 AM PDT   SUNSET   743 PM PDT


-  INDICATES NEGATIVE NUMBERS.
R  INDICATES RECORD WAS SET OR TIED.
MM INDICATES DATA IS MISSING.
T  INDICATES TRACE AMOUNT.




$$
