210
CDUS46 KLOX 240901
CLICMA


CLIMATE REPORT
NATIONAL WEATHER SERVICE LOS ANGELES/OXNARD CA
101 AM PST TUE JAN 24 2017


...................................

...THE CAMARILLO AIRPORT CA CLIMATE SUMMARY FOR JANUARY 23 2017...

CLIMATE NORMAL PERIOD 1981 TO 2010
CLIMATE RECORD PERIOD 1948 TO 2017


WEATHER ITEM   OBSERVED TIME   RECORD YEAR NORMAL DEPARTURE LAST
                VALUE   (LST)  VALUE       VALUE  FROM      YEAR
                                                  NORMAL
..................................................................
TEMPERATURE (F)
 YESTERDAY
  MAXIMUM         55    218 PM  84    1953  66    -11       65
  MINIMUM         40   1137 PM  30    1966  43     -3       47
  AVERAGE         48                        54     -6       56

PRECIPITATION (IN)
  YESTERDAY        0.23          2.93 1983   0.11   0.12     0.00
  MONTH TO DATE    8.25                      2.98   5.27     2.26
  SINCE OCT 1     12.91                      6.98   5.93     2.82
  SINCE JAN 1      8.25                      2.98   5.27     2.26

SNOWFALL (IN)
  YESTERDAY       MM
  MONTH TO DATE    0.0
  SINCE DEC 1      0.0
  SINCE JUL 1      0.0

DEGREE DAYS
 HEATING
  YESTERDAY       17                        11      6        9
  MONTH TO DATE  250                       253     -3      216
  SINCE DEC 1    516                       602    -86      494
  SINCE JUL 1    679                       934   -255      639

 COOLING
  YESTERDAY        0                         0      0        0
  MONTH TO DATE    0                         0      0        0
  SINCE DEC 1      5                         2      3        4
  SINCE JAN 1      0                         0      0        0
..................................................................


WIND (MPH)
  HIGHEST WIND SPEED    29   HIGHEST WIND DIRECTION     W (270)
  HIGHEST GUST SPEED    36   HIGHEST GUST DIRECTION     W (280)
  AVERAGE WIND SPEED    10.0


SKY COVER
  POSSIBLE SUNSHINE  MM
  AVERAGE SKY COVER 0.4


WEATHER CONDITIONS
 THE FOLLOWING WEATHER WAS RECORDED YESTERDAY.
  HEAVY RAIN
  RAIN
  LIGHT RAIN
  FOG


RELATIVE HUMIDITY (PERCENT)
 HIGHEST    96           100 AM
 LOWEST     63           500 PM
 AVERAGE    80

..........................................................


THE CAMARILLO AIRPORT CA CLIMATE NORMALS FOR TODAY
                         NORMAL    RECORD    YEAR
 MAXIMUM TEMPERATURE (F)   66        84      1951
 MINIMUM TEMPERATURE (F)   43        33      1966


SUNRISE AND SUNSET
JANUARY 24 2017.......SUNRISE   658 AM PST   SUNSET   519 PM PST
JANUARY 25 2017.......SUNRISE   658 AM PST   SUNSET   520 PM PST


-  INDICATES NEGATIVE NUMBERS.
R  INDICATES RECORD WAS SET OR TIED.
MM INDICATES DATA IS MISSING.
T  INDICATES TRACE AMOUNT.




$$
