000
CDUS46 KLOX 220128
CLICMA


CLIMATE REPORT
NATIONAL WEATHER SERVICE LOS ANGELES/OXNARD CA
628 PM PDT SAT OCT 21 2017


...................................

...THE CAMARILLO CLIMATE SUMMARY FOR OCTOBER 21 2017...
VALID TODAY AS OF 0600 PM LOCAL TIME.

CLIMATE NORMAL PERIOD 1981 TO 2010
CLIMATE RECORD PERIOD 1923 TO 2017


WEATHER ITEM   OBSERVED TIME   RECORD YEAR NORMAL DEPARTURE LAST
                VALUE   (LST)  VALUE       VALUE  FROM      YEAR
                                                  NORMAL
..................................................................
TEMPERATURE (F)
 TODAY
  MAXIMUM         79    207 PM  98    1965  73      6       88
                                      1942
  MINIMUM         48    627 AM  39    1924  52     -4       56
  AVERAGE         64                        62      2       72

PRECIPITATION (IN)
  TODAY            0.00          0.42 1985   0.02  -0.02     0.00
  MONTH TO DATE    0.00                      0.32  -0.32     0.19
  SINCE OCT 1      0.00                      0.32  -0.32     0.19
  SINCE JAN 1     14.80                     11.54   3.26     5.61

SNOWFALL (IN)
  TODAY            0.0
  MONTH TO DATE    0.0
  SINCE SEP 1      0.0
  SINCE JUL 1      0.0

DEGREE DAYS
 HEATING
  TODAY            1                         3     -2        0
  MONTH TO DATE   12                        52    -40       19
  SINCE SEP 1     16                        69    -53       23
  SINCE JUL 1     17                        84    -67       23

 COOLING
  TODAY            0                         1     -1        7
  MONTH TO DATE   62                        21     41       57
  SINCE SEP 1    255                        92    163      206
  SINCE JAN 1    751                       304    447      671
..................................................................


WIND (MPH)
  HIGHEST WIND SPEED    18   HIGHEST WIND DIRECTION     W (270)
  HIGHEST GUST SPEED    21   HIGHEST GUST DIRECTION     W (280)
  AVERAGE WIND SPEED     5.9


SKY COVER
  POSSIBLE SUNSHINE  MM
  AVERAGE SKY COVER 0.0


WEATHER CONDITIONS
 THE FOLLOWING WEATHER WAS RECORDED TODAY.
  NO SIGNIFICANT WEATHER WAS OBSERVED.


RELATIVE HUMIDITY (PERCENT)
 HIGHEST    77          1200 AM
 LOWEST     21           200 PM
 AVERAGE    49

..........................................................


THE CAMARILLO CLIMATE NORMALS FOR TOMORROW
                         NORMAL    RECORD    YEAR
 MAXIMUM TEMPERATURE (F)   73        99      1965
 MINIMUM TEMPERATURE (F)   52        35      1924


SUNRISE AND SUNSET
OCTOBER 21 2017.......SUNRISE   707 AM PDT   SUNSET   615 PM PDT
OCTOBER 22 2017.......SUNRISE   708 AM PDT   SUNSET   613 PM PDT


-  INDICATES NEGATIVE NUMBERS.
R  INDICATES RECORD WAS SET OR TIED.
MM INDICATES DATA IS MISSING.
T  INDICATES TRACE AMOUNT.




$$
