000
CDUS46 KLOX 110905
CLICMA


CLIMATE REPORT
NATIONAL WEATHER SERVICE LOS ANGELES/OXNARD CA
105 AM PST MON DEC 11 2017


...................................

...THE CAMARILLO AIRPORT CA CLIMATE SUMMARY FOR DECEMBER 10 2017...

CLIMATE NORMAL PERIOD 1981 TO 2010
CLIMATE RECORD PERIOD 1923 TO 2017


WEATHER ITEM   OBSERVED TIME   RECORD YEAR NORMAL DEPARTURE LAST
                VALUE   (LST)  VALUE       VALUE  FROM      YEAR
                                                  NORMAL
..................................................................
TEMPERATURE (F)
 YESTERDAY
  MAXIMUM         83    258 PM  85    1958  66     17       63
  MINIMUM         64   1152 PM  30    1923  42     22       58
  AVERAGE         74                        54     20       61

PRECIPITATION (IN)
  YESTERDAY        0.00          2.75 1943   0.04  -0.04     0.00
  MONTH TO DATE    0.00                      0.39  -0.39     0.00
  SINCE OCT 1      0.07                      2.33  -2.26     1.48
  SINCE JAN 1     14.87                     13.55   1.32     6.90

SNOWFALL (IN)
  YESTERDAY        0.0
  MONTH TO DATE    0.0
  SINCE DEC 1      0.0
  SINCE JUL 1      0.0

DEGREE DAYS
 HEATING
  YESTERDAY        0                        11    -11        4
  MONTH TO DATE   31                       107    -76       88
  SINCE DEC 1     31                       107    -76       88
  SINCE JUL 1    118                       439   -321      251

 COOLING
  YESTERDAY        9                         0      9        0
  MONTH TO DATE   22                         0     22        0
  SINCE DEC 1     22                         0     22        0
  SINCE JAN 1    893                       330    563      729
..................................................................


WIND (MPH)
  HIGHEST WIND SPEED    29   HIGHEST WIND DIRECTION     E (70)
  HIGHEST GUST SPEED    34   HIGHEST GUST DIRECTION     E (80)
  AVERAGE WIND SPEED    18.5


SKY COVER
  POSSIBLE SUNSHINE  MM
  AVERAGE SKY COVER 0.0


WEATHER CONDITIONS
 THE FOLLOWING WEATHER WAS RECORDED YESTERDAY.
  NO SIGNIFICANT WEATHER WAS OBSERVED.


RELATIVE HUMIDITY (PERCENT)
 HIGHEST     8          1200 AM
 LOWEST      4          1200 PM
 AVERAGE     6

..........................................................


THE CAMARILLO AIRPORT CA CLIMATE NORMALS FOR TODAY
                         NORMAL    RECORD    YEAR
 MAXIMUM TEMPERATURE (F)   66        85      1958
                                             1924
 MINIMUM TEMPERATURE (F)   42        32      1923


SUNRISE AND SUNSET
DECEMBER 11 2017......SUNRISE   652 AM PST   SUNSET   447 PM PST
DECEMBER 12 2017......SUNRISE   653 AM PST   SUNSET   447 PM PST


-  INDICATES NEGATIVE NUMBERS.
R  INDICATES RECORD WAS SET OR TIED.
MM INDICATES DATA IS MISSING.
T  INDICATES TRACE AMOUNT.




$$
