000
CDUS46 KLOX 040907
CLICMA


CLIMATE REPORT
NATIONAL WEATHER SERVICE LOS ANGELES/OXNARD CA
206 AM PDT TUE AUG 4 2015


...................................

...THE CAMARILLO AIRPORT CA CLIMATE SUMMARY FOR AUGUST 3 2015...

CLIMATE NORMAL PERIOD 1981 TO 2010
CLIMATE RECORD PERIOD 1948 TO 2015


WEATHER ITEM   OBSERVED TIME   RECORD YEAR NORMAL DEPARTURE LAST
                VALUE   (LST)  VALUE       VALUE  FROM      YEAR
                                                  NORMAL
..................................................................
TEMPERATURE (F)
 YESTERDAY
  MAXIMUM         82    348 PM  87    1971  77      5       80
  MINIMUM         60    436 AM  52    2004  58      2       67
  AVERAGE         71                        67      4       74

PRECIPITATION (IN)
  YESTERDAY        0.00          0.03 2014   0.00   0.00     0.03
  MONTH TO DATE    0.00                      0.00   0.00     0.03
  SINCE OCT 1      8.96                     15.00  -6.04     5.00
  SINCE JAN 1      4.05                     11.00  -6.95     4.22

SNOWFALL (IN)
  YESTERDAY        0.0
  MONTH TO DATE    0.0
  SINCE JUN 1      0.0
  SINCE JUL 1      0.0

DEGREE DAYS
 HEATING
  YESTERDAY        0                         0      0        0
  MONTH TO DATE    0                         0      0        0
  SINCE JUN 1      4                        53    -49       12
  SINCE JUL 1      0                        10    -10        0

 COOLING
  YESTERDAY        6                         3      3        9
  MONTH TO DATE   22                         9     13       23
  SINCE JUN 1    261                       103    158      293
  SINCE JAN 1    370                       134    236      441
..................................................................


WIND (MPH)
  HIGHEST WIND SPEED    16   HIGHEST WIND DIRECTION     W (260)
  HIGHEST GUST SPEED    22   HIGHEST GUST DIRECTION     W (270)
  AVERAGE WIND SPEED     5.8


SKY COVER
  POSSIBLE SUNSHINE  MM
  AVERAGE SKY COVER 0.0


WEATHER CONDITIONS
 THE FOLLOWING WEATHER WAS RECORDED YESTERDAY.
  NO SIGNIFICANT WEATHER WAS OBSERVED.


RELATIVE HUMIDITY (PERCENT)
 HIGHEST    87           200 AM
 LOWEST     45           400 PM
 AVERAGE    66

..........................................................


THE CAMARILLO AIRPORT CA CLIMATE NORMALS FOR TODAY
                         NORMAL    RECORD    YEAR
 MAXIMUM TEMPERATURE (F)   77        85      1971
 MINIMUM TEMPERATURE (F)   58        50      1951


SUNRISE AND SUNSET
AUGUST  4 2015........SUNRISE   609 AM PDT   SUNSET   755 PM PDT
AUGUST  5 2015........SUNRISE   610 AM PDT   SUNSET   754 PM PDT


-  INDICATES NEGATIVE NUMBERS.
R  INDICATES RECORD WAS SET OR TIED.
MM INDICATES DATA IS MISSING.
T  INDICATES TRACE AMOUNT.




$$
