000
CDUS41 KILN 280612
CLICMH


CLIMATE REPORT
NATIONAL WEATHER SERVICE WILMINGTON OH
210 AM EDT FRI JUL 28 2017


...................................

...THE COLUMBUS OH CLIMATE SUMMARY FOR JULY 27 2017...

CLIMATE NORMAL PERIOD 1981 TO 2010
CLIMATE RECORD PERIOD 1869 TO 2017


WEATHER ITEM   OBSERVED TIME   RECORD YEAR NORMAL DEPARTURE LAST
                VALUE   (LST)  VALUE       VALUE  FROM      YEAR
                                                  NORMAL
..................................................................
TEMPERATURE (F)
 YESTERDAY
  MAXIMUM         80    935 AM 102    1936  85     -5       91
  MINIMUM         66   1249 AM  45    1962  66      0       72
  AVERAGE         73                        75     -2       82

PRECIPITATION (IN)
  YESTERDAY        0.39          2.49 1926   0.15   0.24     0.00
  MONTH TO DATE    8.55                      4.25   4.30     2.33
  SINCE JUN 1     13.21                      8.26   4.95     7.55
  SINCE JAN 1     31.89                     23.83   8.06    21.28

SNOWFALL (IN)
  YESTERDAY        0.0                       0.0    0.0      0.0
  MONTH TO DATE    0.0                       0.0    0.0      0.0
  SINCE JUN 1      0.0                       0.0    0.0      0.0
  SINCE JUL 1      0.0                       0.0    0.0      0.0
  SNOW DEPTH       0

DEGREE DAYS
 HEATING
  YESTERDAY        0                         0      0        0
  MONTH TO DATE    0                         0      0        0
  SINCE JUN 1      7                        19    -12        4
  SINCE JUL 1      0                         0      0        0

 COOLING
  YESTERDAY        8                        10     -2       17
  MONTH TO DATE  285                       270     15      321
  SINCE JUN 1    515                       486     29      580
  SINCE JAN 1    640                       568     72      645
..................................................................


WIND (MPH)
  RESULTANT WIND SPEED   2   RESULTANT WIND DIRECTION  SE (130)
  HIGHEST WIND SPEED    14   HIGHEST WIND DIRECTION    SW (240)
  HIGHEST GUST SPEED    18   HIGHEST GUST DIRECTION    SW (240)
  AVERAGE WIND SPEED     4.7


SKY COVER
  POSSIBLE SUNSHINE  MM
  AVERAGE SKY COVER 1.0


WEATHER CONDITIONS
 THE FOLLOWING WEATHER WAS RECORDED YESTERDAY.
  HEAVY RAIN
  RAIN
  LIGHT RAIN
  FOG
  HAZE


RELATIVE HUMIDITY (PERCENT)
 HIGHEST   100           300 PM
 LOWEST     67           900 AM
 AVERAGE    84

..........................................................


THE COLUMBUS OH CLIMATE NORMALS FOR TODAY
                         NORMAL    RECORD    YEAR
 MAXIMUM TEMPERATURE (F)   85       100      1952
 MINIMUM TEMPERATURE (F)   65        50      1962


SUNRISE AND SUNSET
JULY 28 2017..........SUNRISE   627 AM EDT   SUNSET   849 PM EDT
JULY 29 2017..........SUNRISE   627 AM EDT   SUNSET   848 PM EDT


-  INDICATES NEGATIVE NUMBERS.
R  INDICATES RECORD WAS SET OR TIED.
MM INDICATES DATA IS MISSING.
T  INDICATES TRACE AMOUNT.




$$
