000
CDUS41 KILN 270545
CLICMH


CLIMATE REPORT
NATIONAL WEATHER SERVICE WILMINGTON OH
1244 AM EST MON FEB 27 2017


...................................

...THE COLUMBUS OH CLIMATE SUMMARY FOR FEBRUARY 26 2017...

CLIMATE NORMAL PERIOD 1981 TO 2010
CLIMATE RECORD PERIOD 1869 TO 2017


WEATHER ITEM   OBSERVED TIME   RECORD YEAR NORMAL DEPARTURE LAST
                VALUE   (LST)  VALUE       VALUE  FROM      YEAR
                                                  NORMAL
..................................................................
TEMPERATURE (F)
 YESTERDAY
  MAXIMUM         45    530 PM  75    2000  44      1       35
  MINIMUM         29    729 AM -10    1963  27      2       24
  AVERAGE         37                        36      1       30

PRECIPITATION (IN)
  YESTERDAY        T             1.55 1887   0.09  -0.09      T
  MONTH TO DATE    2.45                      2.09   0.36     3.22
  SINCE DEC 1      8.37                      7.79   0.58     9.22
  SINCE JAN 1      5.28                      4.82   0.46     4.34

SNOWFALL (IN)
  YESTERDAY        T             5.2  1894   0.2   -0.2       T
  MONTH TO DATE    0.6                       5.7   -5.1      9.1
  SINCE DEC 1      7.6                      19.9  -12.3     14.5
  SINCE JUL 1      7.6                      21.0  -13.4     14.5
  SNOW DEPTH       0

DEGREE DAYS
 HEATING
  YESTERDAY       28                        29     -1       35
  MONTH TO DATE  599                       845   -246      829
  SINCE DEC 1   2467                      2923   -456     2579
  SINCE JUL 1   3233                      3937   -704     3384

 COOLING
  YESTERDAY        0                         0      0        0
  MONTH TO DATE    4                         0      4        0
  SINCE DEC 1      4                         0      4        0
  SINCE JAN 1      4                         0      4        0
..................................................................


WIND (MPH)
  RESULTANT WIND SPEED   8   RESULTANT WIND DIRECTION  SW (240)
  HIGHEST WIND SPEED    20   HIGHEST WIND DIRECTION    SW (210)
  HIGHEST GUST SPEED    26   HIGHEST GUST DIRECTION     S (200)
  AVERAGE WIND SPEED     9.4


SKY COVER
  POSSIBLE SUNSHINE  MM
  AVERAGE SKY COVER 0.7


WEATHER CONDITIONS
 THE FOLLOWING WEATHER WAS RECORDED YESTERDAY.
  LIGHT SNOW


RELATIVE HUMIDITY (PERCENT)
 HIGHEST    58           200 AM
 LOWEST     31           500 PM
 AVERAGE    45

..........................................................


THE COLUMBUS OH CLIMATE NORMALS FOR TODAY
                         NORMAL    RECORD    YEAR
 MAXIMUM TEMPERATURE (F)   44        71      1996
 MINIMUM TEMPERATURE (F)   28       -11      1963


SUNRISE AND SUNSET
FEBRUARY 27 2017......SUNRISE   707 AM EST   SUNSET   621 PM EST
FEBRUARY 28 2017......SUNRISE   706 AM EST   SUNSET   623 PM EST


-  INDICATES NEGATIVE NUMBERS.
R  INDICATES RECORD WAS SET OR TIED.
MM INDICATES DATA IS MISSING.
T  INDICATES TRACE AMOUNT.




$$
