000
CDUS41 KILN 140538
CLICMH


CLIMATE REPORT
NATIONAL WEATHER SERVICE WILMINGTON OH
138 AM EDT MON JUL 14 2014


...................................

...THE COLUMBUS OH CLIMATE SUMMARY FOR JULY 13 2014...

CLIMATE NORMAL PERIOD 1981 TO 2010
CLIMATE RECORD PERIOD 1869 TO 2014


WEATHER ITEM   OBSERVED TIME   RECORD YEAR NORMAL DEPARTURE LAST
                VALUE   (LST)  VALUE       VALUE  FROM      YEAR
                                                  NORMAL
..................................................................
TEMPERATURE (F)
 YESTERDAY
  MAXIMUM         90    417 PM 101    1936  85      5       86
  MINIMUM         73   1159 PM  50    1940  66      7       65
  AVERAGE         82                        75      7       76

PRECIPITATION (IN)
  YESTERDAY        0.18          5.13 1992   0.17   0.01      T
  MONTH TO DATE    1.65                      2.02  -0.37     3.50
  SINCE JUN 1      6.94                      6.03   0.91     7.96
  SINCE JAN 1     23.79                     21.60   2.19    20.43

SNOWFALL (IN)
  YESTERDAY        0.0           0.0    MM   0.0    0.0      0.0
  MONTH TO DATE    0.0                       0.0    0.0      0.0
  SINCE JUN 1      0.0                       0.0    0.0      0.0
  SINCE JUL 1      0.0                       0.0    0.0      0.0
  SNOW DEPTH       0

DEGREE DAYS
 HEATING
  YESTERDAY        0                         0      0        0
  MONTH TO DATE    0                         0      0        0
  SINCE JUN 1      1                        19    -18        6
  SINCE JUL 1      0                         0      0        0

 COOLING
  YESTERDAY       17                        10      7       11
  MONTH TO DATE  128                       130     -2      136
  SINCE JUN 1    417                       346     71      374
  SINCE JAN 1    572                       428    144      535
..................................................................


WIND (MPH)
  RESULTANT WIND SPEED   8   RESULTANT WIND DIRECTION  SW (230)
  HIGHEST WIND SPEED    29   HIGHEST WIND DIRECTION    NW (310)
  HIGHEST GUST SPEED    37   HIGHEST GUST DIRECTION    NW (300)
  AVERAGE WIND SPEED     9.3


SKY COVER
  POSSIBLE SUNSHINE  MM
  AVERAGE SKY COVER 0.9


WEATHER CONDITIONS
 THE FOLLOWING WEATHER WAS RECORDED YESTERDAY.
  THUNDERSTORM
  HEAVY RAIN
  RAIN
  LIGHT RAIN


RELATIVE HUMIDITY (PERCENT)
 HIGHEST    87          1000 PM
 LOWEST     52           300 PM
 AVERAGE    70

..........................................................


THE COLUMBUS OH CLIMATE NORMALS FOR TODAY
                         NORMAL    RECORD    YEAR
 MAXIMUM TEMPERATURE (F)   85       106      1936
 MINIMUM TEMPERATURE (F)   66        47      1950


SUNRISE AND SUNSET
JULY 14 2014..........SUNRISE   615 AM EDT   SUNSET   900 PM EDT
JULY 15 2014..........SUNRISE   615 AM EDT   SUNSET   859 PM EDT


-  INDICATES NEGATIVE NUMBERS.
R  INDICATES RECORD WAS SET OR TIED.
MM INDICATES DATA IS MISSING.
T  INDICATES TRACE AMOUNT.




$$
