000
CDUS41 KILN 020559
CLICMH


CLIMATE REPORT
NATIONAL WEATHER SERVICE WILMINGTON OH
147 AM EDT TUE JUN 2 2015


...................................

...THE COLUMBUS OH CLIMATE SUMMARY FOR JUNE 1 2015...

CLIMATE NORMAL PERIOD 1981 TO 2010
CLIMATE RECORD PERIOD 1869 TO 2015


WEATHER ITEM   OBSERVED TIME   RECORD YEAR NORMAL DEPARTURE LAST
                VALUE   (LST)  VALUE       VALUE  FROM      YEAR
                                                  NORMAL
..................................................................
TEMPERATURE (F)
 YESTERDAY
  MAXIMUM         56    154 PM  96    1934  78    -22       88
                                      1895
  MINIMUM         49    724 AM  41    1910  57     -8       62
                                      1894
  AVERAGE         53                        67    -14       75

PRECIPITATION (IN)
  YESTERDAY        0.03          1.16 2006   0.15  -0.12     0.00
  MONTH TO DATE    0.03                      0.15  -0.12     0.00
  SINCE JUN 1      0.03                      0.15  -0.12     0.00
  SINCE JAN 1     16.17                     15.72   0.45    16.85

SNOWFALL (IN)
  YESTERDAY        0.0           0.0         0.0    0.0      0.0
  MONTH TO DATE    0.0                       0.0    0.0      0.0
  SINCE JUN 1      0.0                       0.0    0.0      0.0
  SINCE JUL 1     33.4                      26.7    6.7     56.4
  SNOW DEPTH       0

DEGREE DAYS
 HEATING
  YESTERDAY       12                         2     10        0
  MONTH TO DATE   12                         2     10        0
  SINCE JUN 1     12                         2     10        0
  SINCE JUL 1   5832                      5229    603     5633

 COOLING
  YESTERDAY        0                         4     -4       10
  MONTH TO DATE    0                         4     -4       10
  SINCE JUN 1      0                         4     -4       10
  SINCE JAN 1    153                        86     67      165
..................................................................


WIND (MPH)
  RESULTANT WIND SPEED   9   RESULTANT WIND DIRECTION  NE (30)
  HIGHEST WIND SPEED    15   HIGHEST WIND DIRECTION    NE (40)
  HIGHEST GUST SPEED    18   HIGHEST GUST DIRECTION    NE (40)
  AVERAGE WIND SPEED     9.0


SKY COVER
  POSSIBLE SUNSHINE  MM
  AVERAGE SKY COVER 1.0


WEATHER CONDITIONS
 THE FOLLOWING WEATHER WAS RECORDED YESTERDAY.
  LIGHT RAIN


RELATIVE HUMIDITY (PERCENT)
 HIGHEST    93           500 PM
 LOWEST     77          1100 AM
 AVERAGE    85

..........................................................


THE COLUMBUS OH CLIMATE NORMALS FOR TODAY
                         NORMAL    RECORD    YEAR
 MAXIMUM TEMPERATURE (F)   78        96      1895
 MINIMUM TEMPERATURE (F)   58        39      1966


SUNRISE AND SUNSET
JUNE  2 2015..........SUNRISE   604 AM EDT   SUNSET   855 PM EDT
JUNE  3 2015..........SUNRISE   604 AM EDT   SUNSET   856 PM EDT


-  INDICATES NEGATIVE NUMBERS.
R  INDICATES RECORD WAS SET OR TIED.
MM INDICATES DATA IS MISSING.
T  INDICATES TRACE AMOUNT.




$$
