000
CDUS41 KILN 010618
CLICMH


CLIMATE REPORT
NATIONAL WEATHER SERVICE WILMINGTON OH
117 AM EST SUN FEB 1 2015


...................................

...THE COLUMBUS OH CLIMATE SUMMARY FOR JANUARY 31 2015...

CLIMATE NORMAL PERIOD 1981 TO 2010
CLIMATE RECORD PERIOD 1869 TO 2015


WEATHER ITEM   OBSERVED TIME   RECORD YEAR NORMAL DEPARTURE LAST
                VALUE   (LST)  VALUE       VALUE  FROM      YEAR
                                                  NORMAL
..................................................................
TEMPERATURE (F)
 YESTERDAY
  MAXIMUM         34    339 PM  66    2002  37     -3       35
  MINIMUM         12    752 AM  -6    2004  23    -11       31
  AVERAGE         23                        30     -7       33

PRECIPITATION (IN)
  YESTERDAY        T             1.18 1982   0.08  -0.08     0.01
  MONTH TO DATE    2.87                      2.73   0.14     2.40
  SINCE DEC 1      5.57                      5.70  -0.13     6.70
  SINCE JAN 1      2.87                      2.73   0.14     2.40

SNOWFALL (IN)
  YESTERDAY        T             3.5  1949   0.3   -0.3      0.1
  MONTH TO DATE    8.4                       9.2   -0.8     17.7
  SINCE DEC 1      8.4                      14.2   -5.8     30.4
  SINCE JUL 1     12.5                      15.3   -2.8     35.1
  SNOW DEPTH       1

DEGREE DAYS
 HEATING
  YESTERDAY       42                        35      7       32
  MONTH TO DATE 1203                      1101    102     1304
  SINCE DEC 1   2096                      2078     18     2235
  SINCE JUL 1   3281                      3092    189     3297

 COOLING
  YESTERDAY        0                         0      0        0
  MONTH TO DATE    0                         0      0        0
  SINCE DEC 1      0                         0      0        0
  SINCE JAN 1      0                         0      0        0
..................................................................


WIND (MPH)
  RESULTANT WIND SPEED   5   RESULTANT WIND DIRECTION   S (200)
  HIGHEST WIND SPEED    14   HIGHEST WIND DIRECTION    SW (220)
  HIGHEST GUST SPEED    18   HIGHEST GUST DIRECTION    SW (240)
  AVERAGE WIND SPEED     5.2


SKY COVER
  POSSIBLE SUNSHINE  MM
  AVERAGE SKY COVER 0.5


WEATHER CONDITIONS
 THE FOLLOWING WEATHER WAS RECORDED YESTERDAY.
  LIGHT SNOW


RELATIVE HUMIDITY (PERCENT)
 HIGHEST    84           300 AM
 LOWEST     59           200 PM
 AVERAGE    72

..........................................................


THE COLUMBUS OH CLIMATE NORMALS FOR TODAY
                         NORMAL    RECORD    YEAR
 MAXIMUM TEMPERATURE (F)   38        66      1989
 MINIMUM TEMPERATURE (F)   23        -3      1978
                                             1936


SUNRISE AND SUNSET
FEBRUARY  1 2015......SUNRISE   740 AM EST   SUNSET   550 PM EST
FEBRUARY  2 2015......SUNRISE   739 AM EST   SUNSET   552 PM EST


-  INDICATES NEGATIVE NUMBERS.
R  INDICATES RECORD WAS SET OR TIED.
MM INDICATES DATA IS MISSING.
T  INDICATES TRACE AMOUNT.




$$
