000
CDUS43 KILX 210628
CLICMI


CLIMATE REPORT
NATIONAL WEATHER SERVICE LINCOLN IL
128 AM CDT SUN SEP 21 2014


...................................

...THE CHAMPAIGN IL AIRPORT CLIMATE SUMMARY FOR SEPTEMBER 20 2014...

CLIMATE NORMAL PERIOD 1981 TO 2010
CLIMATE RECORD PERIOD 9999 TO 9999


WEATHER ITEM   OBSERVED TIME   RECORD YEAR NORMAL DEPARTURE LAST
                VALUE   (LST)  VALUE       VALUE  FROM      YEAR
                                                  NORMAL
..................................................................
TEMPERATURE (F)
 YESTERDAY
  MAXIMUM         84    242 PM  MM      MM  77      7       78
  MINIMUM         57    546 AM  MM      MM  51      6       56
  AVERAGE         71                        64      7       67

PRECIPITATION (IN)
  YESTERDAY        0.57         MM      MM   0.09   0.48     0.37
  MONTH TO DATE    3.18                      2.28   0.90     0.47
  SINCE SEP 1      3.18                      2.28   0.90     0.47
  SINCE JAN 1     31.75                     29.56   2.19    24.68

DEGREE DAYS
 HEATING
  YESTERDAY        0                         3     -3        0
  MONTH TO DATE   66                        29     37       14
  SINCE SEP 1     66                        29     37       14
  SINCE JUL 1     75                        38     37       29

 COOLING
  YESTERDAY        6                         2      4        2
  MONTH TO DATE   74                        80     -6      153
  SINCE SEP 1     74                        80     -6      153
  SINCE JAN 1    930                       907     23     1006
..................................................................


WIND (MPH)
  HIGHEST WIND SPEED    24   HIGHEST WIND DIRECTION    SW (220)
  HIGHEST GUST SPEED    33   HIGHEST GUST DIRECTION    SW (220)
  AVERAGE WIND SPEED    10.6


SKY COVER
  POSSIBLE SUNSHINE  MM
  AVERAGE SKY COVER 0.2


WEATHER CONDITIONS
 THE FOLLOWING WEATHER WAS RECORDED YESTERDAY.
  THUNDERSTORM
  HEAVY RAIN
  LIGHT RAIN
  FOG


RELATIVE HUMIDITY (PERCENT)
 HIGHEST    93           600 PM
 LOWEST     58          1200 PM
 AVERAGE    76

..........................................................


THE CHAMPAIGN IL AIRPORT CLIMATE NORMALS FOR TODAY
                         NORMAL    RECORD    YEAR
 MAXIMUM TEMPERATURE (F)   76        MM        MM
 MINIMUM TEMPERATURE (F)   51        MM        MM


SUNRISE AND SUNSET
SEPTEMBER 21 2014.....SUNRISE   640 AM CDT   SUNSET   652 PM CDT
SEPTEMBER 22 2014.....SUNRISE   641 AM CDT   SUNSET   650 PM CDT


-  INDICATES NEGATIVE NUMBERS.
R  INDICATES RECORD WAS SET OR TIED.
MM INDICATES DATA IS MISSING.
T  INDICATES TRACE AMOUNT.




$$
