000
CDUS43 KILX 280632
CLICMI


CLIMATE REPORT
NATIONAL WEATHER SERVICE LINCOLN IL
1232 AM CST FRI NOV 28 2014


...................................

...THE CHAMPAIGN IL AIRPORT CLIMATE SUMMARY FOR NOVEMBER 27 2014...

CLIMATE NORMAL PERIOD 1981 TO 2010
CLIMATE RECORD PERIOD 9999 TO 9999


WEATHER ITEM   OBSERVED TIME   RECORD YEAR NORMAL DEPARTURE LAST
                VALUE   (LST)  VALUE       VALUE  FROM      YEAR
                                                  NORMAL
..................................................................
TEMPERATURE (F)
 YESTERDAY
  MAXIMUM         29    122 PM  MM      MM  45    -16       29
  MINIMUM         11   1144 PM  MM      MM  27    -16       13
  AVERAGE         20                        36    -16       21

PRECIPITATION (IN)
  YESTERDAY        T            MM      MM   0.12  -0.12     0.00
  MONTH TO DATE    2.22                      3.15  -0.93     1.13
  SINCE SEP 1      8.82                      9.57  -0.75     5.68
  SINCE JAN 1     37.39                     36.85   0.54    29.89

DEGREE DAYS
 HEATING
  YESTERDAY       45                        29     16       44
  MONTH TO DATE  831                       613    218      702
  SINCE SEP 1   1264                      1065    199     1079
  SINCE JUL 1   1273                      1074    199     1094

 COOLING
  YESTERDAY        0                         0      0        0
  MONTH TO DATE    0                         0      0        0
  SINCE SEP 1     92                       117    -25      214
  SINCE JAN 1    948                       944      4     1067
..................................................................


WIND (MPH)
  HIGHEST WIND SPEED    21   HIGHEST WIND DIRECTION    NW (300)
  HIGHEST GUST SPEED    25   HIGHEST GUST DIRECTION    NW (300)
  AVERAGE WIND SPEED    12.3


SKY COVER
  POSSIBLE SUNSHINE  MM
  AVERAGE SKY COVER 0.7


WEATHER CONDITIONS
 THE FOLLOWING WEATHER WAS RECORDED YESTERDAY.
  LIGHT SNOW
  FOG
  HAZE


RELATIVE HUMIDITY (PERCENT)
 HIGHEST    92           300 AM
 LOWEST     75          1100 AM
 AVERAGE    84

..........................................................


THE CHAMPAIGN IL AIRPORT CLIMATE NORMALS FOR TODAY
                         NORMAL    RECORD    YEAR
 MAXIMUM TEMPERATURE (F)   44        MM        MM
 MINIMUM TEMPERATURE (F)   27        MM        MM


SUNRISE AND SUNSET
NOVEMBER 28 2014......SUNRISE   653 AM CST   SUNSET   429 PM CST
NOVEMBER 29 2014......SUNRISE   654 AM CST   SUNSET   429 PM CST


-  INDICATES NEGATIVE NUMBERS.
R  INDICATES RECORD WAS SET OR TIED.
MM INDICATES DATA IS MISSING.
T  INDICATES TRACE AMOUNT.




$$
