000
CDUS43 KILX 190629
CLICMI


CLIMATE REPORT
NATIONAL WEATHER SERVICE LINCOLN IL
129 AM CDT THU OCT 19 2017


...................................

...THE CHAMPAIGN IL AIRPORT CLIMATE SUMMARY FOR OCTOBER 18 2017...

CLIMATE NORMAL PERIOD 1981 TO 2010
CLIMATE RECORD PERIOD 9999 TO 9999


WEATHER ITEM   OBSERVED TIME   RECORD YEAR NORMAL DEPARTURE LAST
                VALUE   (LST)  VALUE       VALUE  FROM      YEAR
                                                  NORMAL
..................................................................
TEMPERATURE (F)
 YESTERDAY
  MAXIMUM         73    305 PM  MM      MM  65      8       81
  MINIMUM         42    428 AM  MM      MM  41      1       60
  AVERAGE         58                        53      5       71

PRECIPITATION (IN)
  YESTERDAY        0.00         MM      MM   0.11  -0.11     0.00
  MONTH TO DATE    4.66                      1.83   2.83     0.68
  SINCE SEP 1      5.36                      5.11   0.25     6.77
  SINCE JAN 1     27.46                     32.39  -4.93    31.27

DEGREE DAYS
 HEATING
  YESTERDAY        7                        12     -5        0
  MONTH TO DATE   54                       178   -124       47
  SINCE SEP 1     98                       261   -163       62
  SINCE JUL 1    102                       270   -168       70

 COOLING
  YESTERDAY        0                         0      0        6
  MONTH TO DATE   56                        14     42       47
  SINCE SEP 1    237                       112    125      245
  SINCE JAN 1   1125                       939    186     1266
..................................................................


WIND (MPH)
  HIGHEST WIND SPEED    22   HIGHEST WIND DIRECTION     S (190)
  HIGHEST GUST SPEED    28   HIGHEST GUST DIRECTION     S (200)
  AVERAGE WIND SPEED    12.2


SKY COVER
  POSSIBLE SUNSHINE  MM
  AVERAGE SKY COVER 0.0


WEATHER CONDITIONS
 THE FOLLOWING WEATHER WAS RECORDED YESTERDAY.
  HAZE


RELATIVE HUMIDITY (PERCENT)
 HIGHEST    83           400 AM
 LOWEST     29           100 PM
 AVERAGE    56

..........................................................


THE CHAMPAIGN IL AIRPORT CLIMATE NORMALS FOR TODAY
                         NORMAL    RECORD    YEAR
 MAXIMUM TEMPERATURE (F)   64        MM        MM
 MINIMUM TEMPERATURE (F)   41        MM        MM


SUNRISE AND SUNSET
OCTOBER 19 2017.......SUNRISE   708 AM CDT   SUNSET   607 PM CDT
OCTOBER 20 2017.......SUNRISE   709 AM CDT   SUNSET   606 PM CDT


-  INDICATES NEGATIVE NUMBERS.
R  INDICATES RECORD WAS SET OR TIED.
MM INDICATES DATA IS MISSING.
T  INDICATES TRACE AMOUNT.




$$
