000
CDUS43 KILX 270647
CLICMI


CLIMATE REPORT
NATIONAL WEATHER SERVICE LINCOLN IL
147 AM CDT THU APR 27 2017


...................................

...THE CHAMPAIGN IL AIRPORT CLIMATE SUMMARY FOR APRIL 26 2017...

CLIMATE NORMAL PERIOD 1981 TO 2010
CLIMATE RECORD PERIOD 9999 TO 9999


WEATHER ITEM   OBSERVED TIME   RECORD YEAR NORMAL DEPARTURE LAST
                VALUE   (LST)  VALUE       VALUE  FROM      YEAR
                                                  NORMAL
..................................................................
TEMPERATURE (F)
 YESTERDAY
  MAXIMUM         81    204 PM  MM      MM  68     13       79
  MINIMUM         60   1159 PM  MM      MM  44     16       51
  AVERAGE         71                        56     15       65

PRECIPITATION (IN)
  YESTERDAY        0.71         MM      MM   0.14   0.57     0.03
  MONTH TO DATE    2.89                      3.17  -0.28     1.74
  SINCE MAR 1      5.04                      5.92  -0.88     4.79
  SINCE JAN 1      7.78                      9.99  -2.21     6.45

DEGREE DAYS
 HEATING
  YESTERDAY        0                        10    -10        0
  MONTH TO DATE  198                       373   -175      347
  SINCE MAR 1    866                      1129   -263      882
  SINCE JUL 1   4385                      5631  -1246     4569

 COOLING
  YESTERDAY        6                         0      6        0
  MONTH TO DATE   24                         0     24       14
  SINCE MAR 1     24                         1     23       14
  SINCE JAN 1     24                         1     23       14
..................................................................


WIND (MPH)
  HIGHEST WIND SPEED    32   HIGHEST WIND DIRECTION    SW (240)
  HIGHEST GUST SPEED    39   HIGHEST GUST DIRECTION    SW (240)
  AVERAGE WIND SPEED    17.9


SKY COVER
  POSSIBLE SUNSHINE  MM
  AVERAGE SKY COVER 0.6


WEATHER CONDITIONS
 THE FOLLOWING WEATHER WAS RECORDED YESTERDAY.
  THUNDERSTORM
  HEAVY RAIN
  RAIN
  LIGHT RAIN
  FOG


RELATIVE HUMIDITY (PERCENT)
 HIGHEST    93           700 PM
 LOWEST     35           100 PM
 AVERAGE    64

..........................................................


THE CHAMPAIGN IL AIRPORT CLIMATE NORMALS FOR TODAY
                         NORMAL    RECORD    YEAR
 MAXIMUM TEMPERATURE (F)   68        MM        MM
 MINIMUM TEMPERATURE (F)   44        MM        MM


SUNRISE AND SUNSET
APRIL 27 2017.........SUNRISE   558 AM CDT   SUNSET   744 PM CDT
APRIL 28 2017.........SUNRISE   557 AM CDT   SUNSET   745 PM CDT


-  INDICATES NEGATIVE NUMBERS.
R  INDICATES RECORD WAS SET OR TIED.
MM INDICATES DATA IS MISSING.
T  INDICATES TRACE AMOUNT.




$$
