000
CDUS43 KTOP 272135
CLICNK


CLIMATE REPORT
NATIONAL WEATHER SERVICE TOPEKA KS
433 PM CDT WED JUL 27 2016


...................................

...THE CONCORDIA KS CLIMATE SUMMARY FOR JULY 27 2016...
VALID TODAY AS OF 430 PM LOCAL TIME.

CLIMATE NORMAL PERIOD 1981 TO 2010
CLIMATE RECORD PERIOD 1885 TO 2016


WEATHER ITEM   OBSERVED TIME   RECORD YEAR NORMAL DEPARTURE LAST
                VALUE   (LST)  VALUE       VALUE  FROM      YEAR
                                                  NORMAL
..................................................................
TEMPERATURE (F)
 TODAY
  MAXIMUM         89    259 PM 109    1931  91     -2       92
  MINIMUM         67   1240 AM  52    2005  68     -1       72
  AVERAGE         78                        79     -1       82

PRECIPITATION (IN)
  TODAY            0.00          2.50 1907   0.11  -0.11      T
  MONTH TO DATE    4.43                      3.48   0.95     3.57
  SINCE JUN 1      5.60                      7.53  -1.93     9.68
  SINCE JAN 1     17.77                     17.52   0.25    17.76

SNOWFALL (IN)
  TODAY            0.0           0.0    MM   0.0    0.0      0.0
  MONTH TO DATE    0.0                       0.0    0.0      0.0
  SINCE JAN 1     12.3                      13.7   -1.4      5.6
  SINCE JUL 1      0.0                       0.0    0.0      0.0
  SNOW DEPTH       0

DEGREE DAYS
 HEATING
  TODAY            0                         0      0        0
  MONTH TO DATE    1                         0      1        0
  SINCE JUN 1      1                        13    -12        2
  SINCE JUL 1      1                         0      1        0

 COOLING
  TODAY           13                        14     -1       17
  MONTH TO DATE  401                       374     27      346
  SINCE JUN 1    822                       639    183      655
  SINCE JAN 1    882                       728    154      710
..................................................................


WIND (MPH)
  HIGHEST WIND SPEED    18   HIGHEST WIND DIRECTION    SE (150)
  HIGHEST GUST SPEED    23   HIGHEST GUST DIRECTION    SE (150)
  AVERAGE WIND SPEED     4.6



WEATHER CONDITIONS
 THE FOLLOWING WEATHER WAS RECORDED TODAY.
  NO SIGNIFICANT WEATHER WAS OBSERVED.


RELATIVE HUMIDITY (PERCENT)
 HIGHEST    90           100 AM
 LOWEST     55           300 PM
 AVERAGE    73

..........................................................


THE CONCORDIA KS CLIMATE NORMALS FOR TOMORROW
                         NORMAL    RECORD    YEAR
 MAXIMUM TEMPERATURE (F)   91       105      1980
                                             1940
                                             1931
 MINIMUM TEMPERATURE (F)   68        54      1994
                                             1984


SUNRISE AND SUNSET
JULY 27 2016..........SUNRISE   626 AM CDT   SUNSET   848 PM CDT
JULY 28 2016..........SUNRISE   627 AM CDT   SUNSET   847 PM CDT


-  INDICATES NEGATIVE NUMBERS.
R  INDICATES RECORD WAS SET OR TIED.
MM INDICATES DATA IS MISSING.
T  INDICATES TRACE AMOUNT.




$$
