000
CDUS43 KTOP 300637
CLICNK


CLIMATE REPORT
NATIONAL WEATHER SERVICE TOPEKA KS
135 AM CDT SUN AUG 30 2015


...................................

...THE CONCORDIA KS CLIMATE SUMMARY FOR AUGUST 29 2015...

CLIMATE NORMAL PERIOD 1981 TO 2010
CLIMATE RECORD PERIOD 1885 TO 2015


WEATHER ITEM   OBSERVED TIME   RECORD YEAR NORMAL DEPARTURE LAST
                VALUE   (LST)  VALUE       VALUE  FROM      YEAR
                                                  NORMAL
..................................................................
TEMPERATURE (F)
 YESTERDAY
  MAXIMUM         76    435 PM 104    1947  87    -11       83
                                      1898
  MINIMUM         57   1150 PM  45    1893  63     -6       66
  AVERAGE         67                        75     -8       75

PRECIPITATION (IN)
  YESTERDAY        0.00          1.75 1944   0.09  -0.09     0.20
  MONTH TO DATE    4.20                      2.95   1.25     5.76
  SINCE JUN 1     13.88                     10.92   2.96    13.60
  SINCE JAN 1     21.96                     20.91   1.05    19.43

SNOWFALL (IN)
  YESTERDAY        0.0           0.0    MM   0.0    0.0      0.0
  MONTH TO DATE    0.0                       0.0    0.0      0.0
  SINCE JAN 1      5.6                      13.7   -8.1     16.9
  SINCE JUL 1      0.0                       0.0    0.0      0.0
  SNOW DEPTH       0

DEGREE DAYS
 HEATING
  YESTERDAY        0                         0      0        0
  MONTH TO DATE    2                         0      2        0
  SINCE JUN 1      4                        13     -9        3
  SINCE JUL 1      2                         0      2        2

 COOLING
  YESTERDAY        2                        10     -8       10
  MONTH TO DATE  266                       357    -91      360
  SINCE JUN 1    971                      1058    -87     1009
  SINCE JAN 1   1026                      1147   -121     1184
..................................................................


WIND (MPH)
  HIGHEST WIND SPEED    14   HIGHEST WIND DIRECTION     N (340)
  HIGHEST GUST SPEED    18   HIGHEST GUST DIRECTION     N (340)
  AVERAGE WIND SPEED     6.1


SKY COVER
  AVERAGE SKY COVER 0.4


WEATHER CONDITIONS
 THE FOLLOWING WEATHER WAS RECORDED YESTERDAY.
  FOG


RELATIVE HUMIDITY (PERCENT)
 HIGHEST   100           500 AM
 LOWEST     68           300 PM
 AVERAGE    84

..........................................................


THE CONCORDIA KS CLIMATE NORMALS FOR TODAY
                         NORMAL    RECORD    YEAR
 MAXIMUM TEMPERATURE (F)   86       104      1947
                                             1913
 MINIMUM TEMPERATURE (F)   63        43      1915


SUNRISE AND SUNSET
AUGUST 30 2015........SUNRISE   657 AM CDT   SUNSET   805 PM CDT
AUGUST 31 2015........SUNRISE   658 AM CDT   SUNSET   803 PM CDT


-  INDICATES NEGATIVE NUMBERS.
R  INDICATES RECORD WAS SET OR TIED.
MM INDICATES DATA IS MISSING.
T  INDICATES TRACE AMOUNT.




$$
