000
CDUS43 KTOP 290638
CLICNK


CLIMATE REPORT
NATIONAL WEATHER SERVICE TOPEKA KS
138 AM CDT SAT APR 29 2017


...................................

...THE CONCORDIA KS CLIMATE SUMMARY FOR APRIL 28 2017...

CLIMATE NORMAL PERIOD 1981 TO 2010
CLIMATE RECORD PERIOD 1885 TO 2017


WEATHER ITEM   OBSERVED TIME   RECORD YEAR NORMAL DEPARTURE LAST
                VALUE   (LST)  VALUE       VALUE  FROM      YEAR
                                                  NORMAL
..................................................................
TEMPERATURE (F)
 YESTERDAY
  MAXIMUM         51   1058 AM  94    1910  69    -18       58
  MINIMUM         41   1159 PM  29    1965  46     -5       37
  AVERAGE         46                        57    -11       48

PRECIPITATION (IN)
  YESTERDAY        0.60          0.85 1917   0.09   0.51     0.00
  MONTH TO DATE    3.84                      2.25   1.59     1.29
  SINCE MAR 1      7.03                      4.26   2.77     1.74
  SINCE JAN 1      8.88                      5.63   3.25     3.30

SNOWFALL (IN)
  YESTERDAY        0.0           T    1994   0.0    0.0      0.0
  MONTH TO DATE    0.0                       0.5   -0.5      0.0
  SINCE JAN 1      2.1                      13.7  -11.6     12.3
  SINCE JUL 1      4.3                      20.2  -15.9     13.6
  SNOW DEPTH       0

DEGREE DAYS
 HEATING
  YESTERDAY       19                         9     10       17
  MONTH TO DATE  299                       357    -58      234
  SINCE MAR 1    868                      1041   -173      722
  SINCE JUL 1   4369                      5248   -879     4193

 COOLING
  YESTERDAY        0                         1     -1        0
  MONTH TO DATE   15                        13      2        8
  SINCE MAR 1     19                        14      5       11
  SINCE JAN 1     19                        14      5       11
..................................................................


WIND (MPH)
  HIGHEST WIND SPEED    21   HIGHEST WIND DIRECTION    NE (30)
  HIGHEST GUST SPEED    26   HIGHEST GUST DIRECTION    NE (30)
  AVERAGE WIND SPEED    12.0


SKY COVER
  AVERAGE SKY COVER 1.0


WEATHER CONDITIONS
 THE FOLLOWING WEATHER WAS RECORDED YESTERDAY.
  HEAVY RAIN
  RAIN
  LIGHT RAIN
  FOG


RELATIVE HUMIDITY (PERCENT)
 HIGHEST   100          1200 AM
 LOWEST     89           600 PM
 AVERAGE    95

..........................................................


THE CONCORDIA KS CLIMATE NORMALS FOR TODAY
                         NORMAL    RECORD    YEAR
 MAXIMUM TEMPERATURE (F)   69        96      1891
 MINIMUM TEMPERATURE (F)   46        28      1903


SUNRISE AND SUNSET
APRIL 29 2017.........SUNRISE   634 AM CDT   SUNSET   823 PM CDT
APRIL 30 2017.........SUNRISE   632 AM CDT   SUNSET   824 PM CDT


-  INDICATES NEGATIVE NUMBERS.
R  INDICATES RECORD WAS SET OR TIED.
MM INDICATES DATA IS MISSING.
T  INDICATES TRACE AMOUNT.




$$
