000
CDUS43 KTOP 290633
CLICNK


CLIMATE REPORT
NATIONAL WEATHER SERVICE TOPEKA KS
132 AM CDT SUN MAY 29 2016


...................................

...THE CONCORDIA KS CLIMATE SUMMARY FOR MAY 28 2016...

CLIMATE NORMAL PERIOD 1981 TO 2010
CLIMATE RECORD PERIOD 1885 TO 2016


WEATHER ITEM   OBSERVED TIME   RECORD YEAR NORMAL DEPARTURE LAST
                VALUE   (LST)  VALUE       VALUE  FROM      YEAR
                                                  NORMAL
..................................................................
TEMPERATURE (F)
 YESTERDAY
  MAXIMUM         77    504 PM  96    1921  78     -1       78
  MINIMUM         57    602 AM  37    1992  56      1       61
                                      1947
  AVERAGE         67                        67      0       70

PRECIPITATION (IN)
  YESTERDAY        0.02          3.46 1962   0.14  -0.12     0.22
  MONTH TO DATE    8.02                      3.73   4.29     3.67
  SINCE MAR 1     10.37                      8.19   2.18     6.01
  SINCE JAN 1     11.93                      9.56   2.37     7.53

SNOWFALL (IN)
  YESTERDAY        0.0           T    1927   0.0    0.0      0.0
  MONTH TO DATE    0.0                       0.0    0.0      0.0
  SINCE JAN 1     12.3                      13.7   -1.4      5.6
  SINCE JUL 1     13.6                      20.2   -6.6     11.7
  SNOW DEPTH       0

DEGREE DAYS
 HEATING
  YESTERDAY        0                         2     -2        0
  MONTH TO DATE  139                       125     14      127
  SINCE MAR 1    893                      1182   -289      963
  SINCE JUL 1   4364                      5389  -1025     5170

 COOLING
  YESTERDAY        2                         4     -2        5
  MONTH TO DATE   33                        58    -25       45
  SINCE MAR 1     44                        75    -31       53
  SINCE JAN 1     44                        75    -31       53
..................................................................


WIND (MPH)
  HIGHEST WIND SPEED    17   HIGHEST WIND DIRECTION     W (270)
  HIGHEST GUST SPEED    23   HIGHEST GUST DIRECTION     W (260)
  AVERAGE WIND SPEED     8.8


SKY COVER
  AVERAGE SKY COVER 0.5


WEATHER CONDITIONS
 THE FOLLOWING WEATHER WAS RECORDED YESTERDAY.
  LIGHT RAIN


RELATIVE HUMIDITY (PERCENT)
 HIGHEST    93          1200 AM
 LOWEST     46           400 PM
 AVERAGE    70

..........................................................


THE CONCORDIA KS CLIMATE NORMALS FOR TODAY
                         NORMAL    RECORD    YEAR
 MAXIMUM TEMPERATURE (F)   78       102      1913
 MINIMUM TEMPERATURE (F)   56        32      1947


SUNRISE AND SUNSET
MAY 29 2016...........SUNRISE   606 AM CDT   SUNSET   850 PM CDT
MAY 30 2016...........SUNRISE   606 AM CDT   SUNSET   851 PM CDT


-  INDICATES NEGATIVE NUMBERS.
R  INDICATES RECORD WAS SET OR TIED.
MM INDICATES DATA IS MISSING.
T  INDICATES TRACE AMOUNT.




$$
