000
CDUS41 KGYX 302041
CLICON


CLIMATE REPORT
NATIONAL WEATHER SERVICE GRAY ME
441 PM EDT THU OCT 30 2014


...................................

...THE CONCORD NH CLIMATE SUMMARY FOR OCTOBER 30 2014...
VALID TODAY AS OF 0400 PM LOCAL TIME.

CLIMATE NORMAL PERIOD 1981 TO 2010
CLIMATE RECORD PERIOD 1868 TO 2014


WEATHER ITEM   OBSERVED TIME   RECORD YEAR NORMAL DEPARTURE LAST
                VALUE   (LST)  VALUE       VALUE  FROM      YEAR
                                                  NORMAL
..................................................................
TEMPERATURE (F)
 TODAY
  MAXIMUM         56    254 PM  75    1989  55      1       49
  MINIMUM         30    614 AM  14    1978  32     -2       24
  AVERAGE         43                        44     -1       37

PRECIPITATION (IN)
  TODAY            T             1.51 1973   0.12  -0.12      T
  MONTH TO DATE    4.46                      3.91   0.55     1.16
  SINCE SEP 1      4.88                      7.29  -2.41     5.97
  SINCE JAN 1     37.76                     33.56   4.20    34.26

SNOWFALL (IN)
  TODAY            0.0           8.6  2011   0.0    0.0       T
                                      1963
                                      1992
  MONTH TO DATE    0.0                       0.0    0.0       T
  SINCE SEP 1      0.0                       0.0    0.0       T
  SINCE JUL 1      0.0                       0.0    0.0       T
  SNOW DEPTH       0

DEGREE DAYS
 HEATING
  TODAY           22                        21      1       28
  MONTH TO DATE  385                       502   -117      463
  SINCE SEP 1    574                       689   -115      662
  SINCE JUL 1    606                       737   -131      692

 COOLING
  TODAY            0                         0      0        0
  MONTH TO DATE    6                         0      6        0
  SINCE SEP 1     56                        37     19       46
  SINCE JAN 1    387                       450    -63      537
..................................................................


WIND (MPH)
  HIGHEST WIND SPEED    13   HIGHEST WIND DIRECTION     W (290)
  HIGHEST GUST SPEED    15   HIGHEST GUST DIRECTION    NW (310)
  AVERAGE WIND SPEED     2.5


SKY COVER
  POSSIBLE SUNSHINE  MM
  AVERAGE SKY COVER 0.6


WEATHER CONDITIONS
 THE FOLLOWING WEATHER WAS RECORDED TODAY.
  FOG


RELATIVE HUMIDITY (PERCENT)
 HIGHEST   100           100 AM
 LOWEST     51           300 PM
 AVERAGE    76

..........................................................


THE CONCORD NH CLIMATE NORMALS FOR TOMORROW
                         NORMAL    RECORD    YEAR
 MAXIMUM TEMPERATURE (F)   55        78      1946
 MINIMUM TEMPERATURE (F)   32        14      1966


SUNRISE AND SUNSET
OCTOBER 30 2014.......SUNRISE   718 AM EDT   SUNSET   540 PM EDT
OCTOBER 31 2014.......SUNRISE   720 AM EDT   SUNSET   539 PM EDT


-  INDICATES NEGATIVE NUMBERS.
R  INDICATES RECORD WAS SET OR TIED.
MM INDICATES DATA IS MISSING.
T  INDICATES TRACE AMOUNT.




$$
