000
CDUS41 KGYX 252049
CLICON


CLIMATE REPORT
NATIONAL WEATHER SERVICE GRAY ME
449 PM EDT TUE APR 25 2017


...................................

...THE CONCORD NH CLIMATE SUMMARY FOR APRIL 25 2017...
VALID TODAY AS OF 0400 PM LOCAL TIME.

CLIMATE NORMAL PERIOD 1981 TO 2010
CLIMATE RECORD PERIOD 1868 TO 2017


WEATHER ITEM   OBSERVED TIME   RECORD YEAR NORMAL DEPARTURE LAST
                VALUE   (LST)  VALUE       VALUE  FROM      YEAR
                                                  NORMAL
..................................................................
TEMPERATURE (F)
 TODAY
  MAXIMUM         50        MM  90    2009  62    -12       63
  MINIMUM         43        MM  18    1965  36      7       26
  AVERAGE         47                        49     -2       45

PRECIPITATION (IN)
  TODAY            0.07          1.58 1945   0.11  -0.04     0.00
  MONTH TO DATE    3.37                      2.83   0.54     1.30
  SINCE MAR 1      7.35                      6.10   1.25     3.97
  SINCE JAN 1     12.30                     11.42   0.88     9.72

SNOWFALL (IN)
  TODAY            0.0           6.0  1874   0.0    0.0      0.0
  MONTH TO DATE    6.9                       2.7    4.2      2.7
  SINCE MAR 1     29.3                      13.8   15.5      5.0
  SINCE JUL 1     86.3                      61.3   25.0     29.7
  SNOW DEPTH       0

DEGREE DAYS
 HEATING
  TODAY           18                        16      2       20
  MONTH TO DATE  438                       524    -86      529
  SINCE MAR 1   1542                      1511     31     1311
  SINCE JUL 1   6040                      6771   -731     5660

 COOLING
  TODAY            0                         0      0        0
  MONTH TO DATE    2                         0      2        0
  SINCE MAR 1      2                         0      2        0
  SINCE JAN 1      2                         0      2        0
..................................................................


WIND (MPH)
  HIGHEST WIND SPEED    12   HIGHEST WIND DIRECTION     E (80)
  HIGHEST GUST SPEED    MM   HIGHEST GUST DIRECTION    MM
  AVERAGE WIND SPEED     4.8


SKY COVER
  POSSIBLE SUNSHINE  MM
  AVERAGE SKY COVER 0.6


WEATHER CONDITIONS
 THE FOLLOWING WEATHER WAS RECORDED TODAY.
  LIGHT RAIN


RELATIVE HUMIDITY (PERCENT)
 HIGHEST    93           900 AM
 LOWEST     71          1200 AM
 AVERAGE    82

..........................................................


THE CONCORD NH CLIMATE NORMALS FOR TOMORROW
                         NORMAL    RECORD    YEAR
 MAXIMUM TEMPERATURE (F)   62        85      1915
 MINIMUM TEMPERATURE (F)   36        19      1893


SUNRISE AND SUNSET
APRIL 25 2017.........SUNRISE   548 AM EDT   SUNSET   741 PM EDT
APRIL 26 2017.........SUNRISE   546 AM EDT   SUNSET   742 PM EDT


-  INDICATES NEGATIVE NUMBERS.
R  INDICATES RECORD WAS SET OR TIED.
MM INDICATES DATA IS MISSING.
T  INDICATES TRACE AMOUNT.




$$
