000
CDUS41 KGYX 300821
CLICON


CLIMATE REPORT
NATIONAL WEATHER SERVICE GRAY ME
421 AM EDT MON MAR 30 2015


...................................

...THE CONCORD NH CLIMATE SUMMARY FOR MARCH 29 2015...

CLIMATE NORMAL PERIOD 1981 TO 2010
CLIMATE RECORD PERIOD 1868 TO 2015


WEATHER ITEM   OBSERVED TIME   RECORD YEAR NORMAL DEPARTURE LAST
                VALUE   (LST)  VALUE       VALUE  FROM      YEAR
                                                  NORMAL
..................................................................
TEMPERATURE (F)
 YESTERDAY
  MAXIMUM         42    524 PM  85    1946  49     -7       48
  MINIMUM         17    611 AM  -4    1923  27    -10       32
  AVERAGE         30                        38     -8       40

PRECIPITATION (IN)
  YESTERDAY        0.00          1.43 1925   0.11  -0.11     0.39
  MONTH TO DATE    1.48                      3.05  -1.57     2.31
  SINCE MAR 1      1.48                      3.05  -1.57     2.31
  SINCE JAN 1      7.54                      8.37  -0.83     9.63

SNOWFALL (IN)
  YESTERDAY        0.0           5.5  1984   0.3   -0.3      0.0
  MONTH TO DATE    5.8                      10.7   -4.9     10.4
  SINCE MAR 1      5.8                      10.7   -4.9     10.4
  SINCE JUL 1     90.0                      58.2   31.8     80.2
  SNOW DEPTH       9

DEGREE DAYS
 HEATING
  YESTERDAY       35                        27      8       25
  MONTH TO DATE 1087                       934    153     1158
  SINCE MAR 1   1087                       934    153     1158
  SINCE JUL 1   6541                      6194    347     6627

 COOLING
  YESTERDAY        0                         0      0        0
  MONTH TO DATE    0                         0      0        0
  SINCE MAR 1      0                         0      0        0
  SINCE JAN 1      0                         0      0        0
..................................................................


WIND (MPH)
  RESULTANT WIND SPEED   6   RESULTANT WIND DIRECTION  NW (310)
  HIGHEST WIND SPEED    16   HIGHEST WIND DIRECTION    NW (310)
  HIGHEST GUST SPEED    21   HIGHEST GUST DIRECTION    NW (310)
  AVERAGE WIND SPEED     6.2


SKY COVER
  AVERAGE SKY COVER 0.0


WEATHER CONDITIONS
 THE FOLLOWING WEATHER WAS RECORDED YESTERDAY.
  NO SIGNIFICANT WEATHER WAS OBSERVED.


RELATIVE HUMIDITY (PERCENT)
 HIGHEST    74          1100 PM
 LOWEST     19           300 PM
 AVERAGE    47

..........................................................


THE CONCORD NH CLIMATE NORMALS FOR TODAY
                         NORMAL    RECORD    YEAR
 MAXIMUM TEMPERATURE (F)   49        85      1977
 MINIMUM TEMPERATURE (F)   27         5      1970


SUNRISE AND SUNSET
MARCH 30 2015.........SUNRISE   632 AM EDT   SUNSET   710 PM EDT
MARCH 31 2015.........SUNRISE   630 AM EDT   SUNSET   711 PM EDT


-  INDICATES NEGATIVE NUMBERS.
R  INDICATES RECORD WAS SET OR TIED.
MM INDICATES DATA IS MISSING.
T  INDICATES TRACE AMOUNT.




$$
