000
CDUS41 KGYX 180829
CLICON


CLIMATE REPORT
NATIONAL WEATHER SERVICE GRAY ME
428 AM EDT WED OCT 18 2017


...................................

...THE CONCORD NH CLIMATE SUMMARY FOR OCTOBER 17 2017...

CLIMATE NORMAL PERIOD 1981 TO 2010
CLIMATE RECORD PERIOD 1868 TO 2017


WEATHER ITEM   OBSERVED TIME   RECORD YEAR NORMAL DEPARTURE LAST
                VALUE   (LST)  VALUE       VALUE  FROM      YEAR
                                                  NORMAL
..................................................................
TEMPERATURE (F)
 YESTERDAY
  MAXIMUM         59    316 PM  89    1947  60     -1       79
  MINIMUM         27    606 AM  14    1978  35     -8       47
  AVERAGE         43                        48     -5       63

PRECIPITATION (IN)
  YESTERDAY        0.00          2.42 1890   0.13  -0.13      T
  MONTH TO DATE    0.88                      2.23  -1.35     1.01
  SINCE SEP 1      3.94                      5.61  -1.67     3.95
  SINCE JAN 1     32.46                     31.88   0.58    22.13

SNOWFALL (IN)
  YESTERDAY        0.0           3.0  1868   0.0    0.0      0.0
  MONTH TO DATE    0.0                       0.0    0.0      0.0
  SINCE SEP 1      0.0                       0.0    0.0      0.0
  SINCE JUL 1      0.0                       0.0    0.0      0.0
  SNOW DEPTH       0

DEGREE DAYS
 HEATING
  YESTERDAY       22                        17      5        2
  MONTH TO DATE  128                       248   -120      191
  SINCE SEP 1    216                       435   -219      293
  SINCE JUL 1    269                       483   -214      305

 COOLING
  YESTERDAY        0                         0      0        0
  MONTH TO DATE   11                         0     11        0
  SINCE SEP 1    116                        37     79       91
  SINCE JAN 1    561                       450    111      715
..................................................................


WIND (MPH)
  RESULTANT WIND SPEED   1   RESULTANT WIND DIRECTION   S (200)
  HIGHEST WIND SPEED    12   HIGHEST WIND DIRECTION    NW (320)
  HIGHEST GUST SPEED    17   HIGHEST GUST DIRECTION     N (360)
  AVERAGE WIND SPEED     3.5


SKY COVER
  AVERAGE SKY COVER 0.0


WEATHER CONDITIONS
 THE FOLLOWING WEATHER WAS RECORDED YESTERDAY.
  HAZE


RELATIVE HUMIDITY (PERCENT)
 HIGHEST    92           700 AM
 LOWEST     33           300 PM
 AVERAGE    63

..........................................................


THE CONCORD NH CLIMATE NORMALS FOR TODAY
                         NORMAL    RECORD    YEAR
 MAXIMUM TEMPERATURE (F)   60        85      1947
                                             1908
 MINIMUM TEMPERATURE (F)   35        13      1978


SUNRISE AND SUNSET
OCTOBER 18 2017.......SUNRISE   704 AM EDT   SUNSET   558 PM EDT
OCTOBER 19 2017.......SUNRISE   705 AM EDT   SUNSET   556 PM EDT


-  INDICATES NEGATIVE NUMBERS.
R  INDICATES RECORD WAS SET OR TIED.
MM INDICATES DATA IS MISSING.
T  INDICATES TRACE AMOUNT.




$$
