083
CDUS41 KGYX 230910
CLICON


CLIMATE REPORT
NATIONAL WEATHER SERVICE GRAY ME
410 AM EST THU FEB 23 2017


...................................

...THE CONCORD NH CLIMATE SUMMARY FOR FEBRUARY 22 2017...

CLIMATE NORMAL PERIOD 1981 TO 2010
CLIMATE RECORD PERIOD 1868 TO 2017


WEATHER ITEM   OBSERVED TIME   RECORD YEAR NORMAL DEPARTURE LAST
                VALUE   (LST)  VALUE       VALUE  FROM      YEAR
                                                  NORMAL
..................................................................
TEMPERATURE (F)
 YESTERDAY
  MAXIMUM         57        MM  67    1997  37     20       39
  MINIMUM         31        MM -12    1968  16     15       19
                                      1918
  AVERAGE         44                        26     18       29

PRECIPITATION (IN)
  YESTERDAY        T             2.06 1937   0.09  -0.09     0.00
  MONTH TO DATE    2.42                      2.02   0.40     2.70
  SINCE DEC 1      7.98                      7.92   0.06     8.84
  SINCE JAN 1      4.66                      4.72  -0.06     4.06

SNOWFALL (IN)
  YESTERDAY        0.0           6.0  1893   0.4   -0.4      0.0
  MONTH TO DATE   24.2                       9.8   14.4     11.8
  SINCE DEC 1     56.3                      42.4   13.9     23.8
  SINCE JUL 1     57.0                      45.0   12.0     23.8
  SNOW DEPTH      17

DEGREE DAYS
 HEATING
  YESTERDAY       21                        39    -18       36
  MONTH TO DATE  846                       910    -64      856
  SINCE DEC 1   3121                      3472   -351     2864
  SINCE JUL 1   4373                      5032   -659     4144

 COOLING
  YESTERDAY        0                         0      0        0
  MONTH TO DATE    0                         0      0        0
  SINCE DEC 1      0                         0      0        0
  SINCE JAN 1      0                         0      0        0
..................................................................


WIND (MPH)
  RESULTANT WIND SPEED   1   RESULTANT WIND DIRECTION  SE (140)
  HIGHEST WIND SPEED     6   HIGHEST WIND DIRECTION     S (170)
  HIGHEST GUST SPEED    MM   HIGHEST GUST DIRECTION    MM
  AVERAGE WIND SPEED     2.0


SKY COVER
  AVERAGE SKY COVER 0.4


WEATHER CONDITIONS
 THE FOLLOWING WEATHER WAS RECORDED YESTERDAY.
  LIGHT RAIN


RELATIVE HUMIDITY (PERCENT)
 HIGHEST    92           700 AM
 LOWEST     43           400 PM
 AVERAGE    68

..........................................................


THE CONCORD NH CLIMATE NORMALS FOR TODAY
                         NORMAL    RECORD    YEAR
 MAXIMUM TEMPERATURE (F)   37        63      1875
 MINIMUM TEMPERATURE (F)   16       -12      1963


SUNRISE AND SUNSET
FEBRUARY 23 2017......SUNRISE   631 AM EST   SUNSET   528 PM EST
FEBRUARY 24 2017......SUNRISE   630 AM EST   SUNSET   529 PM EST


-  INDICATES NEGATIVE NUMBERS.
R  INDICATES RECORD WAS SET OR TIED.
MM INDICATES DATA IS MISSING.
T  INDICATES TRACE AMOUNT.




$$
