000
CDUS41 KGYX 240817
CLICON


CLIMATE REPORT
NATIONAL WEATHER SERVICE GRAY ME
416 AM EDT SAT JUN 24 2017


...................................

...THE CONCORD NH CLIMATE SUMMARY FOR JUNE 23 2017...

CLIMATE NORMAL PERIOD 1981 TO 2010
CLIMATE RECORD PERIOD 1868 TO 2017


WEATHER ITEM   OBSERVED TIME   RECORD YEAR NORMAL DEPARTURE LAST
                VALUE   (LST)  VALUE       VALUE  FROM      YEAR
                                                  NORMAL
..................................................................
TEMPERATURE (F)
 YESTERDAY
  MAXIMUM         86    511 PM  94    1975  79      7       80
                                      1888
  MINIMUM         63    351 AM  39    1940  55      8       48
                                      1919
  AVERAGE         75                        67      8       64

PRECIPITATION (IN)
  YESTERDAY        0.00          1.26 1951   0.11  -0.11     0.00
  MONTH TO DATE    3.58                      2.91   0.67     1.11
  SINCE JUN 1      3.58                      2.91   0.67     1.11
  SINCE JAN 1     22.65                     18.57   4.08    13.81

SNOWFALL (IN)
  YESTERDAY        0.0           0.0  2002   0.0    0.0      0.0
                                      2001
                                      2000
  MONTH TO DATE    0.0                       0.0    0.0      0.0
  SINCE JUN 1      0.0                       0.0    0.0      0.0
  SINCE JUL 1     86.3                      61.4   24.9     29.7
  SNOW DEPTH       0

DEGREE DAYS
 HEATING
  YESTERDAY        0                         2     -2        1
  MONTH TO DATE   67                        77    -10       42
  SINCE JUN 1     67                        77    -10       42
  SINCE JUL 1   6464                      7227   -763     6061

 COOLING
  YESTERDAY       10                         4      6        0
  MONTH TO DATE   92                        54     38       39
  SINCE JUN 1     92                        54     38       39
  SINCE JAN 1    124                        72     52       79
..................................................................


WIND (MPH)
  RESULTANT WIND SPEED   4   RESULTANT WIND DIRECTION   S (160)
  HIGHEST WIND SPEED    16   HIGHEST WIND DIRECTION    SW (220)
  HIGHEST GUST SPEED    23   HIGHEST GUST DIRECTION     S (200)
  AVERAGE WIND SPEED     4.5


SKY COVER
  AVERAGE SKY COVER 0.8


WEATHER CONDITIONS
 THE FOLLOWING WEATHER WAS RECORDED YESTERDAY.
  NO SIGNIFICANT WEATHER WAS OBSERVED.


RELATIVE HUMIDITY (PERCENT)
 HIGHEST    93           400 AM
 LOWEST     55           700 PM
 AVERAGE    74

..........................................................


THE CONCORD NH CLIMATE NORMALS FOR TODAY
                         NORMAL    RECORD    YEAR
 MAXIMUM TEMPERATURE (F)   80        96      1870
 MINIMUM TEMPERATURE (F)   55        40      1902
                                             1896


SUNRISE AND SUNSET
JUNE 24 2017..........SUNRISE   507 AM EDT   SUNSET   830 PM EDT
JUNE 25 2017..........SUNRISE   507 AM EDT   SUNSET   830 PM EDT


-  INDICATES NEGATIVE NUMBERS.
R  INDICATES RECORD WAS SET OR TIED.
MM INDICATES DATA IS MISSING.
T  INDICATES TRACE AMOUNT.




$$
