000
CDUS41 KGYX 240803
CLICON


CLIMATE REPORT
NATIONAL WEATHER SERVICE GRAY ME
403 AM EDT WED MAY 24 2017


...................................

...THE CONCORD NH CLIMATE SUMMARY FOR MAY 23 2017...

CLIMATE NORMAL PERIOD 1981 TO 2010
CLIMATE RECORD PERIOD 1868 TO 2017


WEATHER ITEM   OBSERVED TIME   RECORD YEAR NORMAL DEPARTURE LAST
                VALUE   (LST)  VALUE       VALUE  FROM      YEAR
                                                  NORMAL
..................................................................
TEMPERATURE (F)
 YESTERDAY
  MAXIMUM         71    434 PM  95    1975  71      0       84
  MINIMUM         49    536 AM  31    2002  45      4       44
                                      1907
  AVERAGE         60                        58      2       64

PRECIPITATION (IN)
  YESTERDAY        0.00          0.96 2014   0.12  -0.12     0.00
  MONTH TO DATE    4.36                      2.64   1.72     1.78
  SINCE MAR 1     12.57                      9.32   3.25     6.10
  SINCE JAN 1     17.52                     14.64   2.88    11.85

SNOWFALL (IN)
  YESTERDAY        0.0           0.0  2002   0.0    0.0      0.0
                                      2001
                                      2000
  MONTH TO DATE    0.0                       0.2   -0.2      0.0
  SINCE MAR 1     29.3                      14.1   15.2      5.0
  SINCE JUL 1     86.3                      61.6   24.7     29.7
  SNOW DEPTH       0

DEGREE DAYS
 HEATING
  YESTERDAY        5                         8     -3        1
  MONTH TO DATE  269                       250     19      255
  SINCE MAR 1   1843                      1837      6     1663
  SINCE JUL 1   6341                      7097   -756     6012

 COOLING
  YESTERDAY        0                         1     -1        0
  MONTH TO DATE   24                         6     18        0
  SINCE MAR 1     32                         8     24        0
  SINCE JAN 1     32                         8     24        0
..................................................................


WIND (MPH)
  RESULTANT WIND SPEED   3   RESULTANT WIND DIRECTION  NW (320)
  HIGHEST WIND SPEED    15   HIGHEST WIND DIRECTION    NW (310)
  HIGHEST GUST SPEED    21   HIGHEST GUST DIRECTION     N (360)
  AVERAGE WIND SPEED     4.4


SKY COVER
  AVERAGE SKY COVER 0.3


WEATHER CONDITIONS
 THE FOLLOWING WEATHER WAS RECORDED YESTERDAY.
  NO SIGNIFICANT WEATHER WAS OBSERVED.


RELATIVE HUMIDITY (PERCENT)
 HIGHEST    93          1200 AM
 LOWEST     40           600 PM
 AVERAGE    67

..........................................................


THE CONCORD NH CLIMATE NORMALS FOR TODAY
                         NORMAL    RECORD    YEAR
 MAXIMUM TEMPERATURE (F)   71        91      2007
                                             1991
                                             1977
 MINIMUM TEMPERATURE (F)   45        29      1971
                                             1965


SUNRISE AND SUNSET
MAY 24 2017...........SUNRISE   514 AM EDT   SUNSET   812 PM EDT
MAY 25 2017...........SUNRISE   513 AM EDT   SUNSET   813 PM EDT


-  INDICATES NEGATIVE NUMBERS.
R  INDICATES RECORD WAS SET OR TIED.
MM INDICATES DATA IS MISSING.
T  INDICATES TRACE AMOUNT.




$$
