000
CDUS41 KGYX 242040
CLICON


CLIMATE REPORT
NATIONAL WEATHER SERVICE GRAY ME
440 PM EDT SAT SEP 24 2016


...................................

...THE CONCORD NH CLIMATE SUMMARY FOR SEPTEMBER 24 2016...
VALID TODAY AS OF 0400 PM LOCAL TIME.

CLIMATE NORMAL PERIOD 1981 TO 2010
CLIMATE RECORD PERIOD 1868 TO 2016


WEATHER ITEM   OBSERVED TIME   RECORD YEAR NORMAL DEPARTURE LAST
                VALUE   (LST)  VALUE       VALUE  FROM      YEAR
                                                  NORMAL
..................................................................
TEMPERATURE (F)
 TODAY
  MAXIMUM         68   1242 PM  90    2010  69     -1       79
  MINIMUM         48    557 AM  24    1963  44      4       44
  AVERAGE         58                        57      1       62

PRECIPITATION (IN)
  TODAY            0.00          0.94 1955   0.13  -0.13     0.00
  MONTH TO DATE    2.68                      2.63   0.05     1.54
  SINCE SEP 1      2.68                      2.63   0.05     1.54
  SINCE JAN 1     20.86                     28.90  -8.04    24.88

SNOWFALL (IN)
  TODAY            0.0           0.0  2002   0.0    0.0      0.0
                                      2001
                                      2000
  MONTH TO DATE    0.0                       0.0    0.0      0.0
  SINCE SEP 1      0.0                       0.0    0.0      0.0
  SINCE JUL 1      0.0                       0.0    0.0      0.0
  SNOW DEPTH       0

DEGREE DAYS
 HEATING
  TODAY            7                         9     -2        3
  MONTH TO DATE   27                       125    -98       36
  SINCE SEP 1     27                       125    -98       36
  SINCE JUL 1     39                       173   -134       44

 COOLING
  TODAY            0                         1     -1        0
  MONTH TO DATE   91                        37     54       89
  SINCE SEP 1     91                        37     54       89
  SINCE JAN 1    715                       450    265      589
..................................................................


WIND (MPH)
  HIGHEST WIND SPEED    18   HIGHEST WIND DIRECTION    NW (330)
  HIGHEST GUST SPEED    25   HIGHEST GUST DIRECTION    NW (310)
  AVERAGE WIND SPEED     7.6


SKY COVER
  POSSIBLE SUNSHINE  MM
  AVERAGE SKY COVER 0.6


WEATHER CONDITIONS
 THE FOLLOWING WEATHER WAS RECORDED TODAY.
  NO SIGNIFICANT WEATHER WAS OBSERVED.


RELATIVE HUMIDITY (PERCENT)
 HIGHEST    86           600 AM
 LOWEST     32           200 PM
 AVERAGE    59

..........................................................


THE CONCORD NH CLIMATE NORMALS FOR TOMORROW
                         NORMAL    RECORD    YEAR
 MAXIMUM TEMPERATURE (F)   69        89      1970
 MINIMUM TEMPERATURE (F)   43        26      1963


SUNRISE AND SUNSET
SEPTEMBER 24 2016.....SUNRISE   636 AM EDT   SUNSET   639 PM EDT
SEPTEMBER 25 2016.....SUNRISE   637 AM EDT   SUNSET   637 PM EDT


-  INDICATES NEGATIVE NUMBERS.
R  INDICATES RECORD WAS SET OR TIED.
MM INDICATES DATA IS MISSING.
T  INDICATES TRACE AMOUNT.




$$
