000
CDUS45 KPUB 281044
CLICOS


CLIMATE REPORT
NATIONAL WEATHER SERVICE PUEBLO
443 AM MDT WED JUN 28 2017


...................................

...THE COLORADO SPRINGS CO CLIMATE SUMMARY FOR JUNE 27 2017...

CLIMATE NORMAL PERIOD 1981 TO 2010
CLIMATE RECORD PERIOD 1872 TO 2017


WEATHER ITEM   OBSERVED TIME   RECORD YEAR NORMAL DEPARTURE LAST
                VALUE   (LST)  VALUE       VALUE  FROM      YEAR
                                                  NORMAL
..................................................................
TEMPERATURE (F)
 YESTERDAY
  MAXIMUM         94    215 PM  98    2013  83     11       90
  MINIMUM         52    452 AM  38    1985  54     -2       59
  AVERAGE         73                        69      4       75

PRECIPITATION (IN)
  YESTERDAY        0.01          2.49 2004   0.08  -0.07      T
  MONTH TO DATE    0.44                      2.28  -1.84     0.66
  SINCE JUN 1      0.44                      2.28  -1.84     0.66
  SINCE JAN 1      6.56                      7.39  -0.83     7.59

SNOWFALL (IN)
  YESTERDAY        0.0           0.0  2007   0.0    0.0      0.0
                                      2004
  MONTH TO DATE    0.0                       0.0    0.0       T
  SINCE JUN 1      0.0                       0.0    0.0       T
  SINCE JUL 1     25.2                      37.7  -12.5     50.7
  SNOW DEPTH       0

DEGREE DAYS
 HEATING
  YESTERDAY        0                         1     -1        0
  MONTH TO DATE   19                        75    -56        8
  SINCE JUN 1     19                        75    -56        8
  SINCE JUL 1   5097                      6288  -1191     5484

 COOLING
  YESTERDAY        8                         5      3       10
  MONTH TO DATE  142                        67     75      163
  SINCE JUN 1    142                        67     75      163
  SINCE JAN 1    144                        77     67      165
..................................................................


WIND (MPH)
  HIGHEST WIND SPEED    33   HIGHEST WIND DIRECTION    SW (230)
  HIGHEST GUST SPEED    47   HIGHEST GUST DIRECTION     W (280)
  AVERAGE WIND SPEED    10.0


SKY COVER
  POSSIBLE SUNSHINE  MM
  AVERAGE SKY COVER 0.4


WEATHER CONDITIONS
 THE FOLLOWING WEATHER WAS RECORDED YESTERDAY.
  THUNDERSTORM
  LIGHT RAIN


RELATIVE HUMIDITY (PERCENT)
 HIGHEST    66           300 AM
 LOWEST      8           700 PM
 AVERAGE    37

..........................................................


THE COLORADO SPRINGS CO CLIMATE NORMALS FOR TODAY
                         NORMAL    RECORD    YEAR
 MAXIMUM TEMPERATURE (F)   83        98      1990
                                             1963
 MINIMUM TEMPERATURE (F)   55        42      1985


SUNRISE AND SUNSET
JUNE 28 2017..........SUNRISE   536 AM MDT   SUNSET   828 PM MDT
JUNE 29 2017..........SUNRISE   537 AM MDT   SUNSET   828 PM MDT


-  INDICATES NEGATIVE NUMBERS.
R  INDICATES RECORD WAS SET OR TIED.
MM INDICATES DATA IS MISSING.
T  INDICATES TRACE AMOUNT.




$$
