000
CDUS45 KPUB 031047
CLICOS


CLIMATE REPORT
NATIONAL WEATHER SERVICE PUEBLO
447 AM MDT MON AUG 3 2015


...................................

...THE COLORADO SPRINGS CO CLIMATE SUMMARY FOR AUGUST 2 2015...

CLIMATE NORMAL PERIOD 1981 TO 2010
CLIMATE RECORD PERIOD 1872 TO 2015


WEATHER ITEM   OBSERVED TIME   RECORD YEAR NORMAL DEPARTURE LAST
                VALUE   (LST)  VALUE       VALUE  FROM      YEAR
                                                  NORMAL
..................................................................
TEMPERATURE (F)
 YESTERDAY
  MAXIMUM         87    145 PM  98    2008  83      4       77
                                      1902
  MINIMUM         61    522 AM  46    1903  57      4       51
  AVERAGE         74                        70      4       64

PRECIPITATION (IN)
  YESTERDAY        T             1.75 1976   0.12  -0.12     0.00
  MONTH TO DATE    T                         0.24  -0.24     0.00
  SINCE JUN 1      8.86                      5.58   3.28     5.92
  SINCE JAN 1     21.09                     10.69  10.40    10.71

SNOWFALL (IN)
  YESTERDAY        0.0           0.0  2002   0.0    0.0      0.0
  MONTH TO DATE    0.0                       0.0    0.0      0.0
  SINCE JUN 1      T                         0.0    0.0       T
  SINCE JUL 1      T                         0.0    0.0       T
  SNOW DEPTH       0

DEGREE DAYS
 HEATING
  YESTERDAY        0                         0      0        1
  MONTH TO DATE    0                         0      0        4
  SINCE JUN 1     20                        89    -69       66
  SINCE JUL 1     10                        10      0       27

 COOLING
  YESTERDAY        9                         6      3        0
  MONTH TO DATE   16                        12      4        0
  SINCE JUN 1    320                       286     34      298
  SINCE JAN 1    320                       296     24      311
..................................................................


WIND (MPH)
  HIGHEST WIND SPEED    23   HIGHEST WIND DIRECTION     N (350)
  HIGHEST GUST SPEED    27   HIGHEST GUST DIRECTION     N (360)
  AVERAGE WIND SPEED     8.6


SKY COVER
  POSSIBLE SUNSHINE  MM
  AVERAGE SKY COVER 0.7


WEATHER CONDITIONS
 THE FOLLOWING WEATHER WAS RECORDED YESTERDAY.
  NO SIGNIFICANT WEATHER WAS OBSERVED.


RELATIVE HUMIDITY (PERCENT)
 HIGHEST    63           100 AM
 LOWEST     23           200 PM
 AVERAGE    43

..........................................................


THE COLORADO SPRINGS CO CLIMATE NORMALS FOR TODAY
                         NORMAL    RECORD    YEAR
 MAXIMUM TEMPERATURE (F)   83        99      1954
 MINIMUM TEMPERATURE (F)   57        44      1909


SUNRISE AND SUNSET
AUGUST  3 2015........SUNRISE   602 AM MDT   SUNSET   808 PM MDT
AUGUST  4 2015........SUNRISE   602 AM MDT   SUNSET   807 PM MDT


-  INDICATES NEGATIVE NUMBERS.
R  INDICATES RECORD WAS SET OR TIED.
MM INDICATES DATA IS MISSING.
T  INDICATES TRACE AMOUNT.




$$
