000
CDUS45 KPUB 301044
CLICOS


CLIMATE REPORT
NATIONAL WEATHER SERVICE PUEBLO
444 AM MDT TUE SEP 30 2014


...................................

...THE COLORADO SPRINGS CO CLIMATE SUMMARY FOR SEPTEMBER 29 2014...

CLIMATE NORMAL PERIOD 1981 TO 2010
CLIMATE RECORD PERIOD 1872 TO 2014


WEATHER ITEM   OBSERVED TIME   RECORD YEAR NORMAL DEPARTURE LAST
                VALUE   (LST)  VALUE       VALUE  FROM      YEAR
                                                  NORMAL
..................................................................
TEMPERATURE (F)
 YESTERDAY
  MAXIMUM         75   1200 PM  89    1933  69      6       78
  MINIMUM         44   1143 PM  22    1985  42      2       39
  AVERAGE         60                        56      4       59

PRECIPITATION (IN)
  YESTERDAY        0.50          1.38 1959   0.02   0.48     0.00
  MONTH TO DATE    0.61                      1.17  -0.56     4.80
  SINCE SEP 1      0.61                      1.17  -0.56     4.80
  SINCE JAN 1     13.66                     14.96  -1.30    18.46

SNOWFALL (IN)
  YESTERDAY        T            13.6  1959   0.0    0.0      0.0
  MONTH TO DATE    T                         0.2   -0.2       T
  SINCE SEP 1      T                         0.2   -0.2       T
  SINCE JUL 1      T                         0.2   -0.2       T
  SNOW DEPTH       0

DEGREE DAYS
 HEATING
  YESTERDAY        5                        10     -5        6
  MONTH TO DATE   77                       150    -73       73
  SINCE SEP 1     77                       150    -73       73
  SINCE JUL 1    107                       181    -74       83

 COOLING
  YESTERDAY        0                         0      0        0
  MONTH TO DATE   60                        35     25       90
  SINCE SEP 1     60                        35     25       90
  SINCE JAN 1    487                       453     34      692
..................................................................


WIND (MPH)
  HIGHEST WIND SPEED    37   HIGHEST WIND DIRECTION     W (250)
  HIGHEST GUST SPEED    45   HIGHEST GUST DIRECTION     W (250)
  AVERAGE WIND SPEED     7.5


SKY COVER
  POSSIBLE SUNSHINE  MM
  AVERAGE SKY COVER 0.5


WEATHER CONDITIONS
 THE FOLLOWING WEATHER WAS RECORDED YESTERDAY.
  THUNDERSTORM
  HEAVY RAIN
  RAIN
  LIGHT RAIN
  HAIL


RELATIVE HUMIDITY (PERCENT)
 HIGHEST    86           400 AM
 LOWEST     33           100 PM
 AVERAGE    60

..........................................................


THE COLORADO SPRINGS CO CLIMATE NORMALS FOR TODAY
                         NORMAL    RECORD    YEAR
 MAXIMUM TEMPERATURE (F)   69        84      2013
                                             1989
                                             1957
 MINIMUM TEMPERATURE (F)   41        25      1985


SUNRISE AND SUNSET
SEPTEMBER 30 2014.....SUNRISE   654 AM MDT   SUNSET   643 PM MDT
OCTOBER  1 2014.......SUNRISE   655 AM MDT   SUNSET   642 PM MDT


-  INDICATES NEGATIVE NUMBERS.
R  INDICATES RECORD WAS SET OR TIED.
MM INDICATES DATA IS MISSING.
T  INDICATES TRACE AMOUNT.




$$
