000
CDUS43 KLSX 220745
CLICOU


CLIMATE REPORT
NATIONAL WEATHER SERVICE ST LOUIS MO
145 AM CST SUN JAN 22 2017


...................................

...THE COLUMBIA ASOS CLIMATE SUMMARY FOR JANUARY 21 2017...

CLIMATE NORMAL PERIOD 1981 TO 2010
CLIMATE RECORD PERIOD 1890 TO 2017


WEATHER ITEM   OBSERVED TIME   RECORD YEAR NORMAL DEPARTURE LAST
                VALUE   (LST)  VALUE       VALUE  FROM      YEAR
                                                  NORMAL
..................................................................
TEMPERATURE (F)
 YESTERDAY
  MAXIMUM         63    254 PM  73    1957  39     24       26
  MINIMUM         44    749 AM -11    1970  21     23       20
  AVERAGE         54                        30     24       23

PRECIPITATION (IN)
  YESTERDAY        0.02          1.13 1958   0.06  -0.04      T
  MONTH TO DATE    0.88                      1.30  -0.42     0.90
  SINCE DEC 1      1.89                      3.74  -1.85     7.94
  SINCE JAN 1      0.88                      1.30  -0.42     0.90

SNOWFALL (IN)
  YESTERDAY       MM             8.4  1958   0.2   MM         T
  MONTH TO DATE    1.0                       4.1   -3.1      6.9
  SINCE DEC 1      1.5                       8.5   -7.0      6.9
  SINCE JUL 1      1.5                       9.4   -7.9      6.9
  SNOW DEPTH       0

DEGREE DAYS
 HEATING
  YESTERDAY       11                        35    -24       42
  MONTH TO DATE  651                       748    -97      774
  SINCE DEC 1   1668                      1758    -90     1457
  SINCE JUL 1   2251                      2743   -492     2153

 COOLING
  YESTERDAY        0                         0      0        0
  MONTH TO DATE    0                         0      0        0
  SINCE DEC 1      0                         0      0        0
  SINCE JAN 1      0                         0      0        0
..................................................................


WIND (MPH)
  HIGHEST WIND SPEED    24   HIGHEST WIND DIRECTION    SW (210)
  HIGHEST GUST SPEED    29   HIGHEST GUST DIRECTION    SW (210)
  AVERAGE WIND SPEED    10.8


SKY COVER
  AVERAGE SKY COVER 0.3


WEATHER CONDITIONS
 THE FOLLOWING WEATHER WAS RECORDED YESTERDAY.
  HEAVY RAIN
  LIGHT RAIN


RELATIVE HUMIDITY (PERCENT)
 HIGHEST    86
 LOWEST     39
 AVERAGE    63

..........................................................


THE COLUMBIA ASOS CLIMATE NORMALS FOR TODAY
                         NORMAL    RECORD    YEAR
 MAXIMUM TEMPERATURE (F)   39        75      1967
 MINIMUM TEMPERATURE (F)   21       -16      1930


SUNRISE AND SUNSET
JANUARY 22 2017.......SUNRISE   722 AM CST   SUNSET   519 PM CST
JANUARY 23 2017.......SUNRISE   722 AM CST   SUNSET   520 PM CST


-  INDICATES NEGATIVE NUMBERS.
R  INDICATES RECORD WAS SET OR TIED.
MM INDICATES DATA IS MISSING.
T  INDICATES TRACE AMOUNT.




$$
