000
CDUS43 KLSX 062228
CLICOU


CLIMATE REPORT
NATIONAL WEATHER SERVICE ST LOUIS MO
428 PM CST FRI MAR 6 2015


...................................

...THE COLUMBIA ASOS CLIMATE SUMMARY FOR MARCH 6 2015...
VALID TODAY AS OF 0400 PM LOCAL TIME.

CLIMATE NORMAL PERIOD 1981 TO 2010
CLIMATE RECORD PERIOD 1890 TO 2015


WEATHER ITEM   OBSERVED TIME   RECORD YEAR NORMAL DEPARTURE LAST
                VALUE   (LST)  VALUE       VALUE  FROM      YEAR
                                                  NORMAL
..................................................................
TEMPERATURE (F)
 TODAY
  MAXIMUM         55    316 PM  85    1956  51      4       50
  MINIMUM         16    441 AM  -5    1960  31    -15       24
  AVERAGE         36                        41     -5       37

PRECIPITATION (IN)
  TODAY            0.00          1.78 1973   0.09  -0.09     0.00
  MONTH TO DATE    0.11                      0.52  -0.41     0.05
  SINCE MAR 1      0.11                      0.52  -0.41     0.05
  SINCE JAN 1      2.46                      4.69  -2.23     2.31

SNOWFALL (IN)
  TODAY            0.0           4.6  1989   0.1   -0.1      0.0
  MONTH TO DATE    1.6                       0.5    1.1      0.4
  SINCE MAR 1      1.6                       0.5    1.1      0.4
  SINCE JUL 1     12.0                      16.6   -4.6     17.7
  SNOW DEPTH       0

DEGREE DAYS
 HEATING
  TODAY           29                        24      5       28
  MONTH TO DATE  219                       150     69      236
  SINCE MAR 1    219                       150     69      236
  SINCE JUL 1   4274                      4096    178     4665

 COOLING
  TODAY            0                         0      0        0
  MONTH TO DATE    0                         0      0        0
  SINCE MAR 1      0                         0      0        0
  SINCE JAN 1      0                         0      0        0
..................................................................


WIND (MPH)
  HIGHEST WIND SPEED    25   HIGHEST WIND DIRECTION    SW (240)
  HIGHEST GUST SPEED    32   HIGHEST GUST DIRECTION    SW (230)
  AVERAGE WIND SPEED    13.5


SKY COVER
  AVERAGE SKY COVER 0.0



RELATIVE HUMIDITY (PERCENT)
 HIGHEST    73           200 AM
 LOWEST     35           300 PM
 AVERAGE    54

..........................................................


THE COLUMBIA ASOS CLIMATE NORMALS FOR TOMORROW
                         NORMAL    RECORD    YEAR
 MAXIMUM TEMPERATURE (F)   52        83      1974
 MINIMUM TEMPERATURE (F)   31        -1      1920


SUNRISE AND SUNSET
MARCH  6 2015.........SUNRISE   634 AM CST   SUNSET   607 PM CST
MARCH  7 2015.........SUNRISE   633 AM CST   SUNSET   608 PM CST


-  INDICATES NEGATIVE NUMBERS.
R  INDICATES RECORD WAS SET OR TIED.
MM INDICATES DATA IS MISSING.
T  INDICATES TRACE AMOUNT.




$$
