000
CDUS43 KLSX 240745
CLICOU


CLIMATE REPORT
NATIONAL WEATHER SERVICE ST LOUIS MO
245 AM CDT THU JUL 24 2014


...................................

...THE COLUMBIA ASOS CLIMATE SUMMARY FOR JULY 23 2014...

CLIMATE NORMAL PERIOD 1981 TO 2010
CLIMATE RECORD PERIOD 1890 TO 2014


WEATHER ITEM   OBSERVED TIME   RECORD YEAR NORMAL DEPARTURE LAST
                VALUE   (LST)  VALUE       VALUE  FROM      YEAR
                                                  NORMAL
..................................................................
TEMPERATURE (F)
 YESTERDAY
  MAXIMUM         88    243 PM 110    1901  88      0       87
  MINIMUM         64   1159 PM  50    1894  67     -3       68
  AVERAGE         76                        78     -2       78

PRECIPITATION (IN)
  YESTERDAY        0.00          3.37 1981   0.13  -0.13     0.00
  MONTH TO DATE    1.46                      3.37  -1.91     2.08
  SINCE JUN 1      6.53                      7.84  -1.31     4.13
  SINCE JAN 1     21.35                     24.39  -3.04    30.84

SNOWFALL (IN)
  YESTERDAY        0.0           0.0  2013   0.0    0.0      0.0
  MONTH TO DATE    0.0                       0.0    0.0      0.0
  SINCE JUN 1      0.0                       0.0    0.0      0.0
  SINCE JUL 1      0.0                       0.0    0.0      0.0
  SNOW DEPTH       0

DEGREE DAYS
 HEATING
  YESTERDAY        0                         0      0        0
  MONTH TO DATE    0                         0      0        0
  SINCE JUN 1      0                        11    -11        6
  SINCE JUL 1      0                         0      0        0

 COOLING
  YESTERDAY       11                        12     -1       13
  MONTH TO DATE  190                       282    -92      280
  SINCE JUN 1    477                       530    -53      547
  SINCE JAN 1    637                       633      4      681
..................................................................


WIND (MPH)
  HIGHEST WIND SPEED    20   HIGHEST WIND DIRECTION     N (20)
  HIGHEST GUST SPEED    24   HIGHEST GUST DIRECTION     N (20)
  AVERAGE WIND SPEED    10.3


SKY COVER
  AVERAGE SKY COVER 0.2


WEATHER CONDITIONS
 THE FOLLOWING WEATHER WAS RECORDED YESTERDAY.
  FOG


RELATIVE HUMIDITY (PERCENT)
 HIGHEST    94
 LOWEST     46
 AVERAGE    70

..........................................................


THE COLUMBIA ASOS CLIMATE NORMALS FOR TODAY
                         NORMAL    RECORD    YEAR
 MAXIMUM TEMPERATURE (F)   88       110      1934
                                             1901
 MINIMUM TEMPERATURE (F)   67        52      1904


SUNRISE AND SUNSET
JULY 24 2014..........SUNRISE   603 AM CDT   SUNSET   827 PM CDT
JULY 25 2014..........SUNRISE   604 AM CDT   SUNSET   826 PM CDT


-  INDICATES NEGATIVE NUMBERS.
R  INDICATES RECORD WAS SET OR TIED.
MM INDICATES DATA IS MISSING.
T  INDICATES TRACE AMOUNT.




$$
