000
CDUS43 KLSX 140728
CLICOU


CLIMATE REPORT
NATIONAL WEATHER SERVICE ST LOUIS MO
127 AM CST SUN FEB 14 2016


...................................

...THE COLUMBIA ASOS CLIMATE SUMMARY FOR FEBRUARY 13 2016...

CLIMATE NORMAL PERIOD 1981 TO 2010
CLIMATE RECORD PERIOD 1890 TO 2016


WEATHER ITEM   OBSERVED TIME   RECORD YEAR NORMAL DEPARTURE LAST
                VALUE   (LST)  VALUE       VALUE  FROM      YEAR
                                                  NORMAL
..................................................................
TEMPERATURE (F)
 YESTERDAY
  MAXIMUM         22   1159 PM  75    1962  43    -21       45
  MINIMUM         12    824 AM -25    1905  24    -12       18
  AVERAGE         17                        34    -17       32

PRECIPITATION (IN)
  YESTERDAY        0.00          1.11 1946   0.08  -0.08     0.06
  MONTH TO DATE    0.13                      0.98  -0.85     0.56
  SINCE DEC 1      8.07                      5.34   2.73     3.68
  SINCE JAN 1      1.03                      2.90  -1.87     1.50

SNOWFALL (IN)
  YESTERDAY        0.0           9.3  1978   0.2   -0.2      0.5
  MONTH TO DATE    0.8                       2.4   -1.6      1.4
  SINCE DEC 1      7.7                      12.9   -5.2      2.5
  SINCE JUL 1      7.7                      13.8   -6.1      3.3
  SNOW DEPTH       0

DEGREE DAYS
 HEATING
  YESTERDAY       48                        31     17       33
  MONTH TO DATE  419                       427     -8      433
  SINCE DEC 1   2096                      2531   -435     2311
  SINCE JUL 1   2792                      3516   -724     3392

 COOLING
  YESTERDAY        0                         0      0        0
  MONTH TO DATE    0                         0      0        0
  SINCE DEC 1      0                         0      0        0
  SINCE JAN 1      0                         0      0        0
..................................................................


WIND (MPH)
  HIGHEST WIND SPEED    17   HIGHEST WIND DIRECTION     N (360)
  HIGHEST GUST SPEED    21   HIGHEST GUST DIRECTION     N (360)
  AVERAGE WIND SPEED     9.6


SKY COVER
  AVERAGE SKY COVER 0.9


WEATHER CONDITIONS
 THE FOLLOWING WEATHER WAS RECORDED YESTERDAY.
  NO SIGNIFICANT WEATHER WAS OBSERVED.


RELATIVE HUMIDITY (PERCENT)
 HIGHEST    67
 LOWEST     41
 AVERAGE    54

..........................................................


THE COLUMBIA ASOS CLIMATE NORMALS FOR TODAY
                         NORMAL    RECORD    YEAR
 MAXIMUM TEMPERATURE (F)   44        76      1954
 MINIMUM TEMPERATURE (F)   25        -5      1905


SUNRISE AND SUNSET
FEBRUARY 14 2016......SUNRISE   702 AM CST   SUNSET   545 PM CST
FEBRUARY 15 2016......SUNRISE   701 AM CST   SUNSET   546 PM CST


-  INDICATES NEGATIVE NUMBERS.
R  INDICATES RECORD WAS SET OR TIED.
MM INDICATES DATA IS MISSING.
T  INDICATES TRACE AMOUNT.




$$
