000
CDUS45 KRIW 070046
CLICPR


CLIMATE REPORT
NATIONAL WEATHER SERVICE RIVERTON WY
536 PM MST FRI MAR 6 2015


...................................

...THE CASPER WY CLIMATE SUMMARY FOR MARCH 6 2015...
VALID TODAY AS OF 0500 PM LOCAL TIME.

CLIMATE NORMAL PERIOD 1981 TO 2010
CLIMATE RECORD PERIOD 1939 TO 2015


WEATHER ITEM   OBSERVED TIME   RECORD YEAR NORMAL DEPARTURE LAST
                VALUE   (LST)  VALUE       VALUE  FROM      YEAR
                                                  NORMAL
..................................................................
TEMPERATURE (F)
 TODAY
  MAXIMUM         41        MM  63    2006  45     -4       55
  MINIMUM         24        MM -12    1943  20      4       31
  AVERAGE         33                        32      1       43

PRECIPITATION (IN)
  TODAY            0.00          0.65 1990   0.02  -0.02     0.00
  MONTH TO DATE    0.53                      0.13   0.40     0.20
  SINCE MAR 1      0.53                      0.13   0.40     0.20
  SINCE JAN 1      1.84                      1.21   0.63     1.68

SNOWFALL (IN)
  TODAY            0.0                       0.4   -0.4      0.0
  MONTH TO DATE    8.8                       1.9    6.9      3.0
  SINCE MAR 1      8.8                       1.9    6.9      3.0
  SINCE JUL 1     60.2                      51.3    8.9     69.2
  SNOW DEPTH       0

DEGREE DAYS
 HEATING
  TODAY           32                        33     -1       22
  MONTH TO DATE  278                       201     77      220
  SINCE MAR 1    278                       201     77      220
  SINCE JUL 1   5329                      5649   -320     5984

 COOLING
  TODAY            0                         0      0        0
  MONTH TO DATE    0                         0      0        0
  SINCE MAR 1      0                         0      0        0
  SINCE JAN 1      0                         0      0        0
..................................................................


WIND (MPH)
  HIGHEST WIND SPEED    23   HIGHEST WIND DIRECTION    SW (210)
  HIGHEST GUST SPEED    29   HIGHEST GUST DIRECTION    SW (220)
  AVERAGE WIND SPEED    17.1


SKY COVER
  POSSIBLE SUNSHINE  MM
  AVERAGE SKY COVER 0.2


WEATHER CONDITIONS
 THE FOLLOWING WEATHER WAS RECORDED TODAY.
  NO SIGNIFICANT WEATHER WAS OBSERVED.


RELATIVE HUMIDITY (PERCENT)
 HIGHEST    68           700 AM
 LOWEST     48           200 PM
 AVERAGE    58

..........................................................


THE CASPER WY CLIMATE NORMALS FOR TOMORROW
                         NORMAL    RECORD    YEAR
 MAXIMUM TEMPERATURE (F)   45        64      1986
 MINIMUM TEMPERATURE (F)   20        -6      1998


SUNRISE AND SUNSET
MARCH  6 2015.........SUNRISE   634 AM MST   SUNSET   601 PM MST
MARCH  7 2015.........SUNRISE   632 AM MST   SUNSET   602 PM MST


-  INDICATES NEGATIVE NUMBERS.
R  INDICATES RECORD WAS SET OR TIED.
MM INDICATES DATA IS MISSING.
T  INDICATES TRACE AMOUNT.




$$
