000
CDUS45 KRIW 260743
CLICPR


CLIMATE REPORT
NATIONAL WEATHER SERVICE RIVERTON WY
127 AM MDT SUN MAR 26 2017


...................................

...THE CASPER WY CLIMATE SUMMARY FOR MARCH 25 2017...

CLIMATE NORMAL PERIOD 1981 TO 2010
CLIMATE RECORD PERIOD 1939 TO 2017


WEATHER ITEM   OBSERVED TIME   RECORD YEAR NORMAL DEPARTURE LAST
                VALUE   (LST)  VALUE       VALUE  FROM      YEAR
                                                  NORMAL
..................................................................
TEMPERATURE (F)
 YESTERDAY
  MAXIMUM         56    418 PM  74    2012  51      5       42
  MINIMUM         40   1159 PM -21    1965  25     15       26
  AVERAGE         48                        38     10       34

PRECIPITATION (IN)
  YESTERDAY        0.08          0.35 1983   0.03   0.05     0.05
  MONTH TO DATE    0.48                      0.63  -0.15     0.41
  SINCE MAR 1      0.48                      0.63  -0.15     0.41
  SINCE JAN 1      1.83                      1.71   0.12     1.87

SNOWFALL (IN)
  YESTERDAY        0.0                       0.3   -0.3      0.6
  MONTH TO DATE    2.3                       8.5   -6.2      2.1
  SINCE MAR 1      2.3                       8.5   -6.2      2.1
  SINCE JUL 1     55.8                      57.9   -2.1     60.8
  SNOW DEPTH       0

DEGREE DAYS
 HEATING
  YESTERDAY       17                        27    -10       31
  MONTH TO DATE  575                       765   -190      682
  SINCE MAR 1    575                       765   -190      682
  SINCE JUL 1   5765                      6213   -448     5617

 COOLING
  YESTERDAY        0                         0      0        0
  MONTH TO DATE    0                         0      0        0
  SINCE MAR 1      0                         0      0        0
  SINCE JAN 1      0                         0      0        0
..................................................................


WIND (MPH)
  HIGHEST WIND SPEED    24   HIGHEST WIND DIRECTION    SW (210)
  HIGHEST GUST SPEED    31   HIGHEST GUST DIRECTION    SW (210)
  AVERAGE WIND SPEED    10.9


SKY COVER
  POSSIBLE SUNSHINE  MM
  AVERAGE SKY COVER 0.3


WEATHER CONDITIONS
 THE FOLLOWING WEATHER WAS RECORDED YESTERDAY.
  LIGHT RAIN
  FOG


RELATIVE HUMIDITY (PERCENT)
 HIGHEST    93          1100 PM
 LOWEST     35          1200 PM
 AVERAGE    64

..........................................................


THE CASPER WY CLIMATE NORMALS FOR TODAY
                         NORMAL    RECORD    YEAR
 MAXIMUM TEMPERATURE (F)   51        74      2004
 MINIMUM TEMPERATURE (F)   25       -12      1965


SUNRISE AND SUNSET
MARCH 26 2017.........SUNRISE   658 AM MDT   SUNSET   726 PM MDT
MARCH 27 2017.........SUNRISE   656 AM MDT   SUNSET   727 PM MDT


-  INDICATES NEGATIVE NUMBERS.
R  INDICATES RECORD WAS SET OR TIED.
MM INDICATES DATA IS MISSING.
T  INDICATES TRACE AMOUNT.




$$
