000
CDUS45 KRIW 290028
CLICPR


CLIMATE REPORT
NATIONAL WEATHER SERVICE RIVERTON WY
627 PM MDT MON JUL 28 2014


...................................

...THE CASPER WY CLIMATE SUMMARY FOR JULY 28 2014...
VALID TODAY AS OF 0500 PM LOCAL TIME.

CLIMATE NORMAL PERIOD 1981 TO 2010
CLIMATE RECORD PERIOD 1939 TO 2014


WEATHER ITEM   OBSERVED TIME   RECORD YEAR NORMAL DEPARTURE LAST
                VALUE   (LST)  VALUE       VALUE  FROM      YEAR
                                                  NORMAL
..................................................................
TEMPERATURE (F)
 TODAY
  MAXIMUM         92        MM 100    2006  89      3       87
  MINIMUM         49        MM  43    1971  54     -5       58
  AVERAGE         71                        72     -1       73

PRECIPITATION (IN)
  TODAY            0.00          1.06 1987   0.05  -0.05     0.00
  MONTH TO DATE    1.11                      1.28  -0.17     1.51
  SINCE JUN 1      2.46                      2.89  -0.43     2.38
  SINCE JAN 1      7.22                      8.10  -0.88     8.35

SNOWFALL (IN)
  TODAY            0.0                       0.0    0.0      0.0
  MONTH TO DATE    T                         0.0    0.0      0.0
  SINCE JUN 1      T                         0.1   -0.1      0.0
  SINCE JUL 1      T                         0.0    0.0      0.0
  SNOW DEPTH       0

DEGREE DAYS
 HEATING
  TODAY            0                         0      0        0
  MONTH TO DATE   16                        11      5        0
  SINCE JUN 1    174                       147     27       72
  SINCE JUL 1     16                        11      5        0

 COOLING
  TODAY            6                         7     -1        8
  MONTH TO DATE  186                       169     17      217
  SINCE JUN 1    203                       222    -19      300
  SINCE JAN 1    209                       226    -17      310
..................................................................


WIND (MPH)
  HIGHEST WIND SPEED    10   HIGHEST WIND DIRECTION     E (80)
  HIGHEST GUST SPEED    22   HIGHEST GUST DIRECTION     E (80)
  AVERAGE WIND SPEED     5.1


SKY COVER
  POSSIBLE SUNSHINE  MM
  AVERAGE SKY COVER 0.0


WEATHER CONDITIONS
 THE FOLLOWING WEATHER WAS RECORDED TODAY.
  NO SIGNIFICANT WEATHER WAS OBSERVED.


RELATIVE HUMIDITY (PERCENT)
 HIGHEST    71           500 AM
 LOWEST     13           300 PM
 AVERAGE    42

..........................................................


THE CASPER WY CLIMATE NORMALS FOR TOMORROW
                         NORMAL    RECORD    YEAR
 MAXIMUM TEMPERATURE (F)   89       104      2006
 MINIMUM TEMPERATURE (F)   54        44      1971


SUNRISE AND SUNSET
JULY 28 2014..........SUNRISE   553 AM MDT   SUNSET   831 PM MDT
JULY 29 2014..........SUNRISE   554 AM MDT   SUNSET   830 PM MDT


-  INDICATES NEGATIVE NUMBERS.
R  INDICATES RECORD WAS SET OR TIED.
MM INDICATES DATA IS MISSING.
T  INDICATES TRACE AMOUNT.




$$
