000
CDUS45 KRIW 240741
CLICPR


CLIMATE REPORT
NATIONAL WEATHER SERVICE RIVERTON WY
136 AM MDT THU APR 24 2014


...................................

...THE CASPER WY CLIMATE SUMMARY FOR APRIL 23 2014...

CLIMATE NORMAL PERIOD 1981 TO 2010
CLIMATE RECORD PERIOD 1939 TO 2014


WEATHER ITEM   OBSERVED TIME   RECORD YEAR NORMAL DEPARTURE LAST
                VALUE   (LST)  VALUE       VALUE  FROM      YEAR
                                                  NORMAL
..................................................................
TEMPERATURE (F)
 YESTERDAY
  MAXIMUM         57    142 PM  82    2012  59     -2       40
                                      1989
  MINIMUM         30   1158 PM   9    2013  30      0        9
  AVERAGE         44                        45     -1       25

PRECIPITATION (IN)
  YESTERDAY        0.00          0.63 1948   0.05  -0.05      T
  MONTH TO DATE    0.64                      0.92  -0.28     2.42
  SINCE MAR 1      2.28                      1.74   0.54     3.27
  SINCE JAN 1      3.76                      2.82   0.94     4.04

SNOWFALL (IN)
  YESTERDAY        0.0                       0.3   -0.3       T
  MONTH TO DATE    5.2                       9.4   -4.2     37.8
  SINCE MAR 1     23.9                      20.3    3.6     48.3
  SINCE JUL 1     90.1                      69.7   20.4     81.0
  SNOW DEPTH       0

DEGREE DAYS
 HEATING
  YESTERDAY       21                        20      1       40
  MONTH TO DATE  506                       536    -30      721
  SINCE MAR 1   1418                      1461    -43     1682
  SINCE JUL 1   7182                      6909    273     6732

 COOLING
  YESTERDAY        0                         0      0        0
  MONTH TO DATE    0                         0      0        0
  SINCE MAR 1      0                         0      0        0
  SINCE JAN 1      0                         0      0        0
..................................................................


WIND (MPH)
  HIGHEST WIND SPEED    36   HIGHEST WIND DIRECTION     W (250)
  HIGHEST GUST SPEED    44   HIGHEST GUST DIRECTION     W (260)
  AVERAGE WIND SPEED    19.9


SKY COVER
  POSSIBLE SUNSHINE  MM
  AVERAGE SKY COVER 0.2


WEATHER CONDITIONS
 THE FOLLOWING WEATHER WAS RECORDED YESTERDAY.
  NO SIGNIFICANT WEATHER WAS OBSERVED.


RELATIVE HUMIDITY (PERCENT)
 HIGHEST    56           300 AM
 LOWEST     15           300 PM
 AVERAGE    36

..........................................................


THE CASPER WY CLIMATE NORMALS FOR TODAY
                         NORMAL    RECORD    YEAR
 MAXIMUM TEMPERATURE (F)   59        83      2012
 MINIMUM TEMPERATURE (F)   31        15      1958


SUNRISE AND SUNSET
APRIL 24 2014.........SUNRISE   610 AM MDT   SUNSET   759 PM MDT
APRIL 25 2014.........SUNRISE   608 AM MDT   SUNSET   800 PM MDT


-  INDICATES NEGATIVE NUMBERS.
R  INDICATES RECORD WAS SET OR TIED.
MM INDICATES DATA IS MISSING.
T  INDICATES TRACE AMOUNT.




$$
