000
CDUS45 KRIW 220748
CLICPR


CLIMATE REPORT
NATIONAL WEATHER SERVICE RIVERTON WY
144 AM MDT WED OCT 22 2014


...................................

...THE CASPER WY CLIMATE SUMMARY FOR OCTOBER 21 2014...

CLIMATE NORMAL PERIOD 1981 TO 2010
CLIMATE RECORD PERIOD 1939 TO 2014


WEATHER ITEM   OBSERVED TIME   RECORD YEAR NORMAL DEPARTURE LAST
                VALUE   (LST)  VALUE       VALUE  FROM      YEAR
                                                  NORMAL
..................................................................
TEMPERATURE (F)
 YESTERDAY
  MAXIMUM         73    135 PM  79    1992  57     16       57
  MINIMUM         45   1159 PM  12    1949  30     15       31
  AVERAGE         59                        44     15       44

PRECIPITATION (IN)
  YESTERDAY        T             0.46 2008   0.03  -0.03     0.00
  MONTH TO DATE    1.05                      0.78   0.27     3.03
  SINCE SEP 1      1.69                      1.86  -0.17     4.50
  SINCE JAN 1     10.07                     10.94  -0.87    13.70

SNOWFALL (IN)
  YESTERDAY        0.0                       0.2   -0.2      0.0
  MONTH TO DATE    3.2                       4.5   -1.3     16.4
  SINCE SEP 1      4.2                       6.3   -2.1     21.2
  SINCE JUL 1      4.2                       6.3   -2.1     21.2
  SNOW DEPTH       0

DEGREE DAYS
 HEATING
  YESTERDAY        6                        21    -15       21
  MONTH TO DATE  280                       383   -103      499
  SINCE SEP 1    470                       622   -152      666
  SINCE JUL 1    517                       668   -151      666

 COOLING
  YESTERDAY        0                         0      0        0
  MONTH TO DATE    0                         0      0        0
  SINCE SEP 1     29                        25      4       80
  SINCE JAN 1    357                       422    -65      618
..................................................................


WIND (MPH)
  HIGHEST WIND SPEED    31   HIGHEST WIND DIRECTION     S (200)
  HIGHEST GUST SPEED    38   HIGHEST GUST DIRECTION     S (200)
  AVERAGE WIND SPEED    16.4


SKY COVER
  POSSIBLE SUNSHINE  MM
  AVERAGE SKY COVER 0.1


WEATHER CONDITIONS
 THE FOLLOWING WEATHER WAS RECORDED YESTERDAY.
  NO SIGNIFICANT WEATHER WAS OBSERVED.


RELATIVE HUMIDITY (PERCENT)
 HIGHEST    65           300 AM
 LOWEST     27           100 PM
 AVERAGE    46

..........................................................


THE CASPER WY CLIMATE NORMALS FOR TODAY
                         NORMAL    RECORD    YEAR
 MAXIMUM TEMPERATURE (F)   57        80      2003
 MINIMUM TEMPERATURE (F)   30        10      1984


SUNRISE AND SUNSET
OCTOBER 22 2014.......SUNRISE   728 AM MDT   SUNSET   612 PM MDT
OCTOBER 23 2014.......SUNRISE   729 AM MDT   SUNSET   611 PM MDT


-  INDICATES NEGATIVE NUMBERS.
R  INDICATES RECORD WAS SET OR TIED.
MM INDICATES DATA IS MISSING.
T  INDICATES TRACE AMOUNT.




$$
