000
CDUS45 KRIW 030105
CLICPR


CLIMATE REPORT
NATIONAL WEATHER SERVICE RIVERTON WY
702 PM MDT TUE SEP 2 2014


...................................

...THE CASPER WY CLIMATE SUMMARY FOR SEPTEMBER 2 2014...
VALID TODAY AS OF 0500 PM LOCAL TIME.

CLIMATE NORMAL PERIOD 1981 TO 2010
CLIMATE RECORD PERIOD 1939 TO 2014


WEATHER ITEM   OBSERVED TIME   RECORD YEAR NORMAL DEPARTURE LAST
                VALUE   (LST)  VALUE       VALUE  FROM      YEAR
                                                  NORMAL
..................................................................
TEMPERATURE (F)
 TODAY
  MAXIMUM         85        MM  93    1998  81      4       91
  MINIMUM         35        MM  32    2008  47    -12       52
  AVERAGE         60                        64     -4       72

PRECIPITATION (IN)
  TODAY            0.00          1.46 1973   0.02  -0.02     0.03
  MONTH TO DATE    0.00                      0.05  -0.05     0.03
  SINCE SEP 1      0.00                      0.05  -0.05     0.03
  SINCE JAN 1      8.38                      9.13  -0.75     9.23

SNOWFALL (IN)
  TODAY            0.0                       0.0    0.0      0.0
  MONTH TO DATE    0.0                       0.0    0.0      0.0
  SINCE SEP 1      0.0                       0.0    0.0      0.0
  SINCE JUL 1      T                         0.0    0.0      0.0
  SNOW DEPTH       0

DEGREE DAYS
 HEATING
  TODAY            5                         3      2        0
  MONTH TO DATE   13                         6      7        0
  SINCE SEP 1     13                         6      7        0
  SINCE JUL 1     60                        52      8        0

 COOLING
  TODAY            0                         2     -2        7
  MONTH TO DATE    0                         4     -4       11
  SINCE SEP 1      0                         4     -4       11
  SINCE JAN 1    328                       401    -73      549
..................................................................


WIND (MPH)
  HIGHEST WIND SPEED    29   HIGHEST WIND DIRECTION     W (250)
  HIGHEST GUST SPEED    38   HIGHEST GUST DIRECTION    SW (240)
  AVERAGE WIND SPEED    11.5


SKY COVER
  POSSIBLE SUNSHINE  MM
  AVERAGE SKY COVER 0.0


WEATHER CONDITIONS
 THE FOLLOWING WEATHER WAS RECORDED TODAY.
  NO SIGNIFICANT WEATHER WAS OBSERVED.


RELATIVE HUMIDITY (PERCENT)
 HIGHEST    92          1200 AM
 LOWEST     11           200 PM
 AVERAGE    52

..........................................................


THE CASPER WY CLIMATE NORMALS FOR TOMORROW
                         NORMAL    RECORD    YEAR
 MAXIMUM TEMPERATURE (F)   81        93      1998
                                             1982
                                             1978
 MINIMUM TEMPERATURE (F)   47        31      2010


SUNRISE AND SUNSET
SEPTEMBER  2 2014.....SUNRISE   632 AM MDT   SUNSET   739 PM MDT
SEPTEMBER  3 2014.....SUNRISE   633 AM MDT   SUNSET   737 PM MDT


-  INDICATES NEGATIVE NUMBERS.
R  INDICATES RECORD WAS SET OR TIED.
MM INDICATES DATA IS MISSING.
T  INDICATES TRACE AMOUNT.




$$
