000
CDUS45 KRIW 280740
CLICPR


CLIMATE REPORT
NATIONAL WEATHER SERVICE RIVERTON WY
138 AM MDT THU MAY 28 2015


...................................

...THE CASPER WY CLIMATE SUMMARY FOR MAY 27 2015...

CLIMATE NORMAL PERIOD 1981 TO 2010
CLIMATE RECORD PERIOD 1939 TO 2015


WEATHER ITEM   OBSERVED TIME   RECORD YEAR NORMAL DEPARTURE LAST
                VALUE   (LST)  VALUE       VALUE  FROM      YEAR
                                                  NORMAL
..................................................................
TEMPERATURE (F)
 YESTERDAY
  MAXIMUM         71    402 PM  91    1969  71      0       84
  MINIMUM         49    315 AM  30    1950  40      9       46
  AVERAGE         60                        56      4       65

PRECIPITATION (IN)
  YESTERDAY        T             0.55 1991   0.07  -0.07     0.00
  MONTH TO DATE    3.45                      1.77   1.68     0.49
  SINCE MAR 1      5.75                      3.88   1.87     3.28
  SINCE JAN 1      7.06                      4.96   2.10     4.76

SNOWFALL (IN)
  YESTERDAY        0.0                       0.1   -0.1      0.0
  MONTH TO DATE    6.3                       2.9    3.4      0.9
  SINCE MAR 1     20.3                      25.4   -5.1     25.4
  SINCE JUL 1     71.7                      74.8   -3.1     91.6
  SNOW DEPTH       0

DEGREE DAYS
 HEATING
  YESTERDAY        5                        10     -5        0
  MONTH TO DATE  449                       366     83      360
  SINCE MAR 1   1850                      1960   -110     1932
  SINCE JUL 1   6901                      7408   -507     7696

 COOLING
  YESTERDAY        0                         0      0        0
  MONTH TO DATE    0                         0      0        0
  SINCE MAR 1      0                         0      0        0
  SINCE JAN 1      0                         0      0        0
..................................................................


WIND (MPH)
  HIGHEST WIND SPEED    23   HIGHEST WIND DIRECTION    SW (230)
  HIGHEST GUST SPEED    32   HIGHEST GUST DIRECTION    SW (220)
  AVERAGE WIND SPEED    10.1


SKY COVER
  POSSIBLE SUNSHINE  MM
  AVERAGE SKY COVER 0.6


WEATHER CONDITIONS
 THE FOLLOWING WEATHER WAS RECORDED YESTERDAY.
  NO SIGNIFICANT WEATHER WAS OBSERVED.


RELATIVE HUMIDITY (PERCENT)
 HIGHEST    93           300 AM
 LOWEST     35           400 PM
 AVERAGE    64

..........................................................


THE CASPER WY CLIMATE NORMALS FOR TODAY
                         NORMAL    RECORD    YEAR
 MAXIMUM TEMPERATURE (F)   71        92      2014
 MINIMUM TEMPERATURE (F)   41        28      1947


SUNRISE AND SUNSET
MAY 28 2015...........SUNRISE   532 AM MDT   SUNSET   835 PM MDT
MAY 29 2015...........SUNRISE   532 AM MDT   SUNSET   835 PM MDT


-  INDICATES NEGATIVE NUMBERS.
R  INDICATES RECORD WAS SET OR TIED.
MM INDICATES DATA IS MISSING.
T  INDICATES TRACE AMOUNT.




$$
